{"id":9,"date":"2014-04-09T18:33:24","date_gmt":"2014-04-09T18:33:24","guid":{"rendered":"http:\/\/eventos.scielo.org\/brazil-chinameeting\/?page_id=9"},"modified":"2014-06-30T18:06:51","modified_gmt":"2014-06-30T18:06:51","slug":"programacao","status":"publish","type":"page","link":"https:\/\/eventos.scielo.org\/brazil-chinameeting\/programacao\/","title":{"rendered":"Programa\u00e7\u00e3o"},"content":{"rendered":"<p>08:30h &#8211; 08:50h &#8211; Registro<\/p>\n<p>09:00h &#8211; 09:15h &#8211; Abertura<br \/>\n\u00bb\u00bb\u00a0<strong>Abel L. Packer<\/strong>,\u00a0Diretor do Programa SciELO \/ FAPESP<br \/>\n\u00bb\u00bb\u00a0<strong>Luis Reynaldo F. Alleoni<\/strong>, Conselho Deliberativo, ABEC<br \/>\n\u00bb\u00bb\u00a0<strong>Yan Shuai<\/strong>,\u00a0Journal Publishing, Tsinghua University Press<\/p>\n<p>09:15h &#8211; 09:30h &#8211; Panorama dos Peri\u00f3dicos do Brasil<br \/>\n\u00bb\u00bb\u00a0<strong>Abel L. Packer<\/strong>, Diretor do Programa SciELO \/ FAPESP<a href=\"http:\/\/eventos.scielo.org\/brazil-chinameeting\/files\/2014\/06\/Abel_Overview.pdf\" target=\"_blank\"><img loading=\"lazy\" decoding=\"async\" class=\"alignnone size-full wp-image-175\" src=\"http:\/\/eventos.scielo.org\/brazil-chinameeting\/files\/2014\/04\/imagem_seta.png\" alt=\"imagem_seta\" width=\"15\" height=\"16\" \/><\/a><\/p>\n<p>09:30h &#8211; 09:45h &#8211;\u00a0Peri\u00f3dicos Nacionais: Dando Vaz\u00e3o \u00e0 Produ\u00e7\u00e3o Cient\u00edfica Nacional<strong><strong><em><br \/>\n<\/em><\/strong><\/strong>\u00bb\u00bb\u00a0<strong>Rog\u00e9rio Meneghini<\/strong>, Coordenador Cient\u00edfico Programa SciELO \/ FAPESP\u00a0<a href=\"http:\/\/eventos.scielo.org\/brazil-chinameeting\/files\/2014\/06\/Rogerio_Meneghini.pdf\" target=\"_blank\"><img loading=\"lazy\" decoding=\"async\" src=\"http:\/\/eventos.scielo.org\/brazil-chinameeting\/files\/2014\/04\/imagem_seta.png\" alt=\"imagem_seta\" width=\"15\" height=\"16\" \/><\/a><\/p>\n<p>09:45h &#8211; 10:00h &#8211; Panorama dos Peri\u00f3dicos da China &#8211;\u00a0A General Introduction to China\u2019s STM Journal Publishing\u00a0|\u00a0Journals Published by Tsinghua University Press <a href=\"http:\/\/eventos.scielo.org\/brazil-chinameeting\/files\/2014\/05\/Yan-Shuai-and-Zeng-Jie.pdf\" target=\"_blank\"><img loading=\"lazy\" decoding=\"async\" src=\"http:\/\/eventos.scielo.org\/brazil-chinameeting\/files\/2014\/04\/imagem_seta.png\" alt=\"imagem_seta\" width=\"15\" height=\"16\" \/><\/a><a href=\"http:\/\/eventos.scielo.org\/brazil-chinameeting\/files\/2014\/05\/Yan-Shuai-and-Zeng-Jie.pdf\" target=\"_blank\"><br \/>\n<\/a>\u00bb\u00bb <strong>Yan Shuai<\/strong>\u00a0and\u00a0<strong>Zeng Jie<\/strong>,\u00a0Journal Publishing, Tsinghua University Press<\/p>\n<p>10:00h &#8211; 11:00h &#8211; Experi\u00eancias de Editores da China e Brasil &#8211; Parte 1<\/p>\n<p>11:00h &#8211; 11:30h &#8211; Coffee Break<\/p>\n<p>11:30h &#8211; 13:00h &#8211; Experi\u00eancias de editores da China e Brasil &#8211; Parte 2<\/p>\n<p>Experi\u00eancias de Editores da China e Brasil<\/p>\n<p>\u00bb\u00bb\u00a0Genetics and Molecular Biology goes for international\u00a0<a href=\"http:\/\/eventos.scielo.org\/brazil-chinameeting\/files\/2014\/06\/GMB_Carlos_Menck.pdf\" target=\"_blank\"><img loading=\"lazy\" decoding=\"async\" src=\"http:\/\/eventos.scielo.org\/brazil-chinameeting\/files\/2014\/04\/imagem_seta.png\" alt=\"imagem_seta\" width=\"15\" height=\"16\" \/><\/a><strong><em><br \/>\n<\/em><\/strong><strong>Carlos F. M. Menck<\/strong>,\u00a0<span style=\"color: #333333;font-style: normal;line-height: 24.375px\">Editor do peri\u00f3dico\u00a0<\/span>Genetics and Molecular Biology<\/p>\n<p>\u00bb\u00bb\u00a0An Introduction to four Journals Owned by North University of China <a href=\"http:\/\/eventos.scielo.org\/brazil-chinameeting\/files\/2014\/05\/An-Introduction-to-four-journals-owned-by-North-University-of-China.pdf\" target=\"_blank\"><img loading=\"lazy\" decoding=\"async\" src=\"http:\/\/eventos.scielo.org\/brazil-chinameeting\/files\/2014\/04\/imagem_seta.png\" alt=\"imagem_seta\" width=\"15\" height=\"16\" \/><\/a><br \/>\n<strong>Tan Yingxin<\/strong>, North University of China<\/p>\n<p>\u00bb\u00bb\u00a0The effect of the internationalization of Chinese research publication on the Brazilian Journal of Medical and Biological Research <a href=\"http:\/\/eventos.scielo.org\/brazil-chinameeting\/files\/2014\/06\/BJMBR_Greene.pdf\" target=\"_blank\"><img loading=\"lazy\" decoding=\"async\" src=\"http:\/\/eventos.scielo.org\/brazil-chinameeting\/files\/2014\/04\/imagem_seta.png\" alt=\"imagem_seta\" width=\"15\" height=\"16\" \/><\/a><strong><br \/>\nLewis Joel Greene<\/strong>,\u00a0Editor do peri\u00f3dico\u00a0Brazilian Journal of Medical and Biological Research<\/p>\n<p>\u00bb\u00bb\u00a0Challenges to increase the international visibility of the Journal of Applied Oral Science\u00a0<strong><em><a href=\"http:\/\/eventos.scielo.org\/brazil-chinameeting\/files\/2014\/06\/JAOS_Carlos_Santos.pdf\" target=\"_blank\"><img loading=\"lazy\" decoding=\"async\" src=\"http:\/\/eventos.scielo.org\/brazil-chinameeting\/files\/2014\/04\/imagem_seta.png\" alt=\"imagem_seta\" width=\"15\" height=\"16\" \/><\/a><br \/>\n<\/em><\/strong><strong>Carlos F. Santos<\/strong>,\u00a0<span style=\"color: #333333;font-style: normal;line-height: 24.375px\">Editor do peri\u00f3dico\u00a0<\/span>Journal of Applied Oral Science<em><br \/>\n<\/em><\/p>\n<p>\u00bb\u00bb\u00a0China\u2019s New Project for Enhancing International Impact of STM Journals <a href=\"http:\/\/eventos.scielo.org\/brazil-chinameeting\/files\/2014\/05\/Introduction-to-PIIJ-and-New-Research-Programs.pdf\" target=\"_blank\"><img loading=\"lazy\" decoding=\"async\" src=\"http:\/\/eventos.scielo.org\/brazil-chinameeting\/files\/2014\/04\/imagem_seta.png\" alt=\"imagem_seta\" width=\"15\" height=\"16\" \/><\/a><strong><em><br \/>\n<\/em><\/strong><strong>Zhang Xin<\/strong>,\u00a0Journal Publishing, Tsinghua University Press<\/p>\n<p>\u00bb\u00bb\u00a0Biota Neotropica: an historical of transformations<strong><strong><em> <a href=\"http:\/\/eventos.scielo.org\/brazil-chinameeting\/files\/2014\/06\/BIOTA_Tiago.pdf\" target=\"_blank\"><img loading=\"lazy\" decoding=\"async\" src=\"http:\/\/eventos.scielo.org\/brazil-chinameeting\/files\/2014\/04\/imagem_seta.png\" alt=\"imagem_seta\" width=\"15\" height=\"16\" \/><\/a><br \/>\n<\/em><\/strong><\/strong><strong><strong>Tiago Duque Estrada<\/strong><\/strong>,\u00a0Editor do peri\u00f3dico\u00a0Biota Neotropica<strong><em><br \/>\n<\/em><\/strong><\/p>\n<p>\u00bb\u00bb\u00a0Publish High-quality Journals on and for the Discipline Advantages <a href=\"http:\/\/eventos.scielo.org\/brazil-chinameeting\/files\/2014\/05\/Foster-the-Top-class-Academic-Journal-Based-on-the-Discipline-Advantages.pdf\" target=\"_blank\"><img loading=\"lazy\" decoding=\"async\" src=\"http:\/\/eventos.scielo.org\/brazil-chinameeting\/files\/2014\/04\/imagem_seta.png\" alt=\"imagem_seta\" width=\"15\" height=\"16\" \/><\/a><strong><em><br \/>\n<\/em><\/strong><strong>Wang Qing<\/strong>,\u00a0International Journal of Oral Science, West China College of Stomatology, Sichuan University<\/p>\n<p>\u00bb\u00bb\u00a0Development of Ocoeanlogy Journals in China <a href=\"http:\/\/eventos.scielo.org\/brazil-chinameeting\/files\/2014\/05\/Development-of-Chinas-Oceanography-Journals.pdf\" target=\"_blank\"><img loading=\"lazy\" decoding=\"async\" src=\"http:\/\/eventos.scielo.org\/brazil-chinameeting\/files\/2014\/04\/imagem_seta.png\" alt=\"imagem_seta\" width=\"15\" height=\"16\" \/><\/a><br \/>\n<strong>Ying GAO<\/strong>, Acta Oceanologica Sinica, Chinese Society of Oceanography<\/p>\n<p>\u00bb\u00bb\u00a0And so Scientia Agricola has gone international&#8230;<strong><em> <a href=\"http:\/\/eventos.scielo.org\/brazil-chinameeting\/files\/2014\/06\/SA_Alleoni.pdf\" target=\"_blank\"><img loading=\"lazy\" decoding=\"async\" src=\"http:\/\/eventos.scielo.org\/brazil-chinameeting\/files\/2014\/04\/imagem_seta.png\" alt=\"imagem_seta\" width=\"15\" height=\"16\" \/><\/a><br \/>\n<\/em><\/strong><strong>Luis Reynaldo Ferracci\u00fa Alleoni<\/strong>,\u00a0Editor do peri\u00f3dico\u00a0Scientia Agr\u00edcola<em><br \/>\n<\/em><\/p>\n<p>13:00h &#8211; Encerramento<\/p>\n<p><em>*Informamos que as reuni\u00f5es e apresenta\u00e7\u00f5es ser\u00e3o realizadas em ingl\u00eas.<\/em><\/p>\n","protected":false},"excerpt":{"rendered":"<p>08:30h &#8211; 08:50h &#8211; Registro 09:00h &#8211; 09:15h &#8211; Abertura \u00bb\u00bb\u00a0Abel L. Packer,\u00a0Diretor do Programa SciELO \/ FAPESP \u00bb\u00bb\u00a0Luis Reynaldo F. Alleoni, Conselho Deliberativo, ABEC \u00bb\u00bb\u00a0Yan Shuai,\u00a0Journal Publishing, Tsinghua University Press 09:15h &#8211; 09:30h &#8211; Panorama dos Peri\u00f3dicos do Brasil &hellip; <a href=\"https:\/\/eventos.scielo.org\/brazil-chinameeting\/programacao\/\">Continue lendo <span class=\"meta-nav\">&rarr;<\/span><\/a><\/p>\n","protected":false},"author":18,"featured_media":0,"parent":0,"menu_order":0,"comment_status":"closed","ping_status":"closed","template":"","meta":{"footnotes":""},"class_list":["post-9","page","type-page","status-publish","hentry"],"aioseo_notices":[],"_links":{"self":[{"href":"https:\/\/eventos.scielo.org\/brazil-chinameeting\/wp-json\/wp\/v2\/pages\/9","targetHints":{"allow":["GET"]}}],"collection":[{"href":"https:\/\/eventos.scielo.org\/brazil-chinameeting\/wp-json\/wp\/v2\/pages"}],"about":[{"href":"https:\/\/eventos.scielo.org\/brazil-chinameeting\/wp-json\/wp\/v2\/types\/page"}],"author":[{"embeddable":true,"href":"https:\/\/eventos.scielo.org\/brazil-chinameeting\/wp-json\/wp\/v2\/users\/18"}],"replies":[{"embeddable":true,"href":"https:\/\/eventos.scielo.org\/brazil-chinameeting\/wp-json\/wp\/v2\/comments?post=9"}],"version-history":[{"count":72,"href":"https:\/\/eventos.scielo.org\/brazil-chinameeting\/wp-json\/wp\/v2\/pages\/9\/revisions"}],"predecessor-version":[{"id":193,"href":"https:\/\/eventos.scielo.org\/brazil-chinameeting\/wp-json\/wp\/v2\/pages\/9\/revisions\/193"}],"wp:attachment":[{"href":"https:\/\/eventos.scielo.org\/brazil-chinameeting\/wp-json\/wp\/v2\/media?parent=9"}],"curies":[{"name":"wp","href":"https:\/\/api.w.org\/{rel}","templated":true}]}}