{"id":195,"date":"2013-07-15T19:03:03","date_gmt":"2013-07-15T19:03:03","guid":{"rendered":"http:\/\/eventos.scielo.org\/encontro-ciencias-humanas\/?page_id=195"},"modified":"2013-07-15T19:04:50","modified_gmt":"2013-07-15T19:04:50","slug":"recomendacoes","status":"publish","type":"page","link":"https:\/\/eventos.scielo.org\/encontro-ciencias-humanas\/recomendacoes\/","title":{"rendered":"Recomenda\u00e7\u00f5es"},"content":{"rendered":"<p><a href=\"http:\/\/www.revistahcsm.coc.fiocruz.br\/editores-de-humanas-trocam-experiencias-em-encontro-do-scielo\/\" target=\"_blank\">Clique aqui<\/a> e veja o relat\u00f3rio do Encontro de Editores de Ci\u00eancias Humanas registrado no Blog do peri\u00f3dico\u00a0Hist\u00f3ria, Ci\u00eancias, Sa\u00fade-Manguinhos.<\/p>\n<p>&nbsp;<\/p>\n<p>&nbsp;<\/p>\n","protected":false},"excerpt":{"rendered":"<p>Clique aqui e veja o relat\u00f3rio do Encontro de Editores de Ci\u00eancias Humanas registrado no Blog do peri\u00f3dico\u00a0Hist\u00f3ria, Ci\u00eancias, Sa\u00fade-Manguinhos. &nbsp; &nbsp;<\/p>\n","protected":false},"author":3,"featured_media":0,"parent":0,"menu_order":0,"comment_status":"open","ping_status":"open","template":"","meta":{"footnotes":""},"class_list":["post-195","page","type-page","status-publish","hentry"],"aioseo_notices":[],"_links":{"self":[{"href":"https:\/\/eventos.scielo.org\/encontro-ciencias-humanas\/wp-json\/wp\/v2\/pages\/195","targetHints":{"allow":["GET"]}}],"collection":[{"href":"https:\/\/eventos.scielo.org\/encontro-ciencias-humanas\/wp-json\/wp\/v2\/pages"}],"about":[{"href":"https:\/\/eventos.scielo.org\/encontro-ciencias-humanas\/wp-json\/wp\/v2\/types\/page"}],"author":[{"embeddable":true,"href":"https:\/\/eventos.scielo.org\/encontro-ciencias-humanas\/wp-json\/wp\/v2\/users\/3"}],"replies":[{"embeddable":true,"href":"https:\/\/eventos.scielo.org\/encontro-ciencias-humanas\/wp-json\/wp\/v2\/comments?post=195"}],"version-history":[{"count":3,"href":"https:\/\/eventos.scielo.org\/encontro-ciencias-humanas\/wp-json\/wp\/v2\/pages\/195\/revisions"}],"predecessor-version":[{"id":198,"href":"https:\/\/eventos.scielo.org\/encontro-ciencias-humanas\/wp-json\/wp\/v2\/pages\/195\/revisions\/198"}],"wp:attachment":[{"href":"https:\/\/eventos.scielo.org\/encontro-ciencias-humanas\/wp-json\/wp\/v2\/media?parent=195"}],"curies":[{"name":"wp","href":"https:\/\/api.w.org\/{rel}","templated":true}]}}