{"id":19,"date":"2014-02-18T11:32:13","date_gmt":"2014-02-18T11:32:13","guid":{"rendered":"http:\/\/eventos.scielo.org\/icebloghumanas\/?page_id=19"},"modified":"2014-02-18T11:47:17","modified_gmt":"2014-02-18T11:47:17","slug":"documentacao","status":"publish","type":"page","link":"https:\/\/eventos.scielo.org\/icebloghumanas\/documentacao\/","title":{"rendered":"Documenta\u00e7\u00e3o"},"content":{"rendered":"<h2>Instru\u00e7\u00f5es para publica\u00e7\u00e3o:<\/h2>\n<ul>\n<li><a href=\"http:\/\/eventos.scielo.org\/icebloghumanas\/documentacao\/entrevista\/\">Entrevista<\/a><\/li>\n<li><a href=\"http:\/\/eventos.scielo.org\/icebloghumanas\/documentacao\/press-release\/\">Press Release<\/a><\/li>\n<\/ul>\n<div><span style=\"color: #ffffff;\">.<\/span><\/div>\n<div><span style=\"color: #ffffff;\">.<\/span><\/div>\n<div><span style=\"color: #ffffff;\">.<\/span><\/div>\n<div><span style=\"color: #ffffff;\">.<\/span><\/div>\n<div><span style=\"color: #ffffff;\">.<\/span><\/div>\n<div><span style=\"color: #ffffff;\">.<\/span><\/div>\n<div><span style=\"color: #ffffff;\">.<\/span><\/div>\n","protected":false},"excerpt":{"rendered":"<p>Instru\u00e7\u00f5es para publica\u00e7\u00e3o: Entrevista Press Release . . . . . . .<\/p>\n","protected":false},"author":3,"featured_media":0,"parent":0,"menu_order":0,"comment_status":"open","ping_status":"open","template":"","meta":{"footnotes":""},"class_list":["post-19","page","type-page","status-publish","hentry"],"aioseo_notices":[],"_links":{"self":[{"href":"https:\/\/eventos.scielo.org\/icebloghumanas\/wp-json\/wp\/v2\/pages\/19","targetHints":{"allow":["GET"]}}],"collection":[{"href":"https:\/\/eventos.scielo.org\/icebloghumanas\/wp-json\/wp\/v2\/pages"}],"about":[{"href":"https:\/\/eventos.scielo.org\/icebloghumanas\/wp-json\/wp\/v2\/types\/page"}],"author":[{"embeddable":true,"href":"https:\/\/eventos.scielo.org\/icebloghumanas\/wp-json\/wp\/v2\/users\/3"}],"replies":[{"embeddable":true,"href":"https:\/\/eventos.scielo.org\/icebloghumanas\/wp-json\/wp\/v2\/comments?post=19"}],"version-history":[{"count":8,"href":"https:\/\/eventos.scielo.org\/icebloghumanas\/wp-json\/wp\/v2\/pages\/19\/revisions"}],"predecessor-version":[{"id":36,"href":"https:\/\/eventos.scielo.org\/icebloghumanas\/wp-json\/wp\/v2\/pages\/19\/revisions\/36"}],"wp:attachment":[{"href":"https:\/\/eventos.scielo.org\/icebloghumanas\/wp-json\/wp\/v2\/media?parent=19"}],"curies":[{"name":"wp","href":"https:\/\/api.w.org\/{rel}","templated":true}]}}