{"id":34,"date":"2014-02-18T11:46:57","date_gmt":"2014-02-18T11:46:57","guid":{"rendered":"http:\/\/eventos.scielo.org\/icebloghumanas\/?page_id=34"},"modified":"2014-02-18T11:46:57","modified_gmt":"2014-02-18T11:46:57","slug":"press-release","status":"publish","type":"page","link":"https:\/\/eventos.scielo.org\/icebloghumanas\/documentacao\/press-release\/","title":{"rendered":"Press Release"},"content":{"rendered":"<p><strong>Blog SciELO em Perspectiva Humanas<br \/>\n<\/strong>Vers\u00e3o de Fevereiro de 2014<\/p>\n<p><strong>Instru\u00e7\u00f5es para a elabora\u00e7\u00e3o de <em>press release<\/em><\/strong><\/p>\n<p>O <em>press release<\/em> ou comunicado de imprensa \u00e9 um texto resumido sobre um artigo cient\u00edfico ou um n\u00famero tem\u00e1tico, publicado nos peri\u00f3dicos das cole\u00e7\u00f5es nacionais ou tem\u00e1ticas da Rede SciELO, que pode ser utilizado para promover os elementos principais de uma pesquisa em ve\u00edculos de divulga\u00e7\u00e3o, sendo produzido pelos pr\u00f3prixos autores dos artigos, por editores ou equipe editorial e por\u00a0 jornalistas.<\/p>\n<p>Por meio dos <em>press releases<\/em>, os jornalistas s\u00e3o informados sobre o desenvolvimento cient\u00edfico em determinado campo de pesquisa e deles se servem para escrever as mat\u00e9rias sobre ci\u00eancia para jornais, revistas, sites, blogs e outros meios de comunica\u00e7\u00e3o. Estes comunicados de imprensa poder\u00e3o ser lidos tamb\u00e9m por tomadores de decis\u00e3o, outros cientistas, estudantes e pela sociedade como um todo.<\/p>\n<p>O <em>press release<\/em> constitui-se em um instrumento fundamental de populariza\u00e7\u00e3o da ci\u00eancia, que contribui para o processo de comunica\u00e7\u00e3o cient\u00edfica ao expor o trabalho de pesquisa de modo simplificado para a sociedade, ao destacar um resultado espec\u00edfico, ao promover o trabalho de uma institui\u00e7\u00e3o ou de um departamento, ao salientar o suporte financeiro de um patrocinador ou ag\u00eancia de fomento, beneficiando, desta forma, a comunidade cient\u00edfica.<\/p>\n<p><strong>1.\u00a0\u00a0\u00a0\u00a0\u00a0 <\/strong><strong>Sele\u00e7\u00e3o de artigos ou de temas para <em>press release<\/em><\/strong><\/p>\n<p>Algumas perguntas podem orientar o processo de sele\u00e7\u00e3o de artigos que justifiquem a reda\u00e7\u00e3o de um <em>press release<\/em>: a pesquisa representa um avan\u00e7o no conhecimento que merece ser divulgado para a sociedade? Contribui para a populariza\u00e7\u00e3o do conhecimento cient\u00edfico? Apresenta inova\u00e7\u00f5es significativas? Pode ter impacto na sociedade ou na defini\u00e7\u00e3o de pol\u00edticas p\u00fablicas? Al\u00e9m do p\u00fablico-alvo (jornalistas), o <em>press release<\/em> poder\u00e1 ser utilizado tamb\u00e9m por tomadores de decis\u00e3o, pesquisadores, estudantes e p\u00fablico em geral?<\/p>\n<p>A escolha de um a tr\u00eas artigos de um mesmo fasc\u00edculo ser\u00e1 suficiente para atrair aten\u00e7\u00e3o sobre os demais conte\u00fados. Deve-se evitar v\u00e1rios <em>press releases<\/em> de uma \u00fanica edi\u00e7\u00e3o.<\/p>\n<p>Al\u00e9m da publica\u00e7\u00e3o de <em>press releases<\/em> relacionados ao conte\u00fado dos artigos, pode se referir tamb\u00e9m aos temas do fasc\u00edculo, sem se restringir a um resumo de cada um dos artigos que o comp\u00f5e.<\/p>\n<p><strong>2.\u00a0\u00a0\u00a0\u00a0\u00a0 <\/strong><strong>Formato de apresenta\u00e7\u00e3o do <em>press release<\/em><\/strong><\/p>\n<p>Para a submiss\u00e3o de <em>press releases<\/em> ao Blog SciELO em Perspectiva Humanas, dever\u00e3o ser considerados os padr\u00f5es expressos nos itens de2.1 a 2.7.<\/p>\n<p><strong>2.1.\u00a0\u00a0 <\/strong><strong>Tamanho<\/strong><\/p>\n<p>O texto deve conter o m\u00ednimo de 1.000 toques (contando os espa\u00e7os em branco entre os caracteres) e o m\u00e1ximo de 2.500.<\/p>\n<p><strong>2.2.\u00a0\u00a0 <\/strong><strong>Linguagem<\/strong><\/p>\n<p>A linguagem deve ser acess\u00edvel e sem jarg\u00f5es, termos t\u00e9cnicos, abreviaturas e siglas. A elabora\u00e7\u00e3o do texto deve ser em tom jornal\u00edstico, adequando seu conte\u00fado ao leitor comum. O objetivo do <em>press release<\/em> \u00e9 atrair leitores para o artigo cient\u00edfico, para tanto precisa despertar interesses e n\u00e3o ser conclusivo.<\/p>\n<p><strong>2.3.\u00a0\u00a0 <\/strong><strong>Idioma<\/strong><\/p>\n<p>Os <em>press releases<\/em> poder\u00e3o ser encaminhados nos idiomas portugu\u00eas, ingl\u00eas ou espanhol.<\/p>\n<p><strong>2.4.\u00a0\u00a0 <\/strong><strong>T\u00edtulo<\/strong><\/p>\n<p>O t\u00edtulo deve atrair a leitura, conter as palavras-chave mais importantes e ser conciso, com no m\u00e1ximo quinze palavras, resumindo o conte\u00fado a que se refere. Isto torna mais eficiente o resultado de ferramentas de busca em bases de dados.<\/p>\n<p>Deve ser escrito em negrito e num tamanho de fonte ligeiramente maior que a do texto. Apenas a primeira letra do t\u00edtulo pode ser mai\u00fascula (exceto quando h\u00e1 a inclus\u00e3o de nomes pr\u00f3prios).<\/p>\n<p><strong>2.5.\u00a0\u00a0 <\/strong><strong>Corpo do texto<\/strong><\/p>\n<p>O primeiro par\u00e1grafo do <em>press release<\/em> relata o cerne da not\u00edcia e os subsequentes s\u00e3o usados para desenvolver a not\u00edcia. A ordem dos t\u00f3picos \u00e9 inversa \u00e0quela de um artigo cient\u00edfico: resultados e conclus\u00e3o v\u00eam antes da introdu\u00e7\u00e3o, m\u00e9todos v\u00eam ap\u00f3s o primeiro par\u00e1grafo e, no final, coloca-se o contexto da pesquisa, os antecedentes do trabalho e as informa\u00e7\u00f5es geralmente contidas na introdu\u00e7\u00e3o do artigo.<\/p>\n<p>O primeiro par\u00e1grafo deve responder \u00e0s seguintes perguntas, se poss\u00edvel nesta ordem:<\/p>\n<ul>\n<li>Quem (est\u00e1 envolvido\/ realizou a pesquisa)?<\/li>\n<li>O que (h\u00e1 de novo)?<\/li>\n<li>Onde (foi feita a pesquisa\/ foi publicado)?<\/li>\n<li>Quando (ocorreu a descoberta\/ foi publicado o resultado)?<\/li>\n<li>Por que (o resultado \u00e9 inovador)?<\/li>\n<\/ul>\n<p>Por exemplo: \u201cCientistas da Institui\u00e7\u00e3o X (<strong>quem<\/strong>) sequenciaram o genoma do camundongo (<strong>o que<\/strong>) segundo artigo publicado esta semana (<strong>quando<\/strong>) na Revista X (<strong>onde<\/strong>) e descobriram que o grau de homologia com o genoma humano \u00e9 muito maior do que se esperava (<strong>porque<\/strong>)\u201d.<\/p>\n<p>O texto deve ser escrito na voz ativa: \u201cCientistas da Universidade X descobriram que A e B\u201d e n\u00e3o \u201cFoi descoberto que A e B por cientistas da Universidade X\u201d.<\/p>\n<p><strong>2.6.\u00a0\u00a0 <\/strong><strong>Lead<\/strong><\/p>\n<p>Os <em>press releases<\/em> dever\u00e3o estar acompanhados do lead que consiste em um pequeno texto que fornece ao <a title=\"Leitor\" href=\"http:\/\/pt.wikipedia.org\/wiki\/Leitor\">leitor<\/a> a <a title=\"Informa\u00e7\u00e3o\" href=\"http:\/\/pt.wikipedia.org\/wiki\/Informa%C3%A7%C3%A3o\">informa\u00e7\u00e3o<\/a> b\u00e1sica sobre o <a title=\"Tema\" href=\"http:\/\/pt.wikipedia.org\/wiki\/Tema\">tema<\/a>. O lead deve conter informa\u00e7\u00e3o que responda \u00e0s seguintes quest\u00f5es: &#8220;O qu\u00ea&#8221; e\/ou &#8220;Quem?&#8221;, &#8220;Quando?&#8221;, &#8220;Onde?&#8221;, &#8220;Como?&#8221;, e &#8220;Por qu\u00ea?&#8221;.<strong><\/strong><\/p>\n<p><strong>2.7.\u00a0\u00a0 <\/strong><strong>Imagens<\/strong><\/p>\n<p>O <em>press release<\/em> deve ser acompanhado por imagem compat\u00edvel com seu conte\u00fado, podendo ser a foto pertencente ao pr\u00f3prio artigo, uma imagem da pesquisa em andamento, um grafismo que aluda ao assunto principal ou o logo do peri\u00f3dico.<\/p>\n<p>A imagem \u00e9 o primeiro foco de aten\u00e7\u00e3o do leitor, portanto precisa ser chamativa e de boa qualidade visual. Deve ser enviada em arquivo anexo (jpg ou gif) com boa resolu\u00e7\u00e3o (acima de 100 KB) e estar livre para reprodu\u00e7\u00e3o sem pagamento de direitos autorais. A autoria da imagem deve ser citada ao lado da mesma.<\/p>\n<p><strong>3.\u00a0\u00a0\u00a0\u00a0\u00a0 <\/strong><strong>Considera\u00e7\u00f5es sobre a autoria<\/strong><\/p>\n<p>Os textos podem ser elaborados por autores das pesquisas, pelo editor do peri\u00f3dico ou equipe editorial. Se a equipe editorial contar com o apoio de um profissional de comunica\u00e7\u00e3o, os textos podem ser preparados pela equipe e enviados aos autores para aprova\u00e7\u00e3o.<\/p>\n<p>Ao submeter o <em>press release<\/em> ao Blog SciELO em Perspectiva Humanas, seu autor abre m\u00e3o, automaticamente, de quaisquer direitos sobre a publica\u00e7\u00e3o, libera o trabalho de edi\u00e7\u00e3o do texto e a reprodu\u00e7\u00e3o do mesmo por outros ve\u00edculos, sem pagamentos. Contudo, o nome e afilia\u00e7\u00e3o do autor devem estar descritos no texto.<\/p>\n<p>Os conte\u00fados publicados no Blog SciELO em Perspectiva Humanas s\u00e3o de inteira responsabilidade do autor, <em>n\u00e3o<\/em> refletindo, necessariamente, a opini\u00e3o do Corpo Editorial ou do SciELO.<\/p>\n<p><strong>4.\u00a0\u00a0\u00a0\u00a0\u00a0\u00a0 <\/strong><strong>\u00c9tica de pesquisa e divulga\u00e7\u00e3o<\/strong><\/p>\n<p><strong><\/strong>O <em>press release<\/em> n\u00e3o pode soar como propaganda de um produto, do peri\u00f3dico ou do pr\u00f3prio artigo. Deve descrever os resultados objetivamente e transmitir dados cient\u00edficos, sem tentar engrandecer as poss\u00edveis descobertas com elogios ao pesquisador, \u00e0 sua institui\u00e7\u00e3o e aos \u00f3rg\u00e3os financiadores. Se houver poss\u00edveis conflitos de interesses ou patrocinadores envolvidos, eles devem ser explicitados.<\/p>\n<p>O texto deve se pautar pela \u00e9tica, usualmente, aceita para as pesquisas cient\u00edficas. Precisa ser cuidadoso ao informar sobre a utiliza\u00e7\u00e3o de seres humanos e animais nos experimentos e para n\u00e3o induzir \u00e0 ado\u00e7\u00e3o dos resultados obtidos originalmente em modelos, bem como de dados que ainda estejam em fase investigativa.<\/p>\n<p>A reda\u00e7\u00e3o deve ser sucinta e precisa com o n\u00famero de palavras necess\u00e1rias para descrever o fato, evitando adjetivos, como por exemplo, \u201ca renomada Universidade X\u201d ou o \u201cpremiado cientista Y\u201d. Em geral, devem ser evitadas tamb\u00e9m express\u00f5es redundantes, tais como \u201cpela primeira vez\u201d e\u00a0 \u201cnunca antes demonstrado\u201d. No entanto, se de fato aquela descoberta nunca foi previamente demonstrada, isto dever\u00e1 ser ressaltado com informa\u00e7\u00e3o que demonstre o ineditismo.<\/p>\n<p>O texto pode incluir cita\u00e7\u00f5es entre aspas do artigo publicado, mas n\u00e3o cita\u00e7\u00f5es literais, ou seja, transcri\u00e7\u00f5es de trechos inteiros.<\/p>\n<p>Antes de remeter o <em>press release<\/em>, revise a ortografia e gram\u00e1tica cuidadosamente.<\/p>\n<p><strong>5.\u00a0\u00a0\u00a0\u00a0\u00a0 <\/strong><strong>Envio e an\u00e1lise das contribui\u00e7\u00f5es<\/strong><\/p>\n<p>Para a submiss\u00e3o de <em>press releases<\/em> ao Blog SciELO em Perspectiva Humanas, encaminhar e-mails para &lt;<a href=\"mailto:blog.humanas@scielo.org\">blog.humanas@scielo.org<\/a>&gt;.<\/p>\n<p>As contribui\u00e7\u00f5es submetidas para publica\u00e7\u00e3o no blog passar\u00e3o pela an\u00e1lise da Equipe Editorial e, se necess\u00e1rio, dos membros do Comit\u00ea Editorial.\u00a0 Em caso de altera\u00e7\u00e3o do texto original, a vers\u00e3o revisada ser\u00e1 submetida \u00e0 aprova\u00e7\u00e3o final do autor.<\/p>\n<p>Ser\u00e3o considerados os seguintes aspectos na an\u00e1lise dos <em>press releases<\/em> submetidos ao Blog SciELO em Perspectiva Humanas:<\/p>\n<ul>\n<li><strong><em>Formato de apresenta\u00e7\u00e3o:<\/em><\/strong> a apresenta\u00e7\u00e3o do <em>press release<\/em> deve estar de acordo com os padr\u00f5es definidos no item 2 deste documento. Contribui\u00e7\u00f5es fora dos padr\u00f5es definidos ser\u00e3o devolvidas aos respectivos autores.<\/li>\n<li><strong><em>Simultaneidade:<\/em><\/strong> a publica\u00e7\u00e3o de <em>press release<\/em> deve acontecer, simultaneamente, \u00e0 publica\u00e7\u00e3o do artigo na Cole\u00e7\u00e3o SciELO Brasil. Admite-se, entretanto, que uma eventual defasagem no cronograma de edi\u00e7\u00e3o do comunicado possa atrasar a publica\u00e7\u00e3o em, no m\u00e1ximo, um m\u00eas ap\u00f3s \u00e0 publica\u00e7\u00e3o do artigo. Fica a crit\u00e9rio do Corpo Editorial do Blog SciELO em Perspectiva Humanas a aceita\u00e7\u00e3o, ou n\u00e3o, de comunicados que excedam esse intervalo de tempo.<\/li>\n<\/ul>\n","protected":false},"excerpt":{"rendered":"<p>Blog SciELO em Perspectiva Humanas Vers\u00e3o de Fevereiro de 2014 Instru\u00e7\u00f5es para a elabora\u00e7\u00e3o de press release O press release ou comunicado de imprensa \u00e9 um texto resumido sobre um artigo cient\u00edfico ou um n\u00famero tem\u00e1tico, publicado nos peri\u00f3dicos das &hellip; <a href=\"https:\/\/eventos.scielo.org\/icebloghumanas\/documentacao\/press-release\/\">Continue reading <span class=\"meta-nav\">&rarr;<\/span><\/a><\/p>\n","protected":false},"author":3,"featured_media":0,"parent":19,"menu_order":0,"comment_status":"open","ping_status":"open","template":"","meta":{"footnotes":""},"class_list":["post-34","page","type-page","status-publish","hentry"],"aioseo_notices":[],"_links":{"self":[{"href":"https:\/\/eventos.scielo.org\/icebloghumanas\/wp-json\/wp\/v2\/pages\/34","targetHints":{"allow":["GET"]}}],"collection":[{"href":"https:\/\/eventos.scielo.org\/icebloghumanas\/wp-json\/wp\/v2\/pages"}],"about":[{"href":"https:\/\/eventos.scielo.org\/icebloghumanas\/wp-json\/wp\/v2\/types\/page"}],"author":[{"embeddable":true,"href":"https:\/\/eventos.scielo.org\/icebloghumanas\/wp-json\/wp\/v2\/users\/3"}],"replies":[{"embeddable":true,"href":"https:\/\/eventos.scielo.org\/icebloghumanas\/wp-json\/wp\/v2\/comments?post=34"}],"version-history":[{"count":1,"href":"https:\/\/eventos.scielo.org\/icebloghumanas\/wp-json\/wp\/v2\/pages\/34\/revisions"}],"predecessor-version":[{"id":35,"href":"https:\/\/eventos.scielo.org\/icebloghumanas\/wp-json\/wp\/v2\/pages\/34\/revisions\/35"}],"up":[{"embeddable":true,"href":"https:\/\/eventos.scielo.org\/icebloghumanas\/wp-json\/wp\/v2\/pages\/19"}],"wp:attachment":[{"href":"https:\/\/eventos.scielo.org\/icebloghumanas\/wp-json\/wp\/v2\/media?parent=34"}],"curies":[{"name":"wp","href":"https:\/\/api.w.org\/{rel}","templated":true}]}}