{"id":8,"date":"2012-05-18T14:08:50","date_gmt":"2012-05-18T14:08:50","guid":{"rendered":"http:\/\/eventos.scielo.org\/iiiccscielolivros\/?page_id=8"},"modified":"2012-06-27T19:32:06","modified_gmt":"2012-06-27T19:32:06","slug":"apresentacao","status":"publish","type":"page","link":"https:\/\/eventos.scielo.org\/iiiccscielolivros\/","title":{"rendered":"Apresenta\u00e7\u00e3o"},"content":{"rendered":"<p><strong>S\u00e3o Paulo, 06 de Julho de 2012.<\/strong><\/p>\n<p><strong>Termos de refer\u00eancia:<\/strong> A III Reuni\u00e3o do Comit\u00ea Consultivo SciELO Livros estar\u00e1 dedicada a selecionar e avaliar livros acad\u00eamicos, cole\u00e7\u00f5es tem\u00e1ticas e editoras universit\u00e1rias para inclus\u00e3o na Cole\u00e7\u00e3o SciELO Livros.<\/p>\n<p>&nbsp;<\/p>\n<p><strong>Local<\/strong><br \/>\n<strong><\/strong><\/p>\n<p>SciELO &#8211; Scientific Electronic Library Online<br \/>\n<em>Rua Machado Bittencourt, 430- Vila Clementino 04044-001 S\u00e3o Paulo SP &#8211; Brasil<\/em><\/p>\n<p><iframe loading=\"lazy\" src=\"https:\/\/maps.google.com.br\/maps?f=q&amp;source=s_q&amp;hl=pt-BR&amp;geocode=&amp;q=Rua+Machado+Bittencourt,+430-+Vila+Clementino+04044-001+S%C3%A3o+Paulo+SP+-+Brasil&amp;aq=&amp;sll=-23.536468,-46.713717&amp;sspn=0.010879,0.021136&amp;gl=br&amp;ie=UTF8&amp;hq=&amp;hnear=R.+Machado+Bitencourt,+430+-+Sa%C3%BAde,+S%C3%A3o+Paulo,+04044-001&amp;ll=-23.601153,-46.638356&amp;spn=0.010874,0.021136&amp;t=m&amp;z=14&amp;output=embed\" frameborder=\"0\" marginwidth=\"0\" marginheight=\"0\" scrolling=\"no\" width=\"400\" height=\"325\"><\/iframe><br \/>\n<small><a style=\"color: #0000ff; text-align: left;\" href=\"https:\/\/maps.google.com.br\/maps?f=q&amp;source=embed&amp;hl=pt-BR&amp;geocode=&amp;q=Rua+Machado+Bittencourt,+430-+Vila+Clementino+04044-001+S%C3%A3o+Paulo+SP+-+Brasil&amp;aq=&amp;sll=-23.536468,-46.713717&amp;sspn=0.010879,0.021136&amp;gl=br&amp;ie=UTF8&amp;hq=&amp;hnear=R.+Machado+Bitencourt,+430+-+Sa%C3%BAde,+S%C3%A3o+Paulo,+04044-001&amp;ll=-23.601153,-46.638356&amp;spn=0.010874,0.021136&amp;t=m&amp;z=14\">Exibir mapa ampliado<\/a><\/small><\/p>\n","protected":false},"excerpt":{"rendered":"<p>S\u00e3o Paulo, 06 de Julho de 2012. Termos de refer\u00eancia: A III Reuni\u00e3o do Comit\u00ea Consultivo SciELO Livros estar\u00e1 dedicada a selecionar e avaliar livros acad\u00eamicos, cole\u00e7\u00f5es tem\u00e1ticas e editoras universit\u00e1rias para inclus\u00e3o na Cole\u00e7\u00e3o SciELO Livros. &nbsp; Local SciELO &hellip; <a href=\"https:\/\/eventos.scielo.org\/iiiccscielolivros\/\">Continue reading <span class=\"meta-nav\">&rarr;<\/span><\/a><\/p>\n","protected":false},"author":1,"featured_media":0,"parent":0,"menu_order":0,"comment_status":"closed","ping_status":"closed","template":"","meta":{"footnotes":""},"class_list":["post-8","page","type-page","status-publish","hentry"],"aioseo_notices":[],"_links":{"self":[{"href":"https:\/\/eventos.scielo.org\/iiiccscielolivros\/wp-json\/wp\/v2\/pages\/8","targetHints":{"allow":["GET"]}}],"collection":[{"href":"https:\/\/eventos.scielo.org\/iiiccscielolivros\/wp-json\/wp\/v2\/pages"}],"about":[{"href":"https:\/\/eventos.scielo.org\/iiiccscielolivros\/wp-json\/wp\/v2\/types\/page"}],"author":[{"embeddable":true,"href":"https:\/\/eventos.scielo.org\/iiiccscielolivros\/wp-json\/wp\/v2\/users\/1"}],"replies":[{"embeddable":true,"href":"https:\/\/eventos.scielo.org\/iiiccscielolivros\/wp-json\/wp\/v2\/comments?post=8"}],"version-history":[{"count":14,"href":"https:\/\/eventos.scielo.org\/iiiccscielolivros\/wp-json\/wp\/v2\/pages\/8\/revisions"}],"predecessor-version":[{"id":22,"href":"https:\/\/eventos.scielo.org\/iiiccscielolivros\/wp-json\/wp\/v2\/pages\/8\/revisions\/22"}],"wp:attachment":[{"href":"https:\/\/eventos.scielo.org\/iiiccscielolivros\/wp-json\/wp\/v2\/media?parent=8"}],"curies":[{"name":"wp","href":"https:\/\/api.w.org\/{rel}","templated":true}]}}