{"id":10,"date":"2016-05-11T21:41:09","date_gmt":"2016-05-11T21:41:09","guid":{"rendered":"http:\/\/eventos.scielo.org\/iiscielo-scholarone\/?page_id=10"},"modified":"2016-09-20T16:36:08","modified_gmt":"2016-09-20T19:36:08","slug":"programa","status":"publish","type":"page","link":"https:\/\/eventos.scielo.org\/iiscielo-scholarone\/programa\/","title":{"rendered":"Programa"},"content":{"rendered":"<p>Os pain\u00e9is ser\u00e3o ministrados por Alex Mendon\u00e7a (Unidade de Submiss\u00e3o Online do Programa SciELO), exceto quando indicado na programa\u00e7\u00e3o.<\/p>\n<div style=\"border-bottom: 1px dashed #800000;\"><span style=\"color: #800000;\">09:00 \u2013 09:15<\/span><\/div>\n<p style=\"padding-left: 30px; padding-top: 3%; font-size: 16px; color: #4d4f50;\"><strong>Abertura<\/strong><\/p>\n<div style=\"border-bottom: 1px dashed #800000;\"><span style=\"color: #800000;\">09:15 \u2013 09:45<\/span><\/div>\n<p style=\"padding-left: 30px; padding-top: 3%; font-size: 16px; color: #4d4f50;\"><strong>Panorama geral do <em>ScholarOne<\/em>\u00a0na Cole\u00e7\u00e3o SciELO Brasil e retrospectiva 2015<\/strong> <a href=\"http:\/\/pt.slideshare.net\/scielo\/panorama-geral-do-scholarone-na-coleo-scielo-brasil-e-retrospectiva-2015\" target=\"_blank\"><img loading=\"lazy\" decoding=\"async\" style=\"text-alignment: bottom;\" src=\"http:\/\/eventos.scielo.org\/ivreuniaoscielo\/files\/2014\/12\/download.png\" alt=\"download\" width=\"15\" height=\"16\" \/><\/a><\/p>\n<div style=\"border-bottom: 1px dashed #800000;\"><span style=\"color: #800000;\">09:45\u00a0\u2013 10:15<\/span><\/div>\n<p style=\"padding-left: 30px; padding-top: 3%; font-size: 16px; color: #4d4f50;\"><strong><em>ScholarOne<\/em> e os Crit\u00e9rios SciELO<\/strong> <a href=\"http:\/\/pt.slideshare.net\/scielo\/scholarone-e-os-critrios-scielo\" target=\"_blank\"><img loading=\"lazy\" decoding=\"async\" style=\"text-alignment: bottom;\" src=\"http:\/\/eventos.scielo.org\/ivreuniaoscielo\/files\/2014\/12\/download.png\" alt=\"download\" width=\"15\" height=\"16\" \/><\/a><\/p>\n<div style=\"border-bottom: 1px dashed #800000;\"><span style=\"color: #800000;\">10:15 \u2013 10:45<\/span><\/div>\n<p style=\"padding-left: 30px; padding-top: 3%; font-size: 16px; color: #4d4f50;\"><strong><em>Coffee Break<\/em><\/strong><\/p>\n<div style=\"border-bottom: 1px dashed #800000;\"><span style=\"color: #800000;\">10:45 \u2013 12:00<\/span><\/div>\n<p style=\"padding-left: 30px; padding-top: 3%; font-size: 16px; color: #4d4f50;\"><strong>PROFISSIONALIZA\u00c7\u00c3O<\/strong> <a href=\"http:\/\/pt.slideshare.net\/scielo\/profissionalizao\" target=\"_blank\"><img loading=\"lazy\" decoding=\"async\" style=\"text-alignment: bottom;\" src=\"http:\/\/eventos.scielo.org\/ivreuniaoscielo\/files\/2014\/12\/download.png\" alt=\"download\" width=\"15\" height=\"16\" \/><\/a><\/p>\n<ul>\n<li>Atualiza\u00e7\u00e3o v4.19 do sistema;<\/li>\n<li>Ferramenta <em>Crossref Similarity Check<\/em>\u00a0via SciELO;<\/li>\n<li>Conformidade dos e-mails com protocolo\u00a0DMARC;<\/li>\n<li>Mantendo sua lista de usu\u00e1rios atualizada com a mesclagem de usu\u00e1rios (<em>Merge Users<\/em>);<\/li>\n<li>ORCID &#8211; mudan\u00e7as atuais e futuras;<\/li>\n<li>Boas pr\u00e1ticas;<\/li>\n<li>Resolu\u00e7\u00e3o de problemas comuns;<\/li>\n<li>Dicas de uso;<\/li>\n<li>Outros.<\/li>\n<\/ul>\n<div style=\"border-bottom: 1px dashed #800000;\"><span style=\"color: #800000;\">12:00\u00a0\u2013 13:00<\/span><\/div>\n<p style=\"padding-left: 30px; padding-top: 3%; font-size: 16px; color: #4d4f50;\"><strong>Almo\u00e7o <\/strong><em>(n\u00e3o incluso na inscri\u00e7\u00e3o)<\/em><\/p>\n<div style=\"border-bottom: 1px dashed #800000;\"><span style=\"color: #800000;\">13:00 \u2013 13:20<\/span><\/div>\n<p style=\"padding-left: 30px; padding-top: 3%; font-size: 16px; color: #4d4f50;\"><strong>SUSTENTABILIDADE<\/strong> <a href=\"http:\/\/pt.slideshare.net\/scielo\/sustentabilidade-66225151\" target=\"_blank\"><img loading=\"lazy\" decoding=\"async\" style=\"text-alignment: bottom;\" src=\"http:\/\/eventos.scielo.org\/ivreuniaoscielo\/files\/2014\/12\/download.png\" alt=\"download\" width=\"15\" height=\"16\" \/><\/a><\/p>\n<ul>\n<li>Uso sustent\u00e1vel da Decis\u00e3o Editorial <em>Reject &amp; Resubmit;<\/em><\/li>\n<li><em>ScholarOne Ideas<\/em> &#8211; As sugest\u00f5es\u00a0de melhorias mais populares que podem ser implantadas em vers\u00f5es futuras do sistema.<\/li>\n<\/ul>\n<div style=\"border-bottom: 1px dashed #800000;\"><span style=\"color: #800000;\">13:20 \u2013 15:10<\/span><\/div>\n<p style=\"padding-left: 30px; padding-top: 3%; font-size: 16px; color: #4d4f50;\"><strong>INTERNACIONALIZA\u00c7\u00c3O<\/strong><\/p>\n<ul>\n<li style=\"color: #4d4f50;\"><strong>Mini curso Cognos: construindo relat\u00f3rios de autores, pareceristas\u00a0e\u00a0editores estrangeiros <a href=\"http:\/\/pt.slideshare.net\/scielo\/mini-curso-cognos-construindo-relatrios-de-autores-pareceristas-e-editores-estrangeiros\" target=\"_blank\"><img loading=\"lazy\" decoding=\"async\" style=\"text-alignment: bottom;\" src=\"http:\/\/eventos.scielo.org\/ivreuniaoscielo\/files\/2014\/12\/download.png\" alt=\"download\" width=\"15\" height=\"16\" \/><\/a> <a href=\"https:\/\/www.youtube.com\/watch?v=1eEwNAIEl6Y\" target=\"_blank\"><img decoding=\"async\" style=\"text-alignment: bottom;\" src=\"http:\/\/eventos.scielo.org\/iiscielo-scholarone\/files\/2016\/09\/video.png\" alt=\"download\" \/><\/a><\/strong><br \/>\n<a href=\"http:\/\/eventos.scielo.org\/iiscielo-scholarone\/#norma\">Norma Roberts<\/a>, <em>Thomson Reuters<\/em>.<\/li>\n<\/ul>\n<div style=\"border-bottom: 1px dashed #800000;\"><span style=\"color: #800000;\">15:10 \u2013 15:30<\/span><\/div>\n<p style=\"padding-left: 30px; padding-top: 3%; font-size: 16px; color: #4d4f50;\"><strong><em>Coffee Break<\/em><\/strong><\/p>\n<div style=\"border-bottom: 1px dashed #800000;\"><span style=\"color: #800000;\">15:30 \u2013 15:45<\/span><\/div>\n<p style=\"padding-left: 30px; padding-top: 3%; font-size: 16px; color: #4d4f50;\"><strong>O que vem por a\u00ed? \u2013 Novidades e melhorias previstas nas pr\u00f3ximas vers\u00f5es do sistema<\/strong> <a href=\"http:\/\/pt.slideshare.net\/scielo\/o-que-vem-por-a-novidades-e-melhorias-previstas-nas-prximas-verses-do-sistema\" target=\"_blank\"><img loading=\"lazy\" decoding=\"async\" style=\"text-alignment: bottom;\" src=\"http:\/\/eventos.scielo.org\/ivreuniaoscielo\/files\/2014\/12\/download.png\" alt=\"download\" width=\"15\" height=\"16\" \/><\/a><\/p>\n<ul>\n<li>Editor Collaboration;<\/li>\n<li>Nova tela\u00a0de login;<\/li>\n<li>Parcerias com Kudos;<\/li>\n<li>Dentre outros.<\/li>\n<\/ul>\n<div style=\"border-bottom: 1px dashed #800000;\"><span style=\"color: #800000;\">15:45 \u2013 16:45<\/span><\/div>\n<p style=\"padding-left: 30px; padding-top: 3%; font-size: 16px; color: #4d4f50;\"><strong>Perguntas e respostas, coment\u00e1rios\u00a0e\u00a0considera\u00e7\u00f5es finais<\/strong><\/p>\n<div style=\"border-bottom: 1px dashed #800000;\"><span style=\"color: #800000;\">16:45 \u2013 17:00<\/span><\/div>\n<p style=\"padding-left: 30px; padding-top: 3%; font-size: 16px; color: #4d4f50;\"><strong>Cerim\u00f4nia de\u00a0Reconhecimento<\/strong> <a href=\"http:\/\/pt.slideshare.net\/scielo\/cerimnia-de-reconhecimento-66225486\" target=\"_blank\"><img loading=\"lazy\" decoding=\"async\" style=\"text-alignment: bottom;\" src=\"http:\/\/eventos.scielo.org\/ivreuniaoscielo\/files\/2014\/12\/download.png\" alt=\"download\" width=\"15\" height=\"16\" \/><\/a><\/p>\n<p style=\"padding-left: 30px;\">Os peri\u00f3dicos e profissionais que merecem\u00a0destaque<\/p>\n<div style=\"border-bottom: 1px dashed #800000;\"><span style=\"color: #800000;\">17:00<\/span><\/div>\n<p style=\"padding-left: 30px; padding-top: 3%; font-size: 16px; color: #4d4f50;\"><strong>Encerramento<\/strong><\/p>\n","protected":false},"excerpt":{"rendered":"<p>Os pain\u00e9is ser\u00e3o ministrados por Alex Mendon\u00e7a (Unidade de Submiss\u00e3o Online do Programa SciELO), exceto quando indicado na programa\u00e7\u00e3o. 09:00 \u2013 09:15 Abertura 09:15 \u2013 09:45 Panorama geral do ScholarOne\u00a0na Cole\u00e7\u00e3o SciELO Brasil e retrospectiva 2015 09:45\u00a0\u2013 10:15 ScholarOne e &hellip; <a href=\"https:\/\/eventos.scielo.org\/iiscielo-scholarone\/programa\/\">Continue reading <span class=\"meta-nav\">&rarr;<\/span><\/a><\/p>\n","protected":false},"author":3,"featured_media":0,"parent":0,"menu_order":0,"comment_status":"closed","ping_status":"closed","template":"","meta":{"footnotes":""},"class_list":["post-10","page","type-page","status-publish","hentry"],"aioseo_notices":[],"_links":{"self":[{"href":"https:\/\/eventos.scielo.org\/iiscielo-scholarone\/wp-json\/wp\/v2\/pages\/10","targetHints":{"allow":["GET"]}}],"collection":[{"href":"https:\/\/eventos.scielo.org\/iiscielo-scholarone\/wp-json\/wp\/v2\/pages"}],"about":[{"href":"https:\/\/eventos.scielo.org\/iiscielo-scholarone\/wp-json\/wp\/v2\/types\/page"}],"author":[{"embeddable":true,"href":"https:\/\/eventos.scielo.org\/iiscielo-scholarone\/wp-json\/wp\/v2\/users\/3"}],"replies":[{"embeddable":true,"href":"https:\/\/eventos.scielo.org\/iiscielo-scholarone\/wp-json\/wp\/v2\/comments?post=10"}],"version-history":[{"count":30,"href":"https:\/\/eventos.scielo.org\/iiscielo-scholarone\/wp-json\/wp\/v2\/pages\/10\/revisions"}],"predecessor-version":[{"id":30,"href":"https:\/\/eventos.scielo.org\/iiscielo-scholarone\/wp-json\/wp\/v2\/pages\/10\/revisions\/30"}],"wp:attachment":[{"href":"https:\/\/eventos.scielo.org\/iiscielo-scholarone\/wp-json\/wp\/v2\/media?parent=10"}],"curies":[{"name":"wp","href":"https:\/\/api.w.org\/{rel}","templated":true}]}}