{"id":4,"date":"2020-10-14T15:57:31","date_gmt":"2020-10-14T12:57:31","guid":{"rendered":"http:\/\/eventos.scielo.org\/ixreuniaoscielo\/?page_id=4"},"modified":"2020-12-16T21:46:17","modified_gmt":"2020-12-16T18:46:17","slug":"apresentacao","status":"publish","type":"page","link":"https:\/\/eventos.scielo.org\/ixreuniaoscielo\/","title":{"rendered":"Apresenta\u00e7\u00e3o"},"content":{"rendered":"<p>A Reuni\u00e3o Anual do SciELO de 2020 ser\u00e1<em> on-line<\/em> est\u00e1 dirigida a editores e membros das equipes editoriais dos peri\u00f3dicos do SciELO Brasil, pesquisadores, bibliotec\u00e1rios, profissionais de informa\u00e7\u00e3o, autoridades na gest\u00e3o da ci\u00eancia e comunica\u00e7\u00e3o cient\u00edfica e demais interessados.<\/p>\n<h2>Local<\/h2>\n<p>A reuni\u00e3o ser\u00e1 <em>on-line<\/em>, pelo software\u00a0<em>Zoom.<\/em><\/p>\n","protected":false},"excerpt":{"rendered":"<p>A Reuni\u00e3o Anual do SciELO de 2020 ser\u00e1 on-line est\u00e1 dirigida a editores e membros das equipes editoriais dos peri\u00f3dicos do SciELO Brasil, pesquisadores, bibliotec\u00e1rios, profissionais de informa\u00e7\u00e3o, autoridades na gest\u00e3o da ci\u00eancia e comunica\u00e7\u00e3o cient\u00edfica e demais interessados. Local A reuni\u00e3o ser\u00e1 on-line, pelo software\u00a0Zoom.<\/p>\n","protected":false},"author":18,"featured_media":0,"parent":0,"menu_order":0,"comment_status":"closed","ping_status":"open","template":"","meta":{"footnotes":""},"class_list":["post-4","page","type-page","status-publish","hentry"],"aioseo_notices":[],"_links":{"self":[{"href":"https:\/\/eventos.scielo.org\/ixreuniaoscielo\/wp-json\/wp\/v2\/pages\/4","targetHints":{"allow":["GET"]}}],"collection":[{"href":"https:\/\/eventos.scielo.org\/ixreuniaoscielo\/wp-json\/wp\/v2\/pages"}],"about":[{"href":"https:\/\/eventos.scielo.org\/ixreuniaoscielo\/wp-json\/wp\/v2\/types\/page"}],"author":[{"embeddable":true,"href":"https:\/\/eventos.scielo.org\/ixreuniaoscielo\/wp-json\/wp\/v2\/users\/18"}],"replies":[{"embeddable":true,"href":"https:\/\/eventos.scielo.org\/ixreuniaoscielo\/wp-json\/wp\/v2\/comments?post=4"}],"version-history":[{"count":9,"href":"https:\/\/eventos.scielo.org\/ixreuniaoscielo\/wp-json\/wp\/v2\/pages\/4\/revisions"}],"predecessor-version":[{"id":82,"href":"https:\/\/eventos.scielo.org\/ixreuniaoscielo\/wp-json\/wp\/v2\/pages\/4\/revisions\/82"}],"wp:attachment":[{"href":"https:\/\/eventos.scielo.org\/ixreuniaoscielo\/wp-json\/wp\/v2\/media?parent=4"}],"curies":[{"name":"wp","href":"https:\/\/api.w.org\/{rel}","templated":true}]}}

Apresentação

<p>A Reunião Anual do SciELO de 2020 será<em> on-line</em> está dirigida a editores e membros das equipes editoriais dos periódicos do SciELO Brasil, pesquisadores, bibliotecários, profissionais de informação, autoridades na gestão da ciência e comunicação científica e demais interessados.</p>
<h2>Local</h2>
<p>A reunião será <em>on-line</em>, pelo software <em>Zoom.</em></p>

<p>A Reunião Anual do SciELO de 2020 será on-line está dirigida a editores e membros das equipes editoriais dos periódicos do SciELO Brasil, pesquisadores, bibliotecários, profissionais de informação, autoridades na gestão da ciência e comunicação científica e demais interessados. Local A reunião será on-line, pelo software Zoom.</p>
