{"id":6,"date":"2014-05-07T13:07:15","date_gmt":"2014-05-07T13:07:15","guid":{"rendered":"http:\/\/eventos.scielo.org\/reuniao-rev-enf\/?page_id=6"},"modified":"2014-05-07T14:40:06","modified_gmt":"2014-05-07T14:40:06","slug":"apresentacao","status":"publish","type":"page","link":"https:\/\/eventos.scielo.org\/reuniao-rev-enf\/","title":{"rendered":"Apresenta\u00e7\u00e3o"},"content":{"rendered":"<p><strong>Introdu\u00e7\u00e3o<\/strong><\/p>\n<p>A reuni\u00e3o estar\u00e1 dedicada ao debate da sustentabilidade do Portal REV@ENF e das a\u00e7\u00f5es necess\u00e1rias para o aprimoramento dos peri\u00f3dicos cient\u00edficos brasileiros da \u00e1rea de enfermagem.<\/p>\n<p>Contar\u00e1 com a participa\u00e7\u00e3o de editores dos peri\u00f3dicos que integram o\u00a0REV@ENF e a Cole\u00e7\u00e3o SciELO Brasil.<\/p>\n<p><strong>Hor\u00e1rio<\/strong><\/p>\n<p>9h00 \u00e0s 13h00<\/p>\n<p><strong>Local<\/strong><\/p>\n<p>Anfiteatro Jos\u00e9 Laredo Filho<br \/>\nEdif\u00edcio Manuel Lopes dos Santos<br \/>\nPr\u00e9dio da UNIFESP &#8211; Fundos<br \/>\nRua Pedro de Toledo, 781<br \/>\nVila Clementino \u2013 S\u00e3o Paulo\/SP \u2013 Brasil<\/p>\n<p><iframe loading=\"lazy\" style=\"border: 0;\" src=\"https:\/\/www.google.com\/maps\/embed?pb=!1m18!1m12!1m3!1d3656.172881566154!2d-46.644405000000006!3d-23.598131999999985!2m3!1f0!2f0!3f0!3m2!1i1024!2i768!4f13.1!3m3!1m2!1s0x94ce5a24dd853159%3A0xc8cbfddf0bc7d84c!2sUniversidade+Federal+de+S%C3%A3o+Paulo-Unifesp!5e0!3m2!1sen!2s!4v1399474447236\" frameborder=\"0\" width=\"600\" height=\"450\"><\/iframe><\/p>\n","protected":false},"excerpt":{"rendered":"<p>Introdu\u00e7\u00e3o A reuni\u00e3o estar\u00e1 dedicada ao debate da sustentabilidade do Portal REV@ENF e das a\u00e7\u00f5es necess\u00e1rias para o aprimoramento dos peri\u00f3dicos cient\u00edficos brasileiros da \u00e1rea de enfermagem. Contar\u00e1 com a participa\u00e7\u00e3o de editores dos peri\u00f3dicos que integram o\u00a0REV@ENF e a &hellip; <a href=\"https:\/\/eventos.scielo.org\/reuniao-rev-enf\/\">Continue reading <span class=\"meta-nav\">&rarr;<\/span><\/a><\/p>\n","protected":false},"author":3,"featured_media":0,"parent":0,"menu_order":0,"comment_status":"closed","ping_status":"closed","template":"","meta":{"footnotes":""},"class_list":["post-6","page","type-page","status-publish","hentry"],"aioseo_notices":[],"_links":{"self":[{"href":"https:\/\/eventos.scielo.org\/reuniao-rev-enf\/wp-json\/wp\/v2\/pages\/6","targetHints":{"allow":["GET"]}}],"collection":[{"href":"https:\/\/eventos.scielo.org\/reuniao-rev-enf\/wp-json\/wp\/v2\/pages"}],"about":[{"href":"https:\/\/eventos.scielo.org\/reuniao-rev-enf\/wp-json\/wp\/v2\/types\/page"}],"author":[{"embeddable":true,"href":"https:\/\/eventos.scielo.org\/reuniao-rev-enf\/wp-json\/wp\/v2\/users\/3"}],"replies":[{"embeddable":true,"href":"https:\/\/eventos.scielo.org\/reuniao-rev-enf\/wp-json\/wp\/v2\/comments?post=6"}],"version-history":[{"count":4,"href":"https:\/\/eventos.scielo.org\/reuniao-rev-enf\/wp-json\/wp\/v2\/pages\/6\/revisions"}],"predecessor-version":[{"id":15,"href":"https:\/\/eventos.scielo.org\/reuniao-rev-enf\/wp-json\/wp\/v2\/pages\/6\/revisions\/15"}],"wp:attachment":[{"href":"https:\/\/eventos.scielo.org\/reuniao-rev-enf\/wp-json\/wp\/v2\/media?parent=6"}],"curies":[{"name":"wp","href":"https:\/\/api.w.org\/{rel}","templated":true}]}}

Apresentação

<p><strong>Introdução</strong></p>
<p>A reunião estará dedicada ao debate da sustentabilidade do Portal REV@ENF e das ações necessárias para o aprimoramento dos periódicos científicos brasileiros da área de enfermagem.</p>
<p>Contará com a participação de editores dos periódicos que integram o REV@ENF e a Coleção SciELO Brasil.</p>
<p><strong>Horário</strong></p>
<p>9h00 às 13h00</p>
<p><strong>Local</strong></p>
<p>Anfiteatro José Laredo Filho<br />
Edifício Manuel Lopes dos Santos<br />
Prédio da UNIFESP &#8211; Fundos<br />
Rua Pedro de Toledo, 781<br />
Vila Clementino – São Paulo/SP – Brasil</p>
<p><iframe loading="lazy" style="border: 0;" src="https://www.google.com/maps/embed?pb=!1m18!1m12!1m3!1d3656.172881566154!2d-46.644405000000006!3d-23.598131999999985!2m3!1f0!2f0!3f0!3m2!1i1024!2i768!4f13.1!3m3!1m2!1s0x94ce5a24dd853159%3A0xc8cbfddf0bc7d84c!2sUniversidade+Federal+de+S%C3%A3o+Paulo-Unifesp!5e0!3m2!1sen!2s!4v1399474447236" frameborder="0" width="600" height="450"></iframe></p>

<p>Introdução A reunião estará dedicada ao debate da sustentabilidade do Portal REV@ENF e das ações necessárias para o aprimoramento dos periódicos científicos brasileiros da área de enfermagem. Contará com a participação de editores dos periódicos que integram o REV@ENF e a &hellip; <a href="https://eventos.scielo.org/reuniao-rev-enf/">Continue reading <span class="meta-nav">&rarr;</span></a></p>
