{"id":12,"date":"2021-10-28T16:40:55","date_gmt":"2021-10-28T16:40:55","guid":{"rendered":"http:\/\/eventos.scielo.org\/reuniaoscielo2021\/?page_id=12"},"modified":"2021-12-09T12:02:53","modified_gmt":"2021-12-09T12:02:53","slug":"programa","status":"publish","type":"page","link":"https:\/\/eventos.scielo.org\/reuniaoscielo2021\/programa\/","title":{"rendered":"Programa"},"content":{"rendered":"<p><a href=\"http:\/\/eventos.scielo.org\/reuniaoscielo2021\/files\/2021\/12\/grid.png\" target=\"_blank\" rel=\"noopener\"><img loading=\"lazy\" decoding=\"async\" class=\"alignnone wp-image-42 size-full\" src=\"http:\/\/eventos.scielo.org\/reuniaoscielo2021\/files\/2021\/12\/grid.png\" alt=\"\" width=\"2469\" height=\"744\" srcset=\"https:\/\/eventos.scielo.org\/reuniaoscielo2021\/files\/2021\/12\/grid.png 2469w, https:\/\/eventos.scielo.org\/reuniaoscielo2021\/files\/2021\/12\/grid-300x90.png 300w, https:\/\/eventos.scielo.org\/reuniaoscielo2021\/files\/2021\/12\/grid-768x231.png 768w, https:\/\/eventos.scielo.org\/reuniaoscielo2021\/files\/2021\/12\/grid-1024x309.png 1024w\" sizes=\"auto, (max-width: 706px) 89vw, (max-width: 767px) 82vw, 740px\" \/><\/a><\/p>\n<div style=\"border-bottom: 1px dashed #800000;\"><span style=\"color: #800000;\">09:00 \u2013 09:30<\/span><\/div>\n<p style=\"padding-left: 30px; padding-top: 3%; font-size: 18px;\"><strong>Abertura<\/strong><\/p>\n<p style=\"padding-left: 60px; padding-top: 3%; font-size: 18px;\">Prof. Dr. Luiz Eug\u00eanio Mello, Diretor Cient\u00edfico da FAPESP [<a href=\"http:\/\/lattes.cnpq.br\/4462750801249231\" target=\"_blank\" rel=\"noopener\">CV Lattes<\/a>] [<a href=\"https:\/\/orcid.org\/0000-0002-6969-1108\" target=\"_blank\" rel=\"noopener\">ORCID<\/a>] [<a href=\"https:\/\/scholar.google.com\/citations?user=blWlkQsAAAAJ&amp;hl=pt-BR\" target=\"_blank\" rel=\"noopener\">Google Scholar<\/a>] [<a href=\"https:\/\/youtu.be\/nTzCb_J0YEU?t=101\" target=\"_blank\" rel=\"noopener\">V\u00cdDEO<\/a>]<\/p>\n<p style=\"padding-left: 60px; padding-top: 3%; font-size: 18px;\">MLS Abel L Packer, Diretor do Programa SciELO, Coordenador de Projeto da FapUNIFESP\u00a0[<a href=\"http:\/\/lattes.cnpq.br\/6603329734556632\" target=\"_blank\" rel=\"noopener\">CV Lattes<\/a>] [<a href=\"https:\/\/orcid.org\/0000-0001-9610-5728\" target=\"_blank\" rel=\"noopener\">ORCID<\/a>] [<a href=\"https:\/\/scholar.google.com.br\/citations?hl=en&amp;user=hC0X-HoAAAAJ\" target=\"_blank\" rel=\"noopener\">Google Scholar<\/a>] [<a href=\"https:\/\/youtu.be\/nTzCb_J0YEU?t=254\" target=\"_blank\" rel=\"noopener\">V\u00cdDEO<\/a>] <strong>[<\/strong><a href=\"https:\/\/scielo.figshare.com\/articles\/presentation\/Programa_SciELO_FAPESP_de_Ci_ncia_Aberta_estado_de_avan_o_em_2021\/17142953\" target=\"_blank\" rel=\"noopener\"><strong>DOWNLOAD<\/strong><\/a><strong>]<\/strong><\/p>\n<div style=\"border-bottom: 1px dashed #800000;\"><span style=\"color: #800000;\">09:30 \u2013 10:10<\/span><\/div>\n<p style=\"padding-left: 30px; padding-top: 3%; font-size: 18px;\"><strong>Ci\u00eancia Aberta em curso<\/strong><\/p>\n<p style=\"padding-left: 60px; padding-top: 3%; font-size: 18px;\"><strong>Coordena\u00e7\u00e3o:\u00a0<\/strong><\/p>\n<p style=\"padding-left: 60px; padding-top: 3%; font-size: 18px;\">Profa. Dra. Regina Aparecida Garcia de Lima, Professora Titular do Departamento de Enfermagem Materno-Infantil e Sa\u00fade P\u00fablica da Escola de Enfermagem de Ribeir\u00e3o Preto da Universidade de S\u00e3o Paulo, Editora-Chefe do peri\u00f3dico\u00a0<em>Revista Latino-Americana de Enfermagem\u00a0<\/em>[<a href=\"http:\/\/lattes.cnpq.br\/7208304079043555\" target=\"_blank\" rel=\"noopener\">CV Lattes<\/a>]\u00a0[<a href=\"https:\/\/orcid.org\/0000-0002-0611-5621\" target=\"_blank\" rel=\"noopener\">ORCID<\/a>]\u00a0[<a href=\"https:\/\/scholar.google.com.br\/citations?user=M6SzbsYAAAAJ&amp;hl=pt-BR\" target=\"_blank\" rel=\"noopener\">Google Scholar<\/a>] [<a href=\"https:\/\/youtu.be\/nTzCb_J0YEU?t=1711\" target=\"_blank\" rel=\"noopener\">V\u00cdDEO<\/a>]<\/p>\n<p style=\"padding-left: 60px; padding-top: 3%; font-size: 18px;\"><strong>Painelistas:<\/strong><\/p>\n<p style=\"padding-left: 60px; padding-top: 3%; font-size: 18px;\">Dra. Shelley Stall, Senior Director for the American Geophysical Union\u2019s Data Leadership Program [<a href=\"https:\/\/orcid.org\/0000-0003-2926-8353\" target=\"_blank\" rel=\"noopener\">ORCID<\/a>] [<a href=\"https:\/\/scholar.google.com\/citations?hl=pt-BR&amp;user=RGbADnUAAAAJ\" target=\"_blank\" rel=\"noopener\">Google Scholar<\/a>] [<a href=\"https:\/\/youtu.be\/nTzCb_J0YEU?t=2803\" target=\"_blank\" rel=\"noopener\">V\u00cdDEO<\/a>] <strong>[<\/strong><a href=\"https:\/\/doi.org\/10.5281\/zenodo.5767836\" target=\"_blank\" rel=\"noopener\"><strong>DOWNLOAD<\/strong><\/a><strong>]<\/strong><\/p>\n<p style=\"padding-left: 60px; padding-top: 3%; font-size: 18px;\">Prof. Dr. Gilberto Hochman, Professor do Programa de P\u00f3s-Gradua\u00e7\u00e3o em Hist\u00f3ria das Ci\u00eancias e da Sa\u00fade da Fiocruz, Editor Cient\u00edfico da Editora Fiocruz [<a href=\"http:\/\/lattes.cnpq.br\/7903060862965463\" target=\"_blank\" rel=\"noopener\">CV Lattes<\/a>] [<a href=\"https:\/\/orcid.org\/0000-0001-7834-336X\" target=\"_blank\" rel=\"noopener\">ORCID<\/a>]\u00a0 [<a href=\"https:\/\/scholar.google.com\/citations?hl=pt-BR&amp;user=OvIVRj0AAAAJ\" target=\"_blank\" rel=\"noopener\">Google Scholar<\/a>] [<a href=\"https:\/\/youtu.be\/nTzCb_J0YEU?t=1924\" target=\"_blank\" rel=\"noopener\">V\u00cdDEO<\/a>] <strong>[<\/strong><a href=\"https:\/\/scielo.figshare.com\/articles\/presentation\/SCIELO_LIVROS_CI_NCIA_ABERTA\/17142986\" target=\"_blank\" rel=\"noopener\"><strong>DOWNLOAD<\/strong><\/a><strong>]<\/strong><\/p>\n<p style=\"padding-left: 60px; padding-top: 3%; font-size: 18px;\">Profa. Dra. Sabine Righetti, pesquisadora do Labjor-Unicamp e fundadora da Ag\u00eancia Bori [<a href=\"http:\/\/lattes.cnpq.br\/3785638307721158\" target=\"_blank\" rel=\"noopener\">CV Lattes<\/a>] [<a href=\"https:\/\/orcid.org\/0000-0002-5568-242X\" target=\"_blank\" rel=\"noopener\">ORCID<\/a>] [<a href=\"https:\/\/scholar.google.com\/citations?hl=pt-BR&amp;user=ySCpPOIAAAAJ\" target=\"_blank\" rel=\"noopener\">Google Scholar<\/a>] [<a href=\"https:\/\/youtu.be\/nTzCb_J0YEU?t=3320\" target=\"_blank\" rel=\"noopener\">V\u00cdDEO<\/a>]<\/p>\n<div style=\"border-bottom: 1px dashed #800000;\"><span style=\"color: #800000;\">10:10 \u2013 11:00<\/span><\/div>\n<p style=\"padding-left: 30px; padding-top: 3%; font-size: 18px;\"><strong>Ci\u00eancias da Vida<\/strong><\/p>\n<p style=\"padding-left: 60px; padding-top: 3%; font-size: 18px;\"><strong>Coordena\u00e7\u00e3o:\u00a0<\/strong><\/p>\n<p style=\"padding-left: 60px; padding-top: 3%; font-size: 18px;\">Profa. Dra. Raquel Souza Lobo Guzzo, Professora Titular da Pontif\u00edcia Universidade Cat\u00f3lica de Campinas dos programas Gradua\u00e7\u00e3o e P\u00f3s-gradua\u00e7\u00e3o em Psicologia, Editora-Chefe do peri\u00f3dico <em>Estudos de Psicologia (Campinas)<\/em>\u00a0[<a href=\"http:\/\/lattes.cnpq.br\/8863163152848405\" target=\"_blank\" rel=\"noopener\">CV Lattes<\/a>] [<a href=\"https:\/\/orcid.org\/0000-0002-7029-2913\" target=\"_blank\" rel=\"noopener\">ORCID<\/a>] [<a href=\"https:\/\/scholar.google.com\/citations?hl=pt-BR&amp;user=DuwdugUAAAAJ\" target=\"_blank\" rel=\"noopener\">Google Scholar<\/a>] [<a href=\"https:\/\/youtu.be\/nTzCb_J0YEU?t=4874\" target=\"_blank\" rel=\"noopener\">V\u00cdDEO<\/a>]<\/p>\n<p style=\"padding-left: 60px; padding-top: 3%; font-size: 18px;\"><strong>Painelistas:<\/strong><\/p>\n<p style=\"padding-left: 60px; padding-top: 3%; font-size: 18px;\">Prof. Dr. Carlos Alfredo Joly, <span style=\"font-weight: 400;\">Professor Em\u00e9rito da Unicamp, <\/span>Professor Titular em Ecologia Vegetal, aposentado do Departamento de Biologia Vegetal do IB\/UNICAMP, Editor-Chefe do peri\u00f3dico <i>Biota Neotropica\u00a0<\/i>[<a href=\"http:\/\/lattes.cnpq.br\/4263944747154785\" target=\"_blank\" rel=\"noopener\">CV Lattes<\/a>] [<a href=\"https:\/\/orcid.org\/0000-0002-7945-2805\" target=\"_blank\" rel=\"noopener\">ORCID<\/a>] [<a href=\"https:\/\/scholar.google.com\/citations?hl=pt-BR&amp;user=SDAkusAAAAAJ\" target=\"_blank\" rel=\"noopener\">Google Scholar<\/a>] [<a href=\"https:\/\/youtu.be\/nTzCb_J0YEU?t=4960\" target=\"_blank\" rel=\"noopener\">V\u00cdDEO<\/a>] <strong>[<\/strong><a href=\"https:\/\/scielo.figshare.com\/articles\/presentation\/Biota_Neotropica_e_a_Ci_ncia_Aberta\/17143028\" target=\"_blank\" rel=\"noopener\"><strong>DOWNLOAD<\/strong><\/a><strong>]<\/strong><\/p>\n<p style=\"padding-left: 60px; padding-top: 3%; font-size: 18px;\">Profa. Dra. Maria Cecilia de Souza Minayo, pesquisadora titular da Funda\u00e7\u00e3o Oswaldo Cruz, Editora Cient\u00edfica do peri\u00f3dico <em>Ci\u00eancia &amp; Sa\u00fade Coletiva<\/em>\u00a0[<a href=\"http:\/\/lattes.cnpq.br\/4834272403601390\" target=\"_blank\" rel=\"noopener\">CV Lattes<\/a>] [<a href=\"https:\/\/orcid.org\/0000-0001-6187-9301\" target=\"_blank\" rel=\"noopener\">ORCID<\/a>] [<a href=\"https:\/\/youtu.be\/nTzCb_J0YEU?t=5655\" target=\"_blank\" rel=\"noopener\">V\u00cdDEO<\/a>] <strong>[<\/strong><a href=\"https:\/\/scielo.figshare.com\/articles\/presentation\/Estado_da_arte_na_rea_de_sa_de_coletiva_ci_ncia_aberta\/17143043\" target=\"_blank\" rel=\"noopener\"><strong>DOWNLOAD<\/strong><\/a><strong>]<\/strong><\/p>\n<p style=\"padding-left: 60px; padding-top: 3%; font-size: 18px;\">Profa. Dra. Maria Jos\u00e9 Carvalho Carmona, Diretora da Divis\u00e3o de Anestesia do Instituto Central do Hospital das Cl\u00ednicas da Faculdade de Medicina da USP, Editora-Chefe do peri\u00f3dico <em>Brazilian Journal of Anesthesiology<\/em>\u00a0[<a href=\"http:\/\/lattes.cnpq.br\/2636111337875377\" target=\"_blank\" rel=\"noopener\">CV Lattes<\/a>] [<a href=\"https:\/\/orcid.org\/0000-0002-3031-2924\" target=\"_blank\" rel=\"noopener\">ORCID<\/a>] [<a href=\"https:\/\/scholar.google.com\/citations?hl=pt-BR&amp;user=ZJgAIbwAAAAJ\" target=\"_blank\" rel=\"noopener\">Google Scholar<\/a>] [<a href=\"https:\/\/youtu.be\/nTzCb_J0YEU?t=6288\" target=\"_blank\" rel=\"noopener\">V\u00cdDEO<\/a>] <strong>[<\/strong><a href=\"https:\/\/scielo.figshare.com\/articles\/presentation\/PR_TICAS_DE_CI_NCIA_ABERTA_E_DIVULGA_O_DO_CONHECIMENTO_CIENT_FICO\/17143058\" target=\"_blank\" rel=\"noopener\"><strong>DOWNLOAD<\/strong><\/a><strong>]<\/strong><\/p>\n<p style=\"padding-left: 60px; padding-top: 3%; font-size: 18px;\">Profa. Dra. Karin Hermana Neppelenbroek, Presidente da Comiss\u00e3o de Gradua\u00e7\u00e3o dos cursos de Odontologia, Fonoaudiologia e Medicina da FOB-USP, Editora-Chefe do peri\u00f3dico<em> Journal of Applied Oral Sciences<\/em>\u00a0[<a href=\"http:\/\/lattes.cnpq.br\/1486746214460638\" target=\"_blank\" rel=\"noopener\">CV Lattes<\/a>] [<a href=\"https:\/\/orcid.org\/0000-0001-7086-2667\" target=\"_blank\" rel=\"noopener\">ORCID<\/a>] [<a href=\"https:\/\/scholar.google.com.br\/citations?user=ioxm9jwAAAAJ\" target=\"_blank\" rel=\"noopener\">Google Scholar<\/a>] [<a href=\"https:\/\/youtu.be\/nTzCb_J0YEU?t=6947\" target=\"_blank\" rel=\"noopener\">V\u00cdDEO<\/a>] <strong>[<\/strong><a href=\"https:\/\/scielo.figshare.com\/articles\/presentation\/Ado_o_de_pr_ticas_de_comunica_o_de_ci_ncia_aberta\/17143076\" target=\"_blank\" rel=\"noopener\"><strong>DOWNLOAD<\/strong><\/a><strong>]<\/strong><\/p>\n<div style=\"border-bottom: 1px dashed #800000;\"><span style=\"color: #800000;\">11:00 \u2013 12:00<\/span><\/div>\n<p style=\"padding-left: 30px; padding-top: 3%; font-size: 18px;\"><strong>Humanidades<\/strong><\/p>\n<p style=\"padding-left: 60px; padding-top: 3%; font-size: 18px;\"><strong>Coordena\u00e7\u00e3o:\u00a0<\/strong><\/p>\n<p style=\"padding-left: 60px; padding-top: 3%; font-size: 18px;\">Profa. Dra. Cristina Scheibe Wolff, Professora Titular do Departamento de Hist\u00f3ria da Universidade Federal de Santa Catarina, Coordenadora Editorial do peri\u00f3dico\u00a0<em>Revista Estudos Feministas<\/em> [<a href=\"http:\/\/lattes.cnpq.br\/1019212457780700\" target=\"_blank\" rel=\"noopener\">CV Lattes<\/a>] [<a href=\"https:\/\/orcid.org\/0000-0002-7315-1112\" target=\"_blank\" rel=\"noopener\">ORCID<\/a>] [<a href=\"https:\/\/scholar.google.com.br\/citations?hl=en&amp;user=B9lHVC8AAAAJ\" target=\"_blank\" rel=\"noopener\">Google Scholar<\/a>] [<a href=\"https:\/\/youtu.be\/nTzCb_J0YEU?t=7983\" target=\"_blank\" rel=\"noopener\">V\u00cdDEO<\/a>]<\/p>\n<p style=\"padding-left: 60px; padding-top: 3%; font-size: 18px;\"><strong>Painelistas:<\/strong><\/p>\n<p style=\"padding-left: 60px; padding-top: 3%; font-size: 18px;\">Profa. Dra. M\u00f4nica Jinzenji, Professora do Programa de P\u00f3s-Gradua\u00e7\u00e3o em Educa\u00e7\u00e3o da UFMG, Editora-Chefe do peri\u00f3dico <em>Educa\u00e7\u00e3o em Revista<\/em> [<a href=\"http:\/\/lattes.cnpq.br\/0008291440983943\" target=\"_blank\" rel=\"noopener\">CV Lattes<\/a>] [<a href=\"https:\/\/orcid.org\/0000-0002-3639-9389\" target=\"_blank\" rel=\"noopener\">ORCID<\/a>] [<a href=\"https:\/\/scholar.google.com.br\/citations?hl=en&amp;user=NlQ8UxUAAAAJ\" target=\"_blank\" rel=\"noopener\">Google Scholar<\/a>] [<a href=\"https:\/\/youtu.be\/nTzCb_J0YEU?t=8060\" target=\"_blank\" rel=\"noopener\">V\u00cdDEO<\/a>]<\/p>\n<p style=\"padding-left: 60px; padding-top: 3%; font-size: 18px;\">Prof. Dr. Marcelo de Souza Bispo<span data-sheets-value=\"{'1':2,'2':'Universidade Estadual de Campinas'}\" data-sheets-userformat=\"{'2':14466,'4':{'1':2,'2':16777215},'10':1,'14':{'1':2,'2':0},'15':'Calibri','16':10}\">, Coordenador do Programa de p\u00f3s-gradua\u00e7\u00e3o em Administra\u00e7\u00e3o da Universidade Federal da Para\u00edba<\/span>, Editor-Chefe do peri\u00f3dico <em>Revista de Administra\u00e7\u00e3o Contempor\u00e2nea<\/em>\u00a0[<a href=\"http:\/\/lattes.cnpq.br\/0046249640629512\" target=\"_blank\" rel=\"noopener\">CV Lattes<\/a>] [<a href=\"https:\/\/orcid.org\/0000-0002-5817-8907\" target=\"_blank\" rel=\"noopener\">ORCID<\/a>] [<a href=\"https:\/\/scholar.google.com.br\/citations?hl=en&amp;user=6y2bvH8AAAAJ\" target=\"_blank\" rel=\"noopener\">Google Scholar<\/a>] [<a href=\"https:\/\/youtu.be\/nTzCb_J0YEU?t=8779\" target=\"_blank\" rel=\"noopener\">V\u00cdDEO<\/a>]<\/p>\n<p style=\"padding-left: 60px; padding-top: 3%; font-size: 18px;\">Prof. Dr. Marcos Cueto Caballero, Editor-Chefe do peri\u00f3dico <em>Hist\u00f3ria, Ci\u00eancias, Sa\u00fade &#8211; Manguinhos<\/em>\u00a0[<a href=\"http:\/\/lattes.cnpq.br\/1854091408825500\" target=\"_blank\" rel=\"noopener\">CV Lattes<\/a>] [<a href=\"https:\/\/orcid.org\/0000-0003-4136-7389\" target=\"_blank\" rel=\"noopener\">ORCID<\/a>] [<a href=\"https:\/\/scholar.google.com.br\/citations?hl=en&amp;user=htf5sv4AAAAJ\" target=\"_blank\" rel=\"noopener\">Google Scholar<\/a>] [<a href=\"https:\/\/youtu.be\/nTzCb_J0YEU?t=9263\" target=\"_blank\" rel=\"noopener\">V\u00cdDEO<\/a>] <strong>[<\/strong><a href=\"https:\/\/scielo.figshare.com\/articles\/presentation\/Revistas_cient_ficas_de_humanidades_e_ci_ncia_aberta_a_experi_ncia_de_Hist_ria_Ci_ncias_Sa_de_Manguinhos\/17143139\" target=\"_blank\" rel=\"noopener\"><strong>DOWNLOAD<\/strong><\/a><strong>]<\/strong><\/p>\n<p style=\"padding-left: 60px; padding-top: 3%; font-size: 18px;\">Roberta Cardoso Cerqueira, Editora Executiva do peri\u00f3dico <em>Hist\u00f3ria, Ci\u00eancias, Sa\u00fade &#8211; Manguinhos<\/em>\u00a0[<a href=\"http:\/\/lattes.cnpq.br\/4749774795135291\" target=\"_blank\" rel=\"noopener\">CV Lattes<\/a>] [<a href=\"https:\/\/orcid.org\/0000-0001-9662-1749\" target=\"_blank\" rel=\"noopener\">ORCID<\/a>] [<a href=\"https:\/\/youtu.be\/nTzCb_J0YEU?t=9263\" target=\"_blank\" rel=\"noopener\">V\u00cdDEO<\/a>] <strong>[<\/strong><a href=\"https:\/\/scielo.figshare.com\/articles\/presentation\/Revistas_cient_ficas_de_humanidades_e_ci_ncia_aberta_a_experi_ncia_de_Hist_ria_Ci_ncias_Sa_de_Manguinhos\/17143139\" target=\"_blank\" rel=\"noopener\"><strong>DOWNLOAD<\/strong><\/a><strong>]<\/strong><\/p>\n<p style=\"padding-left: 60px; padding-top: 3%; font-size: 18px;\">Prof. Dr. Michel Misse, Professor do quadro permanente do Programa de P\u00f3s-Gradua\u00e7\u00e3o em Sociologia e Antropologia da Universidade Federal do Rio de Janeiro, Editor-Chefe do peri\u00f3dico <em>Dilemas &#8211; Estudos de Conflito e Controle Social<\/em>\u00a0[<a href=\"http:\/\/lattes.cnpq.br\/6318695398971643\" target=\"_blank\" rel=\"noopener\">CV Lattes<\/a>]\u00a0[<a href=\"https:\/\/orcid.org\/0000-0003-3815-8674\" target=\"_blank\" rel=\"noopener\">ORCID<\/a>] [<a href=\"https:\/\/scholar.google.com.br\/citations?hl=en&amp;user=XDmDJtUAAAAJ\" target=\"_blank\" rel=\"noopener\">Google Scholar<\/a>] [<a href=\"https:\/\/youtu.be\/nTzCb_J0YEU?t=10004\" target=\"_blank\" rel=\"noopener\">V\u00cdDEO<\/a>] <strong>[<\/strong><a href=\"https:\/\/scielo.figshare.com\/articles\/presentation\/DILEMAS_REVISTA_DE_ESTUDOS_DE_CONFLITO_E_CONTROLE_SOCIAL\/17152091\" target=\"_blank\" rel=\"noopener\"><strong>DOWNLOAD<\/strong><\/a><strong>]<\/strong><\/p>\n<div style=\"border-bottom: 1px dashed #800000;\"><span style=\"color: #800000;\">12:00 \u2013 12:30<\/span><\/div>\n<p style=\"padding-left: 30px; padding-top: 3%; font-size: 18px;\"><strong>Debate<\/strong><\/p>\n<p style=\"padding-left: 60px; padding-top: 3%; font-size: 18px;\"><strong>Coordena\u00e7\u00e3o:\u00a0<\/strong><\/p>\n<p style=\"padding-left: 60px; padding-top: 3%; font-size: 18px;\">Prof. Dr. Sigmar de Mello Rode, Professor Titular da\u00a0Faculdade de Odontologia de S\u00e3o Jose dos Campos da Universidade J\u00falio de Mesquita Filho,\u00a0Presidente da Associa\u00e7\u00e3o Brasileira de Editores Cient\u00edficos, ABEC Brasil\u00a0[<a href=\"http:\/\/lattes.cnpq.br\/3422118958429909\" target=\"_blank\" rel=\"noopener\">CV Lattes<\/a>]\u00a0[<a href=\"https:\/\/orcid.org\/0000-0002-4261-4217\" target=\"_blank\" rel=\"noopener\">ORCID<\/a>] [<a href=\"https:\/\/scholar.google.com.br\/citations?hl=en&amp;user=1M5K4loAAAAJ\" target=\"_blank\" rel=\"noopener\">Google Scholar<\/a>] [<a href=\"https:\/\/youtu.be\/nTzCb_J0YEU?t=11024\" target=\"_blank\" rel=\"noopener\">V\u00cdDEO<\/a>]<\/p>\n<p style=\"padding-left: 60px; padding-top: 3%; font-size: 18px;\"><strong>Painelistas:<\/strong><\/p>\n<p style=\"padding-left: 60px; padding-top: 3%; font-size: 18px;\">Prof. Dr. Luiz Augusto Campos, Professor de Sociologia e Ci\u00eancia Pol\u00edtica no Instituto de Estudos Sociais e Pol\u00edticos da Universidade do Estado do Rio de Janeiro, Editor-Chefe do peri\u00f3dico\u00a0<em>Dados<\/em>\u00a0[<a href=\"http:\/\/lattes.cnpq.br\/7225759728395382\" target=\"_blank\" rel=\"noopener\">CV Lattes<\/a>]\u00a0[<a href=\"https:\/\/orcid.org\/0000-0003-2153-547X\" target=\"_blank\" rel=\"noopener\">ORCID<\/a>] [<a href=\"https:\/\/scholar.google.com.br\/citations?hl=en&amp;user=7GcVKv4AAAAJ\" target=\"_blank\" rel=\"noopener\">Google Scholar<\/a>] [<a href=\"https:\/\/youtu.be\/nTzCb_J0YEU?t=11255\" target=\"_blank\" rel=\"noopener\">V\u00cdDEO<\/a>]<\/p>\n<p style=\"padding-left: 60px; padding-top: 3%; font-size: 18px;\">Prof. Dr. Reinaldo Bertola Cantarutti, Professor Titular do departamento de solos\u00a0da Universidade Federal de Vi\u00e7osa, Editor Executivo do peri\u00f3dico\u00a0<em>Revista Brasileira de Ci\u00eancia do Solo<\/em> [<a href=\"http:\/\/lattes.cnpq.br\/9311831258524170\" target=\"_blank\" rel=\"noopener\">CV Lattes<\/a>]\u00a0[<a href=\"https:\/\/orcid.org\/0000-0002-4360-0247\" target=\"_blank\" rel=\"noopener\">ORCID<\/a>] [<a href=\"https:\/\/scholar.google.com.br\/citations?hl=en&amp;user=O27PEd4AAAAJ\" target=\"_blank\" rel=\"noopener\">Google Scholar<\/a>] [<a href=\"https:\/\/youtu.be\/nTzCb_J0YEU?t=11954\" target=\"_blank\" rel=\"noopener\">V\u00cdDEO<\/a>]<\/p>\n<p style=\"padding-left: 60px; padding-top: 3%; font-size: 18px;\">Profa. Dra. Thelma Suely Okay, Presidente da Comiss\u00e3o de Ensino, Pesquisa e Extens\u00e3o do Instituto de Medicina Tropical de S\u00e3o Paulo, Editora-Chefe do peri\u00f3dico <em>Revista do Instituto de Medicina Tropical de S\u00e3o Paulo<\/em>\u00a0[<a href=\"http:\/\/lattes.cnpq.br\/6592984051941582\" target=\"_blank\" rel=\"noopener\">CV Lattes<\/a>]\u00a0[<a href=\"https:\/\/orcid.org\/0000-0001-9316-7288\" target=\"_blank\" rel=\"noopener\">ORCID<\/a>] [<a href=\"https:\/\/scholar.google.com.br\/citations?hl=en&amp;user=ybbdO38AAAAJ\" target=\"_blank\" rel=\"noopener\">Google Scholar<\/a>] [<a href=\"https:\/\/youtu.be\/nTzCb_J0YEU?t=12449\" target=\"_blank\" rel=\"noopener\">V\u00cdDEO<\/a>] <strong>[<\/strong><a href=\"https:\/\/scielo.figshare.com\/articles\/presentation\/Open_Science_in_Revista_do_Instituto_de_Medicina_Tropical_de_S_o_Paulo_\/17143163\" target=\"_blank\" rel=\"noopener\"><strong>DOWNLOAD<\/strong><\/a><strong>]<\/strong><\/p>\n<div style=\"border-bottom: 1px dashed #800000;\"><span style=\"color: #800000;\">12:30<\/span><\/div>\n<p style=\"padding-left: 30px; padding-top: 3%; font-size: 18px;\"><strong>Encerramento<\/strong><\/p>\n<p style=\"padding-left: 60px; padding-top: 3%; font-size: 18px;\">Abel L Packer, Diretor do Programa SciELO, Coordenador de Projeto da FapUNIFESP\u00a0[<a href=\"http:\/\/lattes.cnpq.br\/6603329734556632\" target=\"_blank\" rel=\"noopener\">CV Lattes<\/a>] [<a href=\"https:\/\/orcid.org\/0000-0001-9610-5728\" target=\"_blank\" rel=\"noopener\">ORCID<\/a>] [<a href=\"https:\/\/scholar.google.com.br\/citations?hl=en&amp;user=hC0X-HoAAAAJ\" target=\"_blank\" rel=\"noopener\">Google Scholar<\/a>] [<a href=\"https:\/\/youtu.be\/nTzCb_J0YEU?t=14000\" target=\"_blank\" rel=\"noopener\">V\u00cdDEO<\/a>]<\/p>\n","protected":false},"excerpt":{"rendered":"<p>09:00 \u2013 09:30 Abertura Prof. Dr. Luiz Eug\u00eanio Mello, Diretor Cient\u00edfico da FAPESP [CV Lattes] [ORCID] [Google Scholar] [V\u00cdDEO] MLS Abel L Packer, Diretor do Programa SciELO, Coordenador de Projeto da FapUNIFESP\u00a0[CV Lattes] [ORCID] [Google Scholar] [V\u00cdDEO] [DOWNLOAD] 09:30 \u2013 10:10 Ci\u00eancia Aberta em curso Coordena\u00e7\u00e3o:\u00a0 Profa. Dra. Regina Aparecida Garcia de Lima, Professora Titular &hellip; <\/p>\n<p class=\"link-more\"><a href=\"https:\/\/eventos.scielo.org\/reuniaoscielo2021\/programa\/\" class=\"more-link\">Continue lendo<span class=\"screen-reader-text\"> &#8220;Programa&#8221;<\/span><\/a><\/p>\n","protected":false},"author":3,"featured_media":0,"parent":0,"menu_order":0,"comment_status":"closed","ping_status":"closed","template":"","meta":{"footnotes":""},"class_list":["post-12","page","type-page","status-publish","hentry"],"aioseo_notices":[],"_links":{"self":[{"href":"https:\/\/eventos.scielo.org\/reuniaoscielo2021\/wp-json\/wp\/v2\/pages\/12","targetHints":{"allow":["GET"]}}],"collection":[{"href":"https:\/\/eventos.scielo.org\/reuniaoscielo2021\/wp-json\/wp\/v2\/pages"}],"about":[{"href":"https:\/\/eventos.scielo.org\/reuniaoscielo2021\/wp-json\/wp\/v2\/types\/page"}],"author":[{"embeddable":true,"href":"https:\/\/eventos.scielo.org\/reuniaoscielo2021\/wp-json\/wp\/v2\/users\/3"}],"replies":[{"embeddable":true,"href":"https:\/\/eventos.scielo.org\/reuniaoscielo2021\/wp-json\/wp\/v2\/comments?post=12"}],"version-history":[{"count":22,"href":"https:\/\/eventos.scielo.org\/reuniaoscielo2021\/wp-json\/wp\/v2\/pages\/12\/revisions"}],"predecessor-version":[{"id":54,"href":"https:\/\/eventos.scielo.org\/reuniaoscielo2021\/wp-json\/wp\/v2\/pages\/12\/revisions\/54"}],"wp:attachment":[{"href":"https:\/\/eventos.scielo.org\/reuniaoscielo2021\/wp-json\/wp\/v2\/media?parent=12"}],"curies":[{"name":"wp","href":"https:\/\/api.w.org\/{rel}","templated":true}]}}