{"id":37,"date":"2012-08-02T17:45:53","date_gmt":"2012-08-02T17:45:53","guid":{"rendered":"http:\/\/eventos.scielo.org\/rs1\/?page_id=37"},"modified":"2012-08-07T11:40:47","modified_gmt":"2012-08-07T11:40:47","slug":"programacao","status":"publish","type":"page","link":"https:\/\/eventos.scielo.org\/rs1\/programacao\/","title":{"rendered":"Programa\u00e7\u00e3o"},"content":{"rendered":"<p>Programa\u00e7\u00e3o para os semin\u00e1rios em S\u00e3o Paulo (21\/08\/2012) e Rio de Janeiro (22\/08\/2012).<\/p>\n<p><strong>9:00 \u2013 9:15<\/strong>\u00a0&#8212; Abertura<\/p>\n<p><strong>9:15 \u2013 10:30<\/strong> &#8212; Introdu\u00e7\u00e3o ao uso de Redes Sociais na Comunica\u00e7\u00e3o Cient\u00edfica &#8211; \u00a0<a href=\"http:\/\/buscatextual.cnpq.br\/buscatextual\/visualizacv.do?id=K4735175Y6\" target=\"_blank\">Atila Iamarino<\/a><\/p>\n<p><strong>10:30 \u201311:00<\/strong>\u00a0&#8212;\u00a0Intervalo<\/p>\n<p><strong>11:00 \u2013 11:45<\/strong>\u00a0&#8212; (continua &#8230;) Introdu\u00e7\u00e3o ao uso de Redes Sociais na Comunica\u00e7\u00e3o Cient\u00edfica &#8211;\u00a0<a href=\"http:\/\/buscatextual.cnpq.br\/buscatextual\/visualizacv.do?id=K4735175Y6\" target=\"_blank\">Atila Iamarino<\/a><\/p>\n<p><strong>11:45 &#8211; 12:15 <\/strong>&#8212; Debate<\/p>\n<p><strong>12:15 \u2013 12:30<\/strong> &#8212; Recomenda\u00e7\u00f5es do SciELO sobre redes sociais &#8211; Abel L. Packer<\/p>\n<p><strong>12:30<\/strong> &#8212; Encerramento<\/p>\n","protected":false},"excerpt":{"rendered":"<p>Programa\u00e7\u00e3o para os semin\u00e1rios em S\u00e3o Paulo (21\/08\/2012) e Rio de Janeiro (22\/08\/2012). 9:00 \u2013 9:15\u00a0&#8212; Abertura 9:15 \u2013 10:30 &#8212; Introdu\u00e7\u00e3o ao uso de Redes Sociais na Comunica\u00e7\u00e3o Cient\u00edfica &#8211; \u00a0Atila Iamarino 10:30 \u201311:00\u00a0&#8212;\u00a0Intervalo 11:00 \u2013 11:45\u00a0&#8212; (continua &#8230;) &hellip; <a href=\"https:\/\/eventos.scielo.org\/rs1\/programacao\/\">Continue reading <span class=\"meta-nav\">&rarr;<\/span><\/a><\/p>\n","protected":false},"author":3,"featured_media":0,"parent":0,"menu_order":0,"comment_status":"closed","ping_status":"closed","template":"","meta":{"footnotes":""},"class_list":["post-37","page","type-page","status-publish","hentry"],"aioseo_notices":[],"_links":{"self":[{"href":"https:\/\/eventos.scielo.org\/rs1\/wp-json\/wp\/v2\/pages\/37","targetHints":{"allow":["GET"]}}],"collection":[{"href":"https:\/\/eventos.scielo.org\/rs1\/wp-json\/wp\/v2\/pages"}],"about":[{"href":"https:\/\/eventos.scielo.org\/rs1\/wp-json\/wp\/v2\/types\/page"}],"author":[{"embeddable":true,"href":"https:\/\/eventos.scielo.org\/rs1\/wp-json\/wp\/v2\/users\/3"}],"replies":[{"embeddable":true,"href":"https:\/\/eventos.scielo.org\/rs1\/wp-json\/wp\/v2\/comments?post=37"}],"version-history":[{"count":11,"href":"https:\/\/eventos.scielo.org\/rs1\/wp-json\/wp\/v2\/pages\/37\/revisions"}],"predecessor-version":[{"id":140,"href":"https:\/\/eventos.scielo.org\/rs1\/wp-json\/wp\/v2\/pages\/37\/revisions\/140"}],"wp:attachment":[{"href":"https:\/\/eventos.scielo.org\/rs1\/wp-json\/wp\/v2\/media?parent=37"}],"curies":[{"name":"wp","href":"https:\/\/api.w.org\/{rel}","templated":true}]}}