{"id":55,"date":"2012-08-02T18:09:41","date_gmt":"2012-08-02T18:09:41","guid":{"rendered":"http:\/\/eventos.scielo.org\/rs1\/?page_id=55"},"modified":"2022-05-20T17:58:04","modified_gmt":"2022-05-20T17:58:04","slug":"apresentacoes","status":"publish","type":"page","link":"https:\/\/eventos.scielo.org\/rs1\/documentacao\/apresentacoes\/","title":{"rendered":"Apresenta\u00e7\u00f5es"},"content":{"rendered":"<p style=\"text-align: center;\"><iframe loading=\"lazy\" style=\"border: 1px solid #CCC; border-width: 1px 1px 0; margin-bottom: 5px;\" src=\"http:\/\/www.slideshare.net\/slideshow\/embed_code\/14016494\" frameborder=\"0\" marginwidth=\"0\" marginheight=\"0\" scrolling=\"no\" width=\"597\" height=\"486\"><\/iframe><\/p>\n<div style=\"margin-bottom: 5px; text-align: center;\"><strong> <a title=\"Introdu\u00e7\u00e3o ao uso de Redes Sociais na Comunica\u00e7\u00e3o Cient\u00edfica \" href=\"http:\/\/www.slideshare.net\/oatila\/introduo-ao-uso-de-redes-sociais-na-comunicao-cientfica\" target=\"_blank\" rel=\"noopener\">Introdu\u00e7\u00e3o ao uso de Redes Sociais na Comunica\u00e7\u00e3o Cient\u00edfica <\/a> <\/strong> from <strong><a href=\"http:\/\/www.slideshare.net\/oatila\" target=\"_blank\" rel=\"noopener\">oatila<\/a><\/strong><\/div>\n<p style=\"text-align: center;\"><iframe loading=\"lazy\" src=\"http:\/\/www.slideshare.net\/slideshow\/embed_code\/14038257\" width=\"597\" height=\"486\" frameborder=\"0\" marginwidth=\"0\" marginheight=\"0\" scrolling=\"no\" style=\"border:1px solid #CCC;border-width:1px 1px 0;margin-bottom:5px\" allowfullscreen=\"\"> <\/iframe><\/p>\n<div style=\"margin-bottom:5px; text-align: center;\"> <strong> <a href=\"http:\/\/www.slideshare.net\/scielo\/scielo-redes-sociais-orientaes\" title=\"Recomenda\u00e7\u00f5es do SciELO sobre redes sociais\" target=\"_blank\" rel=\"noopener\">Recomenda\u00e7\u00f5es do SciELO sobre redes sociais<\/a> <\/strong> from <strong><a href=\"http:\/\/www.slideshare.net\/scielo\" target=\"_blank\" rel=\"noopener\">scielo<\/a><\/strong><\/div>\n","protected":false},"excerpt":{"rendered":"<p>Introdu\u00e7\u00e3o ao uso de Redes Sociais na Comunica\u00e7\u00e3o Cient\u00edfica from oatila Recomenda\u00e7\u00f5es do SciELO sobre redes sociais from scielo<\/p>\n","protected":false},"author":3,"featured_media":0,"parent":45,"menu_order":0,"comment_status":"closed","ping_status":"open","template":"","meta":{"footnotes":""},"class_list":["post-55","page","type-page","status-publish","hentry"],"aioseo_notices":[],"_links":{"self":[{"href":"https:\/\/eventos.scielo.org\/rs1\/wp-json\/wp\/v2\/pages\/55","targetHints":{"allow":["GET"]}}],"collection":[{"href":"https:\/\/eventos.scielo.org\/rs1\/wp-json\/wp\/v2\/pages"}],"about":[{"href":"https:\/\/eventos.scielo.org\/rs1\/wp-json\/wp\/v2\/types\/page"}],"author":[{"embeddable":true,"href":"https:\/\/eventos.scielo.org\/rs1\/wp-json\/wp\/v2\/users\/3"}],"replies":[{"embeddable":true,"href":"https:\/\/eventos.scielo.org\/rs1\/wp-json\/wp\/v2\/comments?post=55"}],"version-history":[{"count":12,"href":"https:\/\/eventos.scielo.org\/rs1\/wp-json\/wp\/v2\/pages\/55\/revisions"}],"predecessor-version":[{"id":411,"href":"https:\/\/eventos.scielo.org\/rs1\/wp-json\/wp\/v2\/pages\/55\/revisions\/411"}],"up":[{"embeddable":true,"href":"https:\/\/eventos.scielo.org\/rs1\/wp-json\/wp\/v2\/pages\/45"}],"wp:attachment":[{"href":"https:\/\/eventos.scielo.org\/rs1\/wp-json\/wp\/v2\/media?parent=55"}],"curies":[{"name":"wp","href":"https:\/\/api.w.org\/{rel}","templated":true}]}}