{"id":80,"date":"2012-08-03T15:05:07","date_gmt":"2012-08-03T15:05:07","guid":{"rendered":"http:\/\/eventos.scielo.org\/rs1\/?page_id=80"},"modified":"2012-08-06T12:28:52","modified_gmt":"2012-08-06T12:28:52","slug":"inscricoes-sao-paulo-21082012","status":"publish","type":"page","link":"https:\/\/eventos.scielo.org\/rs1\/inscricao\/inscricoes-sao-paulo-21082012\/","title":{"rendered":"Inscri\u00e7\u00f5es &#8211; S\u00e3o Paulo 21\/08\/2012"},"content":{"rendered":"<div style=\"width:100%; text-align:left;\" ><iframe loading=\"lazy\"  src=\"http:\/\/www.eventbrite.com\/tickets-external?eid=4051590416&#038;ref=etckt\" frameborder=\"0\" height=\"192\" width=\"100%\" vspace=\"0\" hspace=\"0\" marginheight=\"5\" marginwidth=\"5\" scrolling=\"auto\" allowtransparency=\"true\"><\/iframe><\/p>\n<div style=\"font-family:Helvetica, Arial; font-size:10px; padding:5px 0 5px; margin:2px; width:100%; text-align:left;\" ><a style=\"color:#ddd; text-decoration:none;\" target=\"_blank\" href=\"http:\/\/www.eventbrite.com\/r\/etckt\">Event management<\/a><span style=\"color:#ddd;\"> for <\/span><a style=\"color:#ddd; text-decoration:none;\" target=\"_blank\" href=\"http:\/\/http:\/\/www.eventbrite.com\/event\/4051590416?ref=etckt\">Semin\u00e1rio de Introdu\u00e7\u00e3o ao Uso das Redes Sociais na Comunica\u00e7\u00e3o Cient\u00edfica &#8211; S\u00e3o Paulo 21\/08\/2012<\/a> <span style=\"color:#ddd;\">powered by<\/span> <a style=\"color:#ddd; text-decoration:none;\" target=\"_blank\" href=\"http:\/\/www.eventbrite.com?ref=etckt\">Eventbrite<\/a><\/div>\n<\/div>\n","protected":false},"excerpt":{"rendered":"<p>Event management for Semin\u00e1rio de Introdu\u00e7\u00e3o ao Uso das Redes Sociais na Comunica\u00e7\u00e3o Cient\u00edfica &#8211; S\u00e3o Paulo 21\/08\/2012 powered by Eventbrite<\/p>\n","protected":false},"author":3,"featured_media":0,"parent":52,"menu_order":0,"comment_status":"closed","ping_status":"closed","template":"","meta":{"footnotes":""},"class_list":["post-80","page","type-page","status-publish","hentry"],"aioseo_notices":[],"_links":{"self":[{"href":"https:\/\/eventos.scielo.org\/rs1\/wp-json\/wp\/v2\/pages\/80","targetHints":{"allow":["GET"]}}],"collection":[{"href":"https:\/\/eventos.scielo.org\/rs1\/wp-json\/wp\/v2\/pages"}],"about":[{"href":"https:\/\/eventos.scielo.org\/rs1\/wp-json\/wp\/v2\/types\/page"}],"author":[{"embeddable":true,"href":"https:\/\/eventos.scielo.org\/rs1\/wp-json\/wp\/v2\/users\/3"}],"replies":[{"embeddable":true,"href":"https:\/\/eventos.scielo.org\/rs1\/wp-json\/wp\/v2\/comments?post=80"}],"version-history":[{"count":17,"href":"https:\/\/eventos.scielo.org\/rs1\/wp-json\/wp\/v2\/pages\/80\/revisions"}],"predecessor-version":[{"id":112,"href":"https:\/\/eventos.scielo.org\/rs1\/wp-json\/wp\/v2\/pages\/80\/revisions\/112"}],"up":[{"embeddable":true,"href":"https:\/\/eventos.scielo.org\/rs1\/wp-json\/wp\/v2\/pages\/52"}],"wp:attachment":[{"href":"https:\/\/eventos.scielo.org\/rs1\/wp-json\/wp\/v2\/media?parent=80"}],"curies":[{"name":"wp","href":"https:\/\/api.w.org\/{rel}","templated":true}]}}