{"id":15,"date":"2016-02-03T13:48:25","date_gmt":"2016-02-03T13:48:25","guid":{"rendered":"http:\/\/eventos.scielo.org\/taller2016\/?page_id=15"},"modified":"2016-06-14T13:11:05","modified_gmt":"2016-06-14T13:11:05","slug":"programa","status":"publish","type":"page","link":"https:\/\/eventos.scielo.org\/taller2016\/programa\/","title":{"rendered":"Programa"},"content":{"rendered":"<div style=\"background: #890000; color: #ffffff; font-weight: bold; border-width: thin; border-radius: 5px; box-shadow: 2px 2px 2px #CCCCCC; padding: 2px;\"><a style=\"color: white;\" href=\"#1\"><strong>D\u00eda 06\/06\/2016 &#8211; Lunes<\/strong><\/a><\/div>\n<div id=\"dia1\" style=\"padding-top: 2%;\">\n<div style=\"border-bottom: 1px dashed #800000;\"><span style=\"color: #800000;\">09:00 \u2013 09:30<\/span><\/div>\n<p style=\"padding-left: 30px; padding-top: 3%; font-size: 18px; color: #4d4f50;\"><strong>Apertura<\/strong><\/p>\n<p style=\"padding-left: 60px;\"><strong>&#8211; Palabras de Bienvenida<\/strong><br \/>\n<em>\u00bb\u00bb Abel L. Packer<\/em>, Diretor del Programa SciELO\/FAPESP<\/p>\n<div style=\"border-bottom: 1px dashed #800000;\"><span style=\"color: #800000;\">09:30 \u2013 11:00<\/span><\/div>\n<p style=\"padding-left: 30px; padding-top: 3%; font-size: 18px; color: #4d4f50;\"><strong>Presentaci\u00f3n<\/strong><\/p>\n<p style=\"padding-left: 60px;\"><strong>&#8211; Presentaci\u00f3n del curso<\/strong><br \/>\n<em>\u00bb\u00bb Solange Santos<\/em><\/p>\n<p style=\"padding-left: 60px;\"><strong>&#8211; Introducci\u00f3n al modelo SciELO de publicaci\u00f3n electr\u00f3nico <a href=\"http:\/\/pt.slideshare.net\/scielo\/lneas-de-accin-2014-a-2016-y-desafos-de-la-migracin-para-el-flujo-de-publicacin-en-xml-solange-santos\" target=\"_blank\"><img loading=\"lazy\" decoding=\"async\" style=\"text-alignment: bottom;\" src=\"http:\/\/eventos.scielo.org\/ivreuniaoscielo\/files\/2014\/12\/download.png\" alt=\"download\" width=\"15\" height=\"16\" \/><\/a><\/strong><br \/>\n<em>\u00bb\u00bb Solange Santos<\/em><\/p>\n<div style=\"border-bottom: 1px dashed #800000;\"><span style=\"color: #800000;\">11:00 \u2013 13:00<\/span><\/div>\n<p style=\"padding-left: 30px; padding-top: 3%; font-size: 18px; color: #4d4f50;\"><strong>Presentaci\u00f3n<\/strong><\/p>\n<p style=\"padding-left: 60px;\"><strong>&#8211; Journal Manager, herramienta web de gesti\u00f3n de colecci\u00f3n <a href=\"http:\/\/pt.slideshare.net\/scielo\/scielo-journal-manager-utilizacin-del-sistema-de-gestin-y-registro-de-revistas-scielo-equipo-produccin-scielo-brasil\" target=\"_blank\"><img loading=\"lazy\" decoding=\"async\" style=\"text-alignment: bottom;\" src=\"http:\/\/eventos.scielo.org\/ivreuniaoscielo\/files\/2014\/12\/download.png\" alt=\"download\" width=\"15\" height=\"16\" \/><\/a><br \/>\n&#8211; Uso del Journal Manager<\/strong><br \/>\n<em>\u00bb\u00bb Javani Araujo<\/em><br \/>\n<em>\u00bb\u00bb Renata Postalli<\/em><\/p>\n<div style=\"border-bottom: 1px dashed #800000;\"><span style=\"color: #800000;\">13:00 \u2013 14:00<\/span><\/div>\n<p style=\"padding-left: 30px; padding-top: 3%; font-size: 18px; color: #4d4f50;\"><strong>Almuerzo<\/strong><\/p>\n<div style=\"border-bottom: 1px dashed #800000;\"><span style=\"color: #800000;\">14:00 \u2013 16:30<\/span><\/div>\n<p style=\"padding-left: 30px; padding-top: 3%; font-size: 18px; color: #4d4f50;\"><strong>Actividad Pr\u00e1ctica<\/strong><\/p>\n<p style=\"padding-left: 60px;\"><strong>&#8211; Uso del Journal Manager<br \/>\n&#8211; Creaci\u00f3n de una nueva revista<br \/>\n&#8211; Creaci\u00f3n de un fasc\u00edculo de revista<\/strong><br \/>\n<em>\u00bb\u00bb Javani Araujo<\/em><\/p>\n<div style=\"border-bottom: 1px dashed #800000;\"><span style=\"color: #800000;\">16:30 \u2013 17:00<\/span><\/div>\n<p style=\"padding-left: 30px; padding-top: 3%; font-size: 18px; color: #4d4f50;\"><strong>Revisi\u00f3n<\/strong><\/p>\n<p style=\"padding-left: 60px;\"><strong>&#8211; Temas del d\u00eda<\/strong><br \/>\n<em>\u00bb\u00bb Equipo T\u00e9cnico<\/em><\/p>\n<\/div>\n<div style=\"background: #890000; color: #ffffff; font-weight: bold; border-width: thin; border-radius: 5px; box-shadow: 2px 2px 2px #CCCCCC; padding: 2px; margin-top: 2%;\"><a style=\"color: white;\" href=\"#2\"><strong>D\u00eda 07\/06\/2016 &#8211; Martes<\/strong><\/a><\/div>\n<div id=\"dia2\" style=\"padding-top: 2%;\">\n<div style=\"border-bottom: 1px dashed #800000;\"><span style=\"color: #800000;\">09:00 \u2013 13:00<\/span><\/div>\n<p style=\"padding-left: 30px; padding-top: 3%; font-size: 18px; color: #4d4f50;\"><strong>Presentaci\u00f3n<\/strong><\/p>\n<p style=\"padding-left: 60px;\"><strong>&#8211; Preparaci\u00f3n de archivos para marcaci\u00f3n <a href=\"https:\/\/pt.slideshare.net\/scielo\/preparacin-de-archivos-para-marcacin-equipo-produccin-scielo-brasil\/\" target=\"_blank\"><img loading=\"lazy\" decoding=\"async\" style=\"text-alignment: bottom;\" src=\"http:\/\/eventos.scielo.org\/ivreuniaoscielo\/files\/2014\/12\/download.png\" alt=\"download\" width=\"15\" height=\"16\" \/><\/a><br \/>\n&#8211; Utilizaci\u00f3n del programa de marcaci\u00f3n (Markup) <a href=\"https:\/\/pt.slideshare.net\/scielo\/el-programa-de-marcaciny-sus-cambios-equipo-produccin-scielo-brasil\/\" target=\"_blank\"><img loading=\"lazy\" decoding=\"async\" style=\"text-alignment: bottom;\" src=\"http:\/\/eventos.scielo.org\/ivreuniaoscielo\/files\/2014\/12\/download.png\" alt=\"download\" width=\"15\" height=\"16\" \/><\/a><\/strong><br \/>\n<em>\u00bb\u00bb Let\u00edcia Aquino<\/em><br \/>\n<em>\u00bb\u00bb Javani Araujo<\/em><br \/>\n<em>\u00bb\u00bb Luana Fernandes<\/em><\/p>\n<div style=\"border-bottom: 1px dashed #800000;\"><span style=\"color: #800000;\">13:00 \u2013 14:00<\/span><\/div>\n<p style=\"padding-left: 30px; padding-top: 3%; font-size: 18px; color: #4d4f50;\"><strong>Almuerzo<\/strong><\/p>\n<div style=\"border-bottom: 1px dashed #800000;\"><span style=\"color: #800000;\">14:00 \u2013 16:30<\/span><\/div>\n<p style=\"padding-left: 30px; padding-top: 3%; font-size: 18px; color: #4d4f50;\"><strong>Actividad Pr\u00e1ctica<\/strong><\/p>\n<p style=\"padding-left: 60px;\"><strong>&#8211; Utilizaci\u00f3n del programa Markup<br \/>\n&#8211; Generaci\u00f3n del archivo XML<\/strong><br \/>\n<em>\u00bb\u00bb\u00a0Let\u00edcia Aquino<\/em><br \/>\n<em>\u00bb\u00bb Javani Araujo<\/em><br \/>\n<em>\u00bb\u00bb Luana Fernandes<\/em><\/p>\n<div style=\"border-bottom: 1px dashed #800000;\"><span style=\"color: #800000;\">16:30 \u2013 17:00<\/span><\/div>\n<p style=\"padding-left: 30px; padding-top: 3%; font-size: 18px; color: #4d4f50;\"><strong>Revisi\u00f3n<\/strong><\/p>\n<p style=\"padding-left: 60px;\"><strong>&#8211; Temas del d\u00eda<\/strong><br \/>\n<em>\u00bb\u00bb Equipo T\u00e9cnica<\/em><\/p>\n<\/div>\n<div style=\"background: #890000; color: #ffffff; font-weight: bold; border-width: thin; border-radius: 5px; box-shadow: 2px 2px 2px #CCCCCC; padding: 2px; margin-top: 2%;\"><a style=\"color: white;\" href=\"#3\"><strong>D\u00eda 08\/06\/2016 &#8211; Mi\u00e9rcoles<\/strong><\/a><\/div>\n<div id=\"dia3\" style=\"padding-top: 2%;\">\n<div style=\"border-bottom: 1px dashed #800000;\"><span style=\"color: #800000;\">09:00 \u2013 13:00<\/span><\/div>\n<p style=\"padding-left: 30px; padding-top: 3%; font-size: 18px; color: #4d4f50;\"><strong>Actividad Pr\u00e1ctica<\/strong><\/p>\n<p style=\"padding-left: 60px;\"><strong>&#8211; Utilizaci\u00f3n del programa Markup (continuaci\u00f3n)<br \/>\n&#8211; Generaci\u00f3n del XML y verificaci\u00f3n del informe de errores del Markup <a href=\"https:\/\/pt.slideshare.net\/scielo\/marcacin-generacin-de-xml-y-verificacin-de-los-informes-del-programa-equipo-produccin-scielo-brasil\/\" target=\"_blank\"><img loading=\"lazy\" decoding=\"async\" style=\"text-alignment: bottom;\" src=\"http:\/\/eventos.scielo.org\/ivreuniaoscielo\/files\/2014\/12\/download.png\" alt=\"download\" width=\"15\" height=\"16\" \/><\/a><\/strong><br \/>\n<em>\u00bb\u00bb\u00a0Let\u00edcia Aquino<\/em><br \/>\n<em>\u00bb\u00bb Javani Araujo<\/em><br \/>\n<em>\u00bb\u00bb Luana Fernandes<\/em><\/p>\n<div style=\"border-bottom: 1px dashed #800000;\"><span style=\"color: #800000;\">13:00 \u2013 14:00<\/span><\/div>\n<p style=\"padding-left: 30px; padding-top: 3%; font-size: 18px; color: #4d4f50;\"><strong>Almuerzo<\/strong><\/p>\n<div style=\"border-bottom: 1px dashed #800000;\"><span style=\"color: #800000;\">14:00 \u2013 16:30<\/span><\/div>\n<p style=\"padding-left: 30px; padding-top: 3%; font-size: 18px; color: #4d4f50;\"><strong>Presentaci\u00f3n<\/strong><\/p>\n<p style=\"padding-left: 60px;\"><strong>&#8211; Utilizaci\u00f3n del del programa Markup<br \/>\n&#8211; Generaci\u00f3n del XML y verificaci\u00f3n del informe de errores del Markup<\/strong><br \/>\n<em>\u00bb\u00bb\u00a0Let\u00edcia Aquino<\/em><br \/>\n<em>\u00bb\u00bb Javani Araujo<\/em><br \/>\n<em>\u00bb\u00bb Luana Fernandes<\/em><\/p>\n<\/div>\n<div style=\"background: #890000; color: #ffffff; font-weight: bold; border-width: thin; border-radius: 5px; box-shadow: 2px 2px 2px #CCCCCC; padding: 2px; margin-top: 2%;\"><a style=\"color: white;\" href=\"#4\"><strong>D\u00eda 09\/06\/2016 &#8211; Jueves<\/strong><\/a><\/div>\n<div id=\"dia4\" style=\"padding-top: 2%;\">\n<div style=\"border-bottom: 1px dashed #800000;\"><span style=\"color: #800000;\">09:00 \u2013 13:00<\/span><\/div>\n<p style=\"padding-left: 30px; padding-top: 3%; font-size: 18px; color: #4d4f50;\"><strong>Presentaci\u00f3n<\/strong><\/p>\n<p style=\"padding-left: 60px;\"><strong>&#8211; Control de calidad de los n\u00fameros antes del env\u00edo para procesamiento <a href=\"https:\/\/pt.slideshare.net\/scielo\/control-de-calidadde-los-nmeros-antes-del-envo-para-procesamiento-equipo-produccin-scielo-brasil\/\" target=\"_blank\"><img loading=\"lazy\" decoding=\"async\" style=\"text-alignment: bottom;\" src=\"http:\/\/eventos.scielo.org\/ivreuniaoscielo\/files\/2014\/12\/download.png\" alt=\"download\" width=\"15\" height=\"16\" \/><\/a> <a href=\"https:\/\/pt.slideshare.net\/scielo\/control-calidad-visual-sitio-local-equipo-produccin-scielo-brasil\/\" target=\"_blank\"><img loading=\"lazy\" decoding=\"async\" style=\"text-alignment: bottom;\" src=\"http:\/\/eventos.scielo.org\/ivreuniaoscielo\/files\/2014\/12\/download.png\" alt=\"download\" width=\"15\" height=\"16\" \/><\/a><br \/>\n&#8211; Creaci\u00f3n de bases para procesamiento Generaci\u00f3n del sitio local <a href=\"https:\/\/pt.slideshare.net\/scielo\/generacin-del-sitio-local-equipo-produccin-scielo-brasil\/\" target=\"_blank\"><img loading=\"lazy\" decoding=\"async\" style=\"text-alignment: bottom;\" src=\"http:\/\/eventos.scielo.org\/ivreuniaoscielo\/files\/2014\/12\/download.png\" alt=\"download\" width=\"15\" height=\"16\" \/><\/a><\/strong><br \/>\n<em>\u00bb\u00bb\u00a0Suely Lucena<\/em><br \/>\n<em>\u00bb\u00bb Renata Postalli<\/em><br \/>\n<em>\u00bb\u00bb Javani Araujo <\/em><\/p>\n<div style=\"border-bottom: 1px dashed #800000;\"><span style=\"color: #800000;\">13:00 \u2013 14:00<\/span><\/div>\n<p style=\"padding-left: 30px; padding-top: 3%; font-size: 18px; color: #4d4f50;\"><strong>Almuerzo<\/strong><\/p>\n<div style=\"border-bottom: 1px dashed #800000;\"><span style=\"color: #800000;\">14:00 \u2013 16:30<\/span><\/div>\n<p style=\"padding-left: 30px; padding-top: 3%; font-size: 18px; color: #4d4f50;\"><strong>Presentaci\u00f3n<\/strong><\/p>\n<p style=\"padding-left: 60px;\"><strong>&#8211; Control de calidad del sitio local<\/strong><br \/>\n<em>\u00bb\u00bb\u00a0Suely Lucena<\/em><br \/>\n<em>\u00bb\u00bb Renata Postalli<\/em><br \/>\n<em>\u00bb\u00bb Javani Araujo<\/em><\/p>\n<\/div>\n<div style=\"background: #890000; color: #ffffff; font-weight: bold; border-width: thin; border-radius: 5px; box-shadow: 2px 2px 2px #CCCCCC; padding: 2px; margin-top: 2%;\"><a style=\"color: white;\" href=\"#5\"><strong>D\u00eda 10\/06\/2016 &#8211; Viernes<\/strong><\/a><\/div>\n<div id=\"dia5\" style=\"padding-top: 2%;\">\n<div style=\"border-bottom: 1px dashed #800000;\"><span style=\"color: #800000;\">09:00 \u2013 12:30<\/span><\/div>\n<p style=\"padding-left: 30px; padding-top: 3%; font-size: 18px; color: #4d4f50;\"><strong>Presentaci\u00f3n<\/strong><\/p>\n<p style=\"padding-left: 60px;\"><strong>&#8211; Revisi\u00f3n General del contenido del Taller<\/strong><br \/>\n<em>\u00bb\u00bb\u00a0Suely Lucena<\/em><br \/>\n<em>\u00bb\u00bb Let\u00edcia Aquino<\/em><br \/>\n<em>\u00bb\u00bb Javani Araujo<\/em><br \/>\n<em>\u00bb\u00bb Luana Fernandes<\/em><br \/>\n<em>\u00bb\u00bb Solange Santos<\/em><\/p>\n<div style=\"border-bottom: 1px dashed #800000;\"><span style=\"color: #800000;\">12:30 \u2013 13:00<\/span><\/div>\n<p style=\"padding-left: 30px; padding-top: 3%; font-size: 18px; color: #4d4f50;\"><strong>Presentaci\u00f3n<\/strong><\/p>\n<p style=\"padding-left: 60px;\"><strong>&#8211; Plataforma tecnol\u00f3gica de SciELO <a href=\"https:\/\/pt.slideshare.net\/scielo\/plataforma-scielo-avanos-entre-2013-e-2016-fabio-batalha-c-santos\/\" target=\"_blank\"><img loading=\"lazy\" decoding=\"async\" style=\"text-alignment: bottom;\" src=\"http:\/\/eventos.scielo.org\/ivreuniaoscielo\/files\/2014\/12\/download.png\" alt=\"download\" width=\"15\" height=\"16\" \/><\/a><\/strong><br \/>\n<em>\u00bb\u00bb\u00a0Fabio Batalha<\/em><\/p>\n<div style=\"border-bottom: 1px dashed #800000;\"><span style=\"color: #800000;\">13:00 \u2013 14:00<\/span><\/div>\n<p style=\"padding-left: 30px; padding-top: 3%; font-size: 18px; color: #4d4f50;\"><strong>Almuerzo<\/strong><\/p>\n<div style=\"border-bottom: 1px dashed #800000;\"><span style=\"color: #800000;\">14:30 \u2013 14:50<\/span><\/div>\n<p style=\"padding-left: 30px; padding-top: 3%; font-size: 18px; color: #4d4f50;\"><strong>Presentaci\u00f3n<\/strong><\/p>\n<p style=\"padding-left: 60px;\"><strong>&#8211; Crit\u00e9rios SciELO <a href=\"https:\/\/pt.slideshare.net\/scielo\/critrios-scielo-brasil-aumentando-la-visibilidad-y-el-impacto-de-las-revistas-cientficas-denise-peres-sales\/\" target=\"_blank\"><img loading=\"lazy\" decoding=\"async\" style=\"text-alignment: bottom;\" src=\"http:\/\/eventos.scielo.org\/ivreuniaoscielo\/files\/2014\/12\/download.png\" alt=\"download\" width=\"15\" height=\"16\" \/><\/a><\/strong><br \/>\n<em>\u00bb\u00bb\u00a0Denise Peres\/Solange Santos<\/em><\/p>\n<div style=\"border-bottom: 1px dashed #800000;\"><span style=\"color: #800000;\">14:50 \u2013 15:10<\/span><\/div>\n<p style=\"padding-left: 30px; padding-top: 3%; font-size: 18px; color: #4d4f50;\"><strong>Presentaci\u00f3n<\/strong><\/p>\n<p style=\"padding-left: 60px;\"><strong>&#8211; Blog SciELO y sistemas de gesti\u00f3n editorial <a href=\"https:\/\/pt.slideshare.net\/scielo\/blog-scielo-y-sistemas-de-gestin-editorial-alex-mendona\/\" target=\"_blank\"><img loading=\"lazy\" decoding=\"async\" style=\"text-alignment: bottom;\" src=\"http:\/\/eventos.scielo.org\/ivreuniaoscielo\/files\/2014\/12\/download.png\" alt=\"download\" width=\"15\" height=\"16\" \/><\/a><\/strong><br \/>\n<em>\u00bb\u00bb Alex Mendon\u00e7a<\/em><\/p>\n<div style=\"border-bottom: 1px dashed #800000;\"><span style=\"color: #800000;\">15:10 \u2013 15:30<\/span><\/div>\n<p style=\"padding-left: 30px; padding-top: 3%; font-size: 18px; color: #4d4f50;\"><strong>Presentaci\u00f3n<\/strong><\/p>\n<p style=\"padding-left: 60px;\"><strong>&#8211; SciELO Libros &#8211; para la preservaci\u00f3n y la visibilidad de los libros digitales <a href=\"https:\/\/pt.slideshare.net\/scielo\/para-la-preservacin-y-la-visibilidad-de-los-libros-digitales-amanda-ramalho\/\" target=\"_blank\"><img loading=\"lazy\" decoding=\"async\" style=\"text-alignment: bottom;\" src=\"http:\/\/eventos.scielo.org\/ivreuniaoscielo\/files\/2014\/12\/download.png\" alt=\"download\" width=\"15\" height=\"16\" \/><\/a><\/strong><br \/>\n<em>\u00bb\u00bb Amanda Ramalho<\/em><\/p>\n<div style=\"border-bottom: 1px dashed #800000;\"><span style=\"color: #800000;\">15:30 \u2013 16:00<\/span><\/div>\n<p style=\"padding-left: 30px; padding-top: 3%; font-size: 18px; color: #4d4f50;\"><strong>Presentaci\u00f3n<\/strong><\/p>\n<p style=\"padding-left: 60px;\"><strong>&#8211; Modelo de sustentabilidad financiera de las revistas basado en <em>Article Processing Charge<\/em> (APC) <a href=\"https:\/\/pt.slideshare.net\/scielo\/modelo-de-sustentabilidad-financiera-de-las-revistas-basado-en-article-processing-charge-apc-lus-gustavo-gomes\/\" target=\"_blank\"><img loading=\"lazy\" decoding=\"async\" style=\"text-alignment: bottom;\" src=\"http:\/\/eventos.scielo.org\/ivreuniaoscielo\/files\/2014\/12\/download.png\" alt=\"download\" width=\"15\" height=\"16\" \/><\/a><\/strong><br \/>\n<em>\u00bb\u00bb\u00a0Luis Gustavo<\/em><\/p>\n<div style=\"border-bottom: 1px dashed #800000;\"><span style=\"color: #800000;\">16:00 \u2013 17:00<\/span><\/div>\n<p style=\"padding-left: 30px; padding-top: 3%; font-size: 18px; color: #4d4f50;\"><strong>Clausura<\/strong><\/p>\n<p style=\"padding-left: 60px;\"><strong>&#8211; Evaluaci\u00f3n del Taller<br \/>\n&#8211; Conclusi\u00f3n y recomendaciones<\/strong><br \/>\n<em>\u00bb\u00bb Solange Santos<\/em><br \/>\n<em>\u00bb\u00bb Javani Araujo<\/em><br \/>\n<em>\u00bb\u00bb Renata Postalli<\/em><br \/>\n<em>\u00bb\u00bb Suely Lucena<\/em><br \/>\n<em>\u00bb\u00bb Let\u00edcia Aquino<\/em><br \/>\n<em>\u00bb\u00bb Luana Fernandes<\/em><\/p>\n<\/div>\n","protected":false},"excerpt":{"rendered":"<p>D\u00eda 06\/06\/2016 &#8211; Lunes 09:00 \u2013 09:30 Apertura &#8211; Palabras de Bienvenida \u00bb\u00bb Abel L. Packer, Diretor del Programa SciELO\/FAPESP 09:30 \u2013 11:00 Presentaci\u00f3n &#8211; Presentaci\u00f3n del curso \u00bb\u00bb Solange Santos &#8211; Introducci\u00f3n al modelo SciELO de publicaci\u00f3n electr\u00f3nico \u00bb\u00bb &hellip; <a href=\"https:\/\/eventos.scielo.org\/taller2016\/programa\/\">Continue reading <span class=\"meta-nav\">&rarr;<\/span><\/a><\/p>\n","protected":false},"author":3,"featured_media":0,"parent":0,"menu_order":0,"comment_status":"closed","ping_status":"closed","template":"","meta":{"footnotes":""},"class_list":["post-15","page","type-page","status-publish","hentry"],"aioseo_notices":[],"_links":{"self":[{"href":"https:\/\/eventos.scielo.org\/taller2016\/wp-json\/wp\/v2\/pages\/15","targetHints":{"allow":["GET"]}}],"collection":[{"href":"https:\/\/eventos.scielo.org\/taller2016\/wp-json\/wp\/v2\/pages"}],"about":[{"href":"https:\/\/eventos.scielo.org\/taller2016\/wp-json\/wp\/v2\/types\/page"}],"author":[{"embeddable":true,"href":"https:\/\/eventos.scielo.org\/taller2016\/wp-json\/wp\/v2\/users\/3"}],"replies":[{"embeddable":true,"href":"https:\/\/eventos.scielo.org\/taller2016\/wp-json\/wp\/v2\/comments?post=15"}],"version-history":[{"count":18,"href":"https:\/\/eventos.scielo.org\/taller2016\/wp-json\/wp\/v2\/pages\/15\/revisions"}],"predecessor-version":[{"id":54,"href":"https:\/\/eventos.scielo.org\/taller2016\/wp-json\/wp\/v2\/pages\/15\/revisions\/54"}],"wp:attachment":[{"href":"https:\/\/eventos.scielo.org\/taller2016\/wp-json\/wp\/v2\/media?parent=15"}],"curies":[{"name":"wp","href":"https:\/\/api.w.org\/{rel}","templated":true}]}}