{"id":7,"date":"2014-06-05T19:59:47","date_gmt":"2014-06-05T19:59:47","guid":{"rendered":"http:\/\/eventos.scielo.org\/viccscielolivros\/?page_id=7"},"modified":"2014-06-27T11:47:51","modified_gmt":"2014-06-27T11:47:51","slug":"programacao","status":"publish","type":"page","link":"https:\/\/eventos.scielo.org\/viccscielolivros\/programacao\/","title":{"rendered":"Programa\u00e7\u00e3o"},"content":{"rendered":"<p><strong style=\"color: #373737;\">VI\u00a0Reuni\u00e3o Comit\u00ea Consultivo SciELO Livros<\/strong><\/p>\n<p><strong>27 de Junho de 2014<\/strong><\/p>\n<p><strong>13:00 \u2013 13:15<\/strong><\/p>\n<p><span style=\"color: #800000;\">Abertura e apresenta\u00e7\u00e3o dos objetivos da reuni\u00e3o<\/span><\/p>\n<ul>\n<li><em>Abel L. Packer<\/em><\/li>\n<\/ul>\n<p><strong>13:15 \u2013 13:45<\/strong><\/p>\n<p><span style=\"color: #800000;\">Avalia\u00e7\u00e3o de inclus\u00e3o de novas editoras: Mackenzie<\/span><\/p>\n<ul>\n<li><em>Todos os participantes<\/em><\/li>\n<\/ul>\n<p><strong>13:45\u00a0\u2013 14:15<\/strong><\/p>\n<p><span style=\"color: #800000;\">Avalia\u00e7\u00e3o de inclus\u00e3o da cole\u00e7\u00e3o: &#8220;Sa\u00fade Brasil 2030, FIOCRUZ&#8221;<\/span><\/p>\n<ul>\n<li><em>Todos os participantes<\/em><\/li>\n<\/ul>\n<p><strong>14:15\u00a0\u2013 14:45<\/strong><\/p>\n<p><span style=\"color: #800000;\">Avalia\u00e7\u00e3o de inclus\u00e3o de livros acad\u00eamicos da Editora FIOCRUZ e EDUFBA\u00a0<\/span><\/p>\n<ul>\n<li><em>Todos os participantes<\/em><\/li>\n<\/ul>\n<p><strong>14:45\u00a0\u2013 16:00<\/strong><\/p>\n<p>Outros temas<\/p>\n<p style=\"padding-left: 30px;\"><span style=\"color: #800000;\">Defini\u00e7\u00e3o da pol\u00edtica de publica\u00e7\u00e3o de dicion\u00e1rios<br \/>\nAvalia\u00e7\u00e3o de Inclus\u00e3o da Cole\u00e7\u00e3o SciELO Proceedings<br \/>\nAdo\u00e7\u00e3o da atribui\u00e7\u00e3o CC-BY<\/span><\/p>\n<ul>\n<li><em>Todos os participantes<\/em><\/li>\n<\/ul>\n<p><strong>16:00 \u2013 16:30<\/strong><\/p>\n<p><span style=\"color: #800000;\">Conclus\u00f5es e recomenda\u00e7\u00f5es<\/span><\/p>\n<ul>\n<li><em>Todos os participantes<\/em><\/li>\n<\/ul>\n","protected":false},"excerpt":{"rendered":"<p>VI\u00a0Reuni\u00e3o Comit\u00ea Consultivo SciELO Livros 27 de Junho de 2014 13:00 \u2013 13:15 Abertura e apresenta\u00e7\u00e3o dos objetivos da reuni\u00e3o Abel L. Packer 13:15 \u2013 13:45 Avalia\u00e7\u00e3o de inclus\u00e3o de novas editoras: Mackenzie Todos os participantes 13:45\u00a0\u2013 14:15 Avalia\u00e7\u00e3o de &hellip; <a href=\"https:\/\/eventos.scielo.org\/viccscielolivros\/programacao\/\">Continue reading <span class=\"meta-nav\">&rarr;<\/span><\/a><\/p>\n","protected":false},"author":16,"featured_media":0,"parent":0,"menu_order":0,"comment_status":"closed","ping_status":"closed","template":"","meta":{"footnotes":""},"class_list":["post-7","page","type-page","status-publish","hentry"],"aioseo_notices":[],"_links":{"self":[{"href":"https:\/\/eventos.scielo.org\/viccscielolivros\/wp-json\/wp\/v2\/pages\/7","targetHints":{"allow":["GET"]}}],"collection":[{"href":"https:\/\/eventos.scielo.org\/viccscielolivros\/wp-json\/wp\/v2\/pages"}],"about":[{"href":"https:\/\/eventos.scielo.org\/viccscielolivros\/wp-json\/wp\/v2\/types\/page"}],"author":[{"embeddable":true,"href":"https:\/\/eventos.scielo.org\/viccscielolivros\/wp-json\/wp\/v2\/users\/16"}],"replies":[{"embeddable":true,"href":"https:\/\/eventos.scielo.org\/viccscielolivros\/wp-json\/wp\/v2\/comments?post=7"}],"version-history":[{"count":7,"href":"https:\/\/eventos.scielo.org\/viccscielolivros\/wp-json\/wp\/v2\/pages\/7\/revisions"}],"predecessor-version":[{"id":31,"href":"https:\/\/eventos.scielo.org\/viccscielolivros\/wp-json\/wp\/v2\/pages\/7\/revisions\/31"}],"wp:attachment":[{"href":"https:\/\/eventos.scielo.org\/viccscielolivros\/wp-json\/wp\/v2\/media?parent=7"}],"curies":[{"name":"wp","href":"https:\/\/api.w.org\/{rel}","templated":true}]}}