{"id":5,"date":"2012-02-23T17:29:06","date_gmt":"2012-02-23T17:29:06","guid":{"rendered":"http:\/\/eventos.scielo.org\/vicgscielolivros\/?page_id=5"},"modified":"2012-02-24T16:59:17","modified_gmt":"2012-02-24T16:59:17","slug":"apresentacao","status":"publish","type":"page","link":"https:\/\/eventos.scielo.org\/vicgscielolivros\/","title":{"rendered":"Apresenta\u00e7\u00e3o"},"content":{"rendered":"<p><strong>S\u00e3o Paulo, 02 de mar\u00e7o de 2012<\/strong><\/p>\n<p><strong>Termos de refer\u00eancia:\u00a0<\/strong>Aprova\u00e7\u00e3o e discuss\u00e3o do marco institucional e operacional do SciELO Livros, dos tr\u00e2mites de lan\u00e7amento do Portal e de documentos relacionados ao projeto.<\/p>\n","protected":false},"excerpt":{"rendered":"<p>S\u00e3o Paulo, 02 de mar\u00e7o de 2012 Termos de refer\u00eancia:\u00a0Aprova\u00e7\u00e3o e discuss\u00e3o do marco institucional e operacional do SciELO Livros, dos tr\u00e2mites de lan\u00e7amento do Portal e de documentos relacionados ao projeto.<\/p>\n","protected":false},"author":1,"featured_media":0,"parent":0,"menu_order":0,"comment_status":"closed","ping_status":"closed","template":"","meta":{"footnotes":""},"class_list":["post-5","page","type-page","status-publish","hentry"],"aioseo_notices":[],"_links":{"self":[{"href":"https:\/\/eventos.scielo.org\/vicgscielolivros\/wp-json\/wp\/v2\/pages\/5","targetHints":{"allow":["GET"]}}],"collection":[{"href":"https:\/\/eventos.scielo.org\/vicgscielolivros\/wp-json\/wp\/v2\/pages"}],"about":[{"href":"https:\/\/eventos.scielo.org\/vicgscielolivros\/wp-json\/wp\/v2\/types\/page"}],"author":[{"embeddable":true,"href":"https:\/\/eventos.scielo.org\/vicgscielolivros\/wp-json\/wp\/v2\/users\/1"}],"replies":[{"embeddable":true,"href":"https:\/\/eventos.scielo.org\/vicgscielolivros\/wp-json\/wp\/v2\/comments?post=5"}],"version-history":[{"count":7,"href":"https:\/\/eventos.scielo.org\/vicgscielolivros\/wp-json\/wp\/v2\/pages\/5\/revisions"}],"predecessor-version":[{"id":34,"href":"https:\/\/eventos.scielo.org\/vicgscielolivros\/wp-json\/wp\/v2\/pages\/5\/revisions\/34"}],"wp:attachment":[{"href":"https:\/\/eventos.scielo.org\/vicgscielolivros\/wp-json\/wp\/v2\/media?parent=5"}],"curies":[{"name":"wp","href":"https:\/\/api.w.org\/{rel}","templated":true}]}}