{"id":9,"date":"2012-04-24T15:36:20","date_gmt":"2012-04-24T15:36:20","guid":{"rendered":"http:\/\/eventos.scielo.org\/viicgscielolivros\/?page_id=9"},"modified":"2012-05-21T13:13:16","modified_gmt":"2012-05-21T13:13:16","slug":"programacao","status":"publish","type":"page","link":"https:\/\/eventos.scielo.org\/viicgscielolivros\/programacao\/","title":{"rendered":"Programa\u00e7\u00e3o"},"content":{"rendered":"<p><strong>VI Reuni\u00e3o Comit\u00ea Gestor SciELO Livros<\/strong><\/p>\n<p><strong>Segunda-feira, 14 de maio de 2012<\/strong><\/p>\n<p><strong>14:00 &#8211; 14:05<\/strong><\/p>\n<p><span style=\"color: #800000;\">Abertura. Boas vindas. Revis\u00e3o da agenda.<\/span><\/p>\n<ul>\n<li><em>Todos os Participantes<\/em><\/li>\n<\/ul>\n<p><strong>14:05 &#8211; 14:15<\/strong><\/p>\n<p><span style=\"color: #800000;\">Avalia\u00e7\u00e3o do lan\u00e7amento e rea\u00e7\u00f5es<\/span><\/p>\n<ul>\n<li><em>Todos os Participantes<\/em><\/li>\n<\/ul>\n<p><strong>14:15- 14:30<\/strong><\/p>\n<p><span style=\"color: #800000;\">Expans\u00e3o da Cole\u00e7\u00e3o: (a) novas editoras brasileiras; (b) novas cole\u00e7\u00f5es nacionais.<\/span><\/p>\n<ul>\n<li><em>Todos os Participantes<\/em><\/li>\n<\/ul>\n<p><strong>14:30 &#8211; 14:45<\/strong><\/p>\n<p><span style=\"color: #800000;\">Modelo de neg\u00f3cios &#8212; revis\u00e3o<\/span><\/p>\n<ul>\n<li><em>Todos os Participantes<\/em><\/li>\n<\/ul>\n<p><strong>14:45 &#8211; 15:00<\/strong><\/p>\n<p><span style=\"color: #800000;\">Desenvolvimentos at\u00e9 o final de 2012.<\/span><\/p>\n<ul>\n<li><em>Todos os Participantes<\/em><\/li>\n<\/ul>\n<p><strong>15:00 &#8211; 15:30<\/strong><\/p>\n<p><span style=\"color: #800000;\">Outros temas e encerramento.<\/span><\/p>\n<ul>\n<li><em>Todos os Participantes<\/em><\/li>\n<\/ul>\n<p><strong>Local:<\/strong> Online via Skype.<strong><br \/>\n<\/strong><\/p>\n","protected":false},"excerpt":{"rendered":"<p>VI Reuni\u00e3o Comit\u00ea Gestor SciELO Livros Segunda-feira, 14 de maio de 2012 14:00 &#8211; 14:05 Abertura. Boas vindas. Revis\u00e3o da agenda. Todos os Participantes 14:05 &#8211; 14:15 Avalia\u00e7\u00e3o do lan\u00e7amento e rea\u00e7\u00f5es Todos os Participantes 14:15- 14:30 Expans\u00e3o da Cole\u00e7\u00e3o: &hellip; <a href=\"https:\/\/eventos.scielo.org\/viicgscielolivros\/programacao\/\">Continue reading <span class=\"meta-nav\">&rarr;<\/span><\/a><\/p>\n","protected":false},"author":1,"featured_media":0,"parent":0,"menu_order":0,"comment_status":"closed","ping_status":"closed","template":"","meta":{"footnotes":""},"class_list":["post-9","page","type-page","status-publish","hentry"],"aioseo_notices":[],"_links":{"self":[{"href":"https:\/\/eventos.scielo.org\/viicgscielolivros\/wp-json\/wp\/v2\/pages\/9","targetHints":{"allow":["GET"]}}],"collection":[{"href":"https:\/\/eventos.scielo.org\/viicgscielolivros\/wp-json\/wp\/v2\/pages"}],"about":[{"href":"https:\/\/eventos.scielo.org\/viicgscielolivros\/wp-json\/wp\/v2\/types\/page"}],"author":[{"embeddable":true,"href":"https:\/\/eventos.scielo.org\/viicgscielolivros\/wp-json\/wp\/v2\/users\/1"}],"replies":[{"embeddable":true,"href":"https:\/\/eventos.scielo.org\/viicgscielolivros\/wp-json\/wp\/v2\/comments?post=9"}],"version-history":[{"count":10,"href":"https:\/\/eventos.scielo.org\/viicgscielolivros\/wp-json\/wp\/v2\/pages\/9\/revisions"}],"predecessor-version":[{"id":18,"href":"https:\/\/eventos.scielo.org\/viicgscielolivros\/wp-json\/wp\/v2\/pages\/9\/revisions\/18"}],"wp:attachment":[{"href":"https:\/\/eventos.scielo.org\/viicgscielolivros\/wp-json\/wp\/v2\/media?parent=9"}],"curies":[{"name":"wp","href":"https:\/\/api.w.org\/{rel}","templated":true}]}}

Programação

<p><strong>VI Reunião Comitê Gestor SciELO Livros</strong></p>
<p><strong>Segunda-feira, 14 de maio de 2012</strong></p>
<p><strong>14:00 &#8211; 14:05</strong></p>
<p><span style="color: #800000;">Abertura. Boas vindas. Revisão da agenda.</span></p>
<ul>
<li><em>Todos os Participantes</em></li>
</ul>
<p><strong>14:05 &#8211; 14:15</strong></p>
<p><span style="color: #800000;">Avaliação do lançamento e reações</span></p>
<ul>
<li><em>Todos os Participantes</em></li>
</ul>
<p><strong>14:15- 14:30</strong></p>
<p><span style="color: #800000;">Expansão da Coleção: (a) novas editoras brasileiras; (b) novas coleções nacionais.</span></p>
<ul>
<li><em>Todos os Participantes</em></li>
</ul>
<p><strong>14:30 &#8211; 14:45</strong></p>
<p><span style="color: #800000;">Modelo de negócios &#8212; revisão</span></p>
<ul>
<li><em>Todos os Participantes</em></li>
</ul>
<p><strong>14:45 &#8211; 15:00</strong></p>
<p><span style="color: #800000;">Desenvolvimentos até o final de 2012.</span></p>
<ul>
<li><em>Todos os Participantes</em></li>
</ul>
<p><strong>15:00 &#8211; 15:30</strong></p>
<p><span style="color: #800000;">Outros temas e encerramento.</span></p>
<ul>
<li><em>Todos os Participantes</em></li>
</ul>
<p><strong>Local:</strong> Online via Skype.<strong><br />
</strong></p>

<p>VI Reunião Comitê Gestor SciELO Livros Segunda-feira, 14 de maio de 2012 14:00 &#8211; 14:05 Abertura. Boas vindas. Revisão da agenda. Todos os Participantes 14:05 &#8211; 14:15 Avaliação do lançamento e reações Todos os Participantes 14:15- 14:30 Expansão da Coleção: &hellip; <a href="https://eventos.scielo.org/viicgscielolivros/programacao/">Continue reading <span class="meta-nav">&rarr;</span></a></p>
