{"id":23,"date":"2019-09-19T17:42:33","date_gmt":"2019-09-19T17:42:33","guid":{"rendered":"http:\/\/eventos.scielo.org\/viiireuniaoscielo\/?page_id=23"},"modified":"2019-12-18T12:14:13","modified_gmt":"2019-12-18T12:14:13","slug":"programa","status":"publish","type":"page","link":"https:\/\/eventos.scielo.org\/viiireuniaoscielo\/programa\/","title":{"rendered":"Programa"},"content":{"rendered":"<p><img loading=\"lazy\" decoding=\"async\" class=\"alignnone size-full wp-image-72\" src=\"http:\/\/eventos.scielo.org\/viiireuniaoscielo\/files\/2019\/09\/grid2.png\" alt=\"\" width=\"1481\" height=\"708\" srcset=\"https:\/\/eventos.scielo.org\/viiireuniaoscielo\/files\/2019\/09\/grid2.png 1481w, https:\/\/eventos.scielo.org\/viiireuniaoscielo\/files\/2019\/09\/grid2-300x143.png 300w, https:\/\/eventos.scielo.org\/viiireuniaoscielo\/files\/2019\/09\/grid2-768x367.png 768w, https:\/\/eventos.scielo.org\/viiireuniaoscielo\/files\/2019\/09\/grid2-1024x490.png 1024w\" sizes=\"auto, (max-width: 706px) 89vw, (max-width: 767px) 82vw, 740px\" \/><\/p>\n<div style=\"border-bottom: 1px dashed #800000;\"><span style=\"color: #800000;\">08:30 \u2013 08:50<\/span><\/div>\n<p style=\"padding-left: 30px; padding-top: 3%; font-size: 18px;\"><strong>Caf\u00e9 de boas-vindas e registro<\/strong><\/p>\n<div style=\"border-bottom: 1px dashed #800000;\"><span style=\"color: #800000;\">09:00 \u2013 09:30<\/span><\/div>\n<p style=\"padding-left: 30px; padding-top: 3%; font-size: 18px;\"><strong>Abertura<\/strong><\/p>\n<p style=\"padding-left: 60px; padding-top: 3%; font-size: 18px;\">Prof Dr. Hernan Chaimovich, Diretoria Cient\u00edfica da FAPESP [<a href=\"http:\/\/buscatextual.cnpq.br\/buscatextual\/visualizacv.do?id=K4788925Z6\" target=\"_blank\">CV Lattes<\/a>]\u00a0 <a href=\"https:\/\/www.youtube.com\/watch?v=e5IHaNBVr9o&amp;t=150s\"><img loading=\"lazy\" decoding=\"async\" class=\"alignnone wp-image-150\" src=\"http:\/\/eventos.scielo.org\/viiireuniaoscielo\/files\/2019\/09\/video.jpg\" alt=\"\" width=\"25\" height=\"25\" srcset=\"https:\/\/eventos.scielo.org\/viiireuniaoscielo\/files\/2019\/09\/video.jpg 150w, https:\/\/eventos.scielo.org\/viiireuniaoscielo\/files\/2019\/09\/video-100x100.jpg 100w\" sizes=\"auto, (max-width: 25px) 100vw, 25px\" \/><\/a><\/p>\n<p style=\"padding-left: 30px; padding-top: 3%; font-size: 18px;\"><strong>SciELO &#8211; Estado de avan\u00e7o e perspectivas futuras<\/strong><\/p>\n<p style=\"padding-left: 60px; padding-top: 3%; font-size: 18px;\">Abel L Packer, SciELO\/FAPESP Program\u00a0\u00a0<a href=\"https:\/\/www.slideshare.net\/scielo\/abel-packer-scielo-estado-de-avano-e-perspectivas-futuras\" target=\"_blank\"><img loading=\"lazy\" decoding=\"async\" class=\"alignnone wp-image-153\" src=\"http:\/\/eventos.scielo.org\/viiireuniaoscielo\/files\/2019\/09\/seta-download-150x150.jpg\" alt=\"\" width=\"25\" height=\"25\" srcset=\"https:\/\/eventos.scielo.org\/viiireuniaoscielo\/files\/2019\/09\/seta-download-150x150.jpg 150w, https:\/\/eventos.scielo.org\/viiireuniaoscielo\/files\/2019\/09\/seta-download-150x150-100x100.jpg 100w\" sizes=\"auto, (max-width: 25px) 100vw, 25px\" \/><\/a> <a href=\"https:\/\/www.youtube.com\/watch?v=e5IHaNBVr9o&#038;t=686s\" target=\"_blank\"><img loading=\"lazy\" decoding=\"async\" class=\"alignnone wp-image-150\" src=\"http:\/\/eventos.scielo.org\/viiireuniaoscielo\/files\/2019\/09\/video.jpg\" alt=\"\" width=\"25\" height=\"25\" srcset=\"https:\/\/eventos.scielo.org\/viiireuniaoscielo\/files\/2019\/09\/video.jpg 150w, https:\/\/eventos.scielo.org\/viiireuniaoscielo\/files\/2019\/09\/video-100x100.jpg 100w\" sizes=\"auto, (max-width: 25px) 100vw, 25px\" \/><\/a><\/p>\n<div style=\"border-bottom: 1px dashed #800000;\"><span style=\"color: #800000;\">09:30 \u2013 11:00<\/span><\/div>\n<p style=\"padding-left: 30px; padding-top: 3%; font-size: 18px;\"><strong>Rumo \u00e0 ci\u00eancia aberta\u00a0<\/strong><\/p>\n<p style=\"padding-left: 60px; padding-top: 3%; font-size: 18px;\"><strong>Coordena\u00e7\u00e3o:\u00a0<\/strong><\/p>\n<p style=\"padding-left: 60px; padding-top: 3%; font-size: 18px;\">Angelina Zanesco,\u00a0Professora titular em Fisiologia pela Universidade Estadual Paulista J\u00falio de Mesquita Filho, Editora-Chefe do peri\u00f3dico <em>Motriz: Revista de Educa\u00e7\u00e3o F\u00edsica <\/em>[<a href=\"http:\/\/buscatextual.cnpq.br\/buscatextual\/visualizacv.do?id=K4786008D1\" target=\"_blank\">CV Lattes<\/a>] \u00a0\u00a0<a href=\"https:\/\/www.slideshare.net\/scielo\/angelina-zanesco-alinhamento-dos-peridicos-scielo-brasil-com-as-boas-prticas-da-cincia-aberta\" target=\"_blank\"><img loading=\"lazy\" decoding=\"async\" class=\"alignnone wp-image-153\" src=\"http:\/\/eventos.scielo.org\/viiireuniaoscielo\/files\/2019\/09\/seta-download-150x150.jpg\" alt=\"\" width=\"25\" height=\"25\" srcset=\"https:\/\/eventos.scielo.org\/viiireuniaoscielo\/files\/2019\/09\/seta-download-150x150.jpg 150w, https:\/\/eventos.scielo.org\/viiireuniaoscielo\/files\/2019\/09\/seta-download-150x150-100x100.jpg 100w\" sizes=\"auto, (max-width: 25px) 100vw, 25px\" \/><\/a> <a href=\"https:\/\/www.youtube.com\/watch?v=e5IHaNBVr9o&#038;t=2735s\" target=\"_blank\"><img loading=\"lazy\" decoding=\"async\" class=\"alignnone wp-image-150\" src=\"http:\/\/eventos.scielo.org\/viiireuniaoscielo\/files\/2019\/09\/video.jpg\" alt=\"\" width=\"25\" height=\"25\" srcset=\"https:\/\/eventos.scielo.org\/viiireuniaoscielo\/files\/2019\/09\/video.jpg 150w, https:\/\/eventos.scielo.org\/viiireuniaoscielo\/files\/2019\/09\/video-100x100.jpg 100w\" sizes=\"auto, (max-width: 25px) 100vw, 25px\" \/><\/a><\/p>\n<p style=\"padding-left: 60px; padding-top: 3%; font-size: 18px;\"><strong>Painelistas:<\/strong><\/p>\n<p style=\"padding-left: 60px; padding-top: 3%; font-size: 18px;\">Wesley Mendes-Da-Silva, pesquisador da\u00a0Funda\u00e7\u00e3o Getulio Vargas, Editor-Chefe do peri\u00f3dico\u00a0<em>Revista de Administra\u00e7\u00e3o Contempor\u00e2nea<\/em> [<a href=\"http:\/\/buscatextual.cnpq.br\/buscatextual\/visualizacv.do?id=K4777646J1\" target=\"_blank\">CV Lattes<\/a>]&nbsp;&nbsp;<a href=\"https:\/\/zenodo.org\/record\/3574011#.XfoVHmRKjIU\" target=\"_blank\"><img loading=\"lazy\" decoding=\"async\" class=\"alignnone wp-image-153\" src=\"http:\/\/eventos.scielo.org\/viiireuniaoscielo\/files\/2019\/09\/seta-download-150x150.jpg\" alt=\"\" width=\"25\" height=\"25\" srcset=\"https:\/\/eventos.scielo.org\/viiireuniaoscielo\/files\/2019\/09\/seta-download-150x150.jpg 150w, https:\/\/eventos.scielo.org\/viiireuniaoscielo\/files\/2019\/09\/seta-download-150x150-100x100.jpg 100w\" sizes=\"auto, (max-width: 25px) 100vw, 25px\" \/><\/a> <a href=\"https:\/\/www.youtube.com\/watch?v=e5IHaNBVr9o&#038;t=3485s\" target=\"_blank\"><img loading=\"lazy\" decoding=\"async\" class=\"alignnone wp-image-150\" src=\"http:\/\/eventos.scielo.org\/viiireuniaoscielo\/files\/2019\/09\/video.jpg\" alt=\"\" width=\"25\" height=\"25\" srcset=\"https:\/\/eventos.scielo.org\/viiireuniaoscielo\/files\/2019\/09\/video.jpg 150w, https:\/\/eventos.scielo.org\/viiireuniaoscielo\/files\/2019\/09\/video-100x100.jpg 100w\" sizes=\"auto, (max-width: 25px) 100vw, 25px\" \/><\/a><\/p>\n<p style=\"padding-left: 60px; padding-top: 3%; font-size: 18px;\">Cl\u00e1udia Valentina Galian,\u00a0docente na Gradua\u00e7\u00e3o e na P\u00f3s-Gradua\u00e7\u00e3o da Faculdade de Educa\u00e7\u00e3o da Universidade de S\u00e3o Paulo, Editora-Chefe\u00a0do peri\u00f3dico <em>Educa\u00e7\u00e3o e Pesquisa<\/em> [<a href=\"http:\/\/buscatextual.cnpq.br\/buscatextual\/visualizacv.do?id=K4750279T5&amp;tokenCaptchar=03AOLTBLQzLU97S9uXYMWm585Zn9jmdLT7aZfLzFAqjJZKaYK6uAKjYLFW0WTmX55lMX09xBhRFFeAzxcz7PRTpBe3-519mwRuD6RhACZK7p9yiPtLh3gt2gDluUd63JLq1vFfNBjI4nolbe50LbB6F6dQEQURvrMrynluREd65vaT6qLOUl8Un3lUslnqW8BHQGXQ-XrV_jeoIMzurV-LFN4Jw5Vr-N_Y7Ja-Gn9HHqj2tjseDMmVwmJJUUtdQhahaaAfmQwZNT1mfPnnd5B8g64nl2eNu3LrC5cfndoC3EOmZVoRbvMQ0aa1XDlLsziDGNI2tLlbkRBZ12o8r4gpKAETYYVSbK0gYVJm84eV3CUuBAO8rZPViJeJbRbJdnudiwdzzE4Tz9Dix6xpdTtokoWnH1TqhDln9iL9OB19HY0k-GJU2h1gjgSI4ddSKR0o5E63VGhY0aavUdti_KS7igkL8UnUGOlaBlw6cQvWKfzbLLUXGlP5kNC6o_LSseTqboGvOYneNBTc\" target=\"_blank\">CV Lattes<\/a>]&nbsp;&nbsp;<a href=\"https:\/\/www.slideshare.net\/scielo\/cludia-valentina-galian-a-revista-educao-e-pesquisa-e-as-prticas-ligadas-cincia-aberta\" target=\"_blank\"><img loading=\"lazy\" decoding=\"async\" class=\"alignnone wp-image-153\" src=\"http:\/\/eventos.scielo.org\/viiireuniaoscielo\/files\/2019\/09\/seta-download-150x150.jpg\" alt=\"\" width=\"25\" height=\"25\" srcset=\"https:\/\/eventos.scielo.org\/viiireuniaoscielo\/files\/2019\/09\/seta-download-150x150.jpg 150w, https:\/\/eventos.scielo.org\/viiireuniaoscielo\/files\/2019\/09\/seta-download-150x150-100x100.jpg 100w\" sizes=\"auto, (max-width: 25px) 100vw, 25px\" \/><\/a> <a href=\"https:\/\/www.youtube.com\/watch?v=e5IHaNBVr9o&#038;t=4174s\" target=\"_blank\"><img loading=\"lazy\" decoding=\"async\" class=\"alignnone wp-image-150\" src=\"http:\/\/eventos.scielo.org\/viiireuniaoscielo\/files\/2019\/09\/video.jpg\" alt=\"\" width=\"25\" height=\"25\" srcset=\"https:\/\/eventos.scielo.org\/viiireuniaoscielo\/files\/2019\/09\/video.jpg 150w, https:\/\/eventos.scielo.org\/viiireuniaoscielo\/files\/2019\/09\/video-100x100.jpg 100w\" sizes=\"auto, (max-width: 25px) 100vw, 25px\" \/><\/a><\/p>\n<p style=\"padding-left: 60px; padding-top: 3%; font-size: 18px;\">Sebasti\u00e3o V. Canevarolo Jr.,\u00a0Professor Titular no Departamento de Engenharia de Materiais DEMa da Universidade Federal de S\u00e3o Carlos, Editor-Chefe do peri\u00f3dico <em>Pol\u00edmeros<\/em> [<a href=\"http:\/\/buscatextual.cnpq.br\/buscatextual\/visualizacv.do?id=K4781975Z6\" target=\"_blank\">CV Lattes<\/a>]&nbsp;&nbsp;<a href=\"https:\/\/www.slideshare.net\/scielo\/sebastio-v-canevarolo-jr-transferncia-do-conhecimento-para-desenvolvimento-tecnolgico-e-inovaes-em-engenharia-no-contexto-da-cincia-aberta\" target=\"_blank\"><img loading=\"lazy\" decoding=\"async\" class=\"alignnone wp-image-153\" src=\"http:\/\/eventos.scielo.org\/viiireuniaoscielo\/files\/2019\/09\/seta-download-150x150.jpg\" alt=\"\" width=\"25\" height=\"25\" srcset=\"https:\/\/eventos.scielo.org\/viiireuniaoscielo\/files\/2019\/09\/seta-download-150x150.jpg 150w, https:\/\/eventos.scielo.org\/viiireuniaoscielo\/files\/2019\/09\/seta-download-150x150-100x100.jpg 100w\" sizes=\"auto, (max-width: 25px) 100vw, 25px\" \/><\/a> <a href=\"https:\/\/www.youtube.com\/watch?v=e5IHaNBVr9o&#038;t=4800s\" target=\"_blank\"><img loading=\"lazy\" decoding=\"async\" class=\"alignnone wp-image-150\" src=\"http:\/\/eventos.scielo.org\/viiireuniaoscielo\/files\/2019\/09\/video.jpg\" alt=\"\" width=\"25\" height=\"25\" srcset=\"https:\/\/eventos.scielo.org\/viiireuniaoscielo\/files\/2019\/09\/video.jpg 150w, https:\/\/eventos.scielo.org\/viiireuniaoscielo\/files\/2019\/09\/video-100x100.jpg 100w\" sizes=\"auto, (max-width: 25px) 100vw, 25px\" \/><\/a><\/p>\n<p style=\"padding-left: 60px; padding-top: 3%; font-size: 18px;\"><strong>Comentaristas:<\/strong><\/p>\n<p style=\"padding-left: 60px; padding-top: 3%; font-size: 18px;\">Rui Seabra Ferreira Jr.,\u00a0 Universidade Estadual Paulista (UNESP), Presidente da ABEC &#8211; Associa\u00e7\u00e3o Brasileira de Editores Cient\u00edficos, Editor Associado do peri\u00f3dico\u00a0<em>Journal of Venomous Animals and Toxins including Tropical Diseases<\/em> [<a href=\"http:\/\/buscatextual.cnpq.br\/buscatextual\/visualizacv.do?id=K4706676A4&amp;tokenCaptchar=03AOLTBLSEsmLzzK-jr8--49RwOwA4mxxbmft7lxCX_fE-vxDjrxippqzghAIONSwk-c0_zV9eZo2P1A42z48korgesJD7jUD9e1sgqc_jQONhVPAM_i97UnwwjTKKlt7pYxcnjB9lYOpK1xgVAeIhg2qNE6spipc6fT7n7zfmt2q4OpbnKJMvqxG896NB84syGcr2k4Z5ejPKZOBB04W8iU8Krq1H6Z05a1oe2iwOhXMMqXidhnZrgWMKxY8up7rn-lj3-9FbWKYd7LUXvlBa5YqBNC78ldnw0QK4HFeBLJ6tn1tA94YARKPD1yPps3zv6KjMnpKsspknXYXGUWvv8CqMsBMNayiaXGRrrz4xTi615ALzO7oOdFBLtNToZ_vXQeSDogLkhGFD5IQvhkqTMf9GoS0TjHuV-x9Jh2_XDVYY1zvAbQ1AZNMglXvSTL4Oa6sHzaxjiHu2jLumvmm43UDaXJuJqE59PVCA3KC4Nb84M9_-ci2OLMf8x-ARM8p6xlhLQzb9dyboR13AhnsUlMtDSkIcW9TwRQ8u90H3nv5k4RghPsJGbU3030axR6NUu6z1OvlrcE6Z\" target=\"_blank\">CV Lattes<\/a>]&nbsp;&nbsp; <a href=\"https:\/\/www.youtube.com\/watch?v=e5IHaNBVr9o&#038;t=6048s\" target=\"_blank\"><img loading=\"lazy\" decoding=\"async\" class=\"alignnone wp-image-150\" src=\"http:\/\/eventos.scielo.org\/viiireuniaoscielo\/files\/2019\/09\/video.jpg\" alt=\"\" width=\"25\" height=\"25\" srcset=\"https:\/\/eventos.scielo.org\/viiireuniaoscielo\/files\/2019\/09\/video.jpg 150w, https:\/\/eventos.scielo.org\/viiireuniaoscielo\/files\/2019\/09\/video-100x100.jpg 100w\" sizes=\"auto, (max-width: 25px) 100vw, 25px\" \/><\/a><\/p>\n<p style=\"padding-left: 60px; padding-top: 3%; font-size: 18px;\">Sabine\u00a0Righetti, pesquisadora do LABJOR-UNICAMP e coordenadora do projeto Ag\u00eancia Bori (FAPESP e Instituto Serrapilheira) [<a href=\"http:\/\/buscatextual.cnpq.br\/buscatextual\/visualizacv.do?id=K4138237Y6\" target=\"_blank\">CV Lattes<\/a>]&nbsp;&nbsp;<a href=\"https:\/\/www.youtube.com\/watch?v=e5IHaNBVr9o&#038;t=5585s\" target=\"_blank\"><img loading=\"lazy\" decoding=\"async\" class=\"alignnone wp-image-150\" src=\"http:\/\/eventos.scielo.org\/viiireuniaoscielo\/files\/2019\/09\/video.jpg\" alt=\"\" width=\"25\" height=\"25\" srcset=\"https:\/\/eventos.scielo.org\/viiireuniaoscielo\/files\/2019\/09\/video.jpg 150w, https:\/\/eventos.scielo.org\/viiireuniaoscielo\/files\/2019\/09\/video-100x100.jpg 100w\" sizes=\"auto, (max-width: 25px) 100vw, 25px\" \/><\/a><\/p>\n<div style=\"border-bottom: 1px dashed #800000;\"><span style=\"color: #800000;\">11:00 \u2013 11:20<\/span><\/div>\n<p style=\"padding-left: 30px; padding-top: 3%; font-size: 18px;\"><strong><em>Coffee Break<\/em><\/strong><\/p>\n<div style=\"border-bottom: 1px dashed #800000;\"><span style=\"color: #800000;\">11:30 \u2013 12:45<\/span><\/div>\n<p style=\"padding-left: 30px; padding-top: 3%; font-size: 18px;\"><strong>Dimens\u00f5es de sustentabilidade\u00a0<\/strong><\/p>\n<p style=\"padding-left: 60px; padding-top: 3%; font-size: 18px;\"><strong>Coordena\u00e7\u00e3o:<\/strong><\/p>\n<p style=\"padding-left: 60px; padding-top: 3%; font-size: 18px;\">Antonio Pithon Cyrino,\u00a0Professor livre-docente da Universidade Estadual Paulista J\u00falio de Mesquita Filho, Editor-Chefe do peri\u00f3dico <em>Interface: Comunica\u00e7\u00e3o, Sa\u00fade, Educa\u00e7\u00e3o<\/em> [<a href=\"http:\/\/buscatextual.cnpq.br\/buscatextual\/visualizacv.do?id=K4784821U2\" target=\"_blank\">CV Lattes<\/a>]&nbsp;&nbsp;<a href=\"https:\/\/www.youtube.com\/watch?v=gabe6icMK0g&#038;t=120s\" target=\"_blank\"><img loading=\"lazy\" decoding=\"async\" class=\"alignnone wp-image-150\" src=\"http:\/\/eventos.scielo.org\/viiireuniaoscielo\/files\/2019\/09\/video.jpg\" alt=\"\" width=\"25\" height=\"25\" srcset=\"https:\/\/eventos.scielo.org\/viiireuniaoscielo\/files\/2019\/09\/video.jpg 150w, https:\/\/eventos.scielo.org\/viiireuniaoscielo\/files\/2019\/09\/video-100x100.jpg 100w\" sizes=\"auto, (max-width: 25px) 100vw, 25px\" \/><\/a><\/p>\n<p style=\"padding-left: 60px; padding-top: 3%; font-size: 18px;\"><strong>Painelistas:<\/strong><\/p>\n<p style=\"padding-left: 60px; padding-top: 3%; font-size: 18px;\">Carlos F. M. Menck,\u00a0Professor titular da Universidade de S\u00e3o Paulo, Editor-Chefe do peri\u00f3dico <em>Genetics\u00a0and Molecular Biology<\/em> [<a href=\"http:\/\/buscatextual.cnpq.br\/buscatextual\/visualizacv.do?id=K4783556T6\" target=\"_blank\">CV Lattes<\/a>]&nbsp;&nbsp;<a href=\"https:\/\/www.slideshare.net\/scielo\/carlos-menck-revistas-brasileiras-e-sustentabilidade-as-dificuldades-de-montar-uma-revista-cientfica-internacional-de-qualidade\" target=\"_blank\"><img loading=\"lazy\" decoding=\"async\" class=\"alignnone wp-image-153\" src=\"http:\/\/eventos.scielo.org\/viiireuniaoscielo\/files\/2019\/09\/seta-download-150x150.jpg\" alt=\"\" width=\"25\" height=\"25\" srcset=\"https:\/\/eventos.scielo.org\/viiireuniaoscielo\/files\/2019\/09\/seta-download-150x150.jpg 150w, https:\/\/eventos.scielo.org\/viiireuniaoscielo\/files\/2019\/09\/seta-download-150x150-100x100.jpg 100w\" sizes=\"auto, (max-width: 25px) 100vw, 25px\" \/><\/a> <a href=\"https:\/\/www.youtube.com\/watch?v=gabe6icMK0g&#038;t=600s\" target=\"_blank\"><img loading=\"lazy\" decoding=\"async\" class=\"alignnone wp-image-150\" src=\"http:\/\/eventos.scielo.org\/viiireuniaoscielo\/files\/2019\/09\/video.jpg\" alt=\"\" width=\"25\" height=\"25\" srcset=\"https:\/\/eventos.scielo.org\/viiireuniaoscielo\/files\/2019\/09\/video.jpg 150w, https:\/\/eventos.scielo.org\/viiireuniaoscielo\/files\/2019\/09\/video-100x100.jpg 100w\" sizes=\"auto, (max-width: 25px) 100vw, 25px\" \/><\/a><\/p>\n<p style=\"padding-left: 60px; padding-top: 3%; font-size: 18px;\">Reinaldo Bertola Cantarutti, Professor titular do departamento de solos\u00a0da Universidade Federal de Vi\u00e7osa, Editor Executivo do peri\u00f3dico\u00a0<em>Revista Brasileira de Ci\u00eancia do Solo <\/em>[<a href=\"http:\/\/buscatextual.cnpq.br\/buscatextual\/visualizacv.do?id=K4780430A1\" target=\"_blank\">CV Lattes<\/a>]&nbsp;&nbsp;<a href=\"https:\/\/www.slideshare.net\/scielo\/reinaldo-cantarutti-sustentabilidade-operacional-modalidades-de-financiamento-dos-peridicos-perspectiva-dos-peridicos-de-sociedades-cientficas\" target=\"_blank\"><img loading=\"lazy\" decoding=\"async\" class=\"alignnone wp-image-153\" src=\"http:\/\/eventos.scielo.org\/viiireuniaoscielo\/files\/2019\/09\/seta-download-150x150.jpg\" alt=\"\" width=\"25\" height=\"25\" srcset=\"https:\/\/eventos.scielo.org\/viiireuniaoscielo\/files\/2019\/09\/seta-download-150x150.jpg 150w, https:\/\/eventos.scielo.org\/viiireuniaoscielo\/files\/2019\/09\/seta-download-150x150-100x100.jpg 100w\" sizes=\"auto, (max-width: 25px) 100vw, 25px\" \/><\/a> <a href=\"https:\/\/www.youtube.com\/watch?v=gabe6icMK0g&#038;t=1465s\" target=\"_blank\"><img loading=\"lazy\" decoding=\"async\" class=\"alignnone wp-image-150\" src=\"http:\/\/eventos.scielo.org\/viiireuniaoscielo\/files\/2019\/09\/video.jpg\" alt=\"\" width=\"25\" height=\"25\" srcset=\"https:\/\/eventos.scielo.org\/viiireuniaoscielo\/files\/2019\/09\/video.jpg 150w, https:\/\/eventos.scielo.org\/viiireuniaoscielo\/files\/2019\/09\/video-100x100.jpg 100w\" sizes=\"auto, (max-width: 25px) 100vw, 25px\" \/><\/a><\/p>\n<p style=\"padding-left: 60px; padding-top: 3%; font-size: 18px;\">Mara Coelho de Souza Lago,\u00a0Professora Em\u00e9rita da Universidade Federal de Santa Catarina, Editora-Chefe do peri\u00f3dico <em>Revista Estudos Feministas<\/em> [<a href=\"http:\/\/buscatextual.cnpq.br\/buscatextual\/visualizacv.do?id=K4797735Y7\" target=\"_blank\">CV Lattes<\/a>]&nbsp;&nbsp;<a href=\"https:\/\/www.youtube.com\/watch?v=gabe6icMK0g&#038;t=2291s\" target=\"_blank\"><img loading=\"lazy\" decoding=\"async\" class=\"alignnone wp-image-150\" src=\"http:\/\/eventos.scielo.org\/viiireuniaoscielo\/files\/2019\/09\/video.jpg\" alt=\"\" width=\"25\" height=\"25\" srcset=\"https:\/\/eventos.scielo.org\/viiireuniaoscielo\/files\/2019\/09\/video.jpg 150w, https:\/\/eventos.scielo.org\/viiireuniaoscielo\/files\/2019\/09\/video-100x100.jpg 100w\" sizes=\"auto, (max-width: 25px) 100vw, 25px\" \/><\/a><\/p>\n<p style=\"padding-left: 60px; padding-top: 3%; font-size: 18px;\"><strong>Comentaristas:<\/strong><\/p>\n<p style=\"padding-left: 60px; padding-top: 3%; font-size: 18px;\">Benedito Barraviera, Professor Livre-Docente e Titular de Infectologia pela Faculdade de Medicina de Botucatu &#8211; UNESP, Editor-Chefe do peri\u00f3dico\u00a0<em>Journal of Venomous Animals and Toxins including Tropical Diseases<\/em> [<a href=\"http:\/\/buscatextual.cnpq.br\/buscatextual\/visualizacv.do?id=K4787220A6\" target=\"_blank\">CV Lattes<\/a>]&nbsp;&nbsp;<a href=\"https:\/\/www.youtube.com\/watch?v=gabe6icMK0g&#038;t=2644s\" target=\"_blank\"><img loading=\"lazy\" decoding=\"async\" class=\"alignnone wp-image-150\" src=\"http:\/\/eventos.scielo.org\/viiireuniaoscielo\/files\/2019\/09\/video.jpg\" alt=\"\" width=\"25\" height=\"25\" srcset=\"https:\/\/eventos.scielo.org\/viiireuniaoscielo\/files\/2019\/09\/video.jpg 150w, https:\/\/eventos.scielo.org\/viiireuniaoscielo\/files\/2019\/09\/video-100x100.jpg 100w\" sizes=\"auto, (max-width: 25px) 100vw, 25px\" \/><\/a><\/p>\n<div style=\"border-bottom: 1px dashed #800000;\"><span style=\"color: #800000;\">12:45<\/span><\/div>\n<p style=\"padding-left: 30px; padding-top: 3%; font-size: 18px;\"><strong>Encerramento<\/strong>&nbsp;&nbsp;<a href=\"https:\/\/www.youtube.com\/watch?v=gabe6icMK0g&#038;t=4942s\" target=\"_blank\"><img loading=\"lazy\" decoding=\"async\" class=\"alignnone wp-image-150\" src=\"http:\/\/eventos.scielo.org\/viiireuniaoscielo\/files\/2019\/09\/video.jpg\" alt=\"\" width=\"25\" height=\"25\" srcset=\"https:\/\/eventos.scielo.org\/viiireuniaoscielo\/files\/2019\/09\/video.jpg 150w, https:\/\/eventos.scielo.org\/viiireuniaoscielo\/files\/2019\/09\/video-100x100.jpg 100w\" sizes=\"auto, (max-width: 25px) 100vw, 25px\" \/><\/a><\/p>\n","protected":false},"excerpt":{"rendered":"<p>08:30 \u2013 08:50 Caf\u00e9 de boas-vindas e registro 09:00 \u2013 09:30 Abertura Prof Dr. Hernan Chaimovich, Diretoria Cient\u00edfica da FAPESP [CV Lattes]\u00a0 SciELO &#8211; Estado de avan\u00e7o e perspectivas futuras Abel L Packer, SciELO\/FAPESP Program\u00a0\u00a0 09:30 \u2013 11:00 Rumo \u00e0 ci\u00eancia aberta\u00a0 Coordena\u00e7\u00e3o:\u00a0 Angelina Zanesco,\u00a0Professora titular em Fisiologia pela Universidade Estadual Paulista J\u00falio de Mesquita &hellip; <\/p>\n<p class=\"link-more\"><a href=\"https:\/\/eventos.scielo.org\/viiireuniaoscielo\/programa\/\" class=\"more-link\">Continue reading<span class=\"screen-reader-text\"> &#8220;Programa&#8221;<\/span><\/a><\/p>\n","protected":false},"author":18,"featured_media":0,"parent":0,"menu_order":0,"comment_status":"closed","ping_status":"closed","template":"","meta":{"footnotes":""},"class_list":["post-23","page","type-page","status-publish","hentry"],"aioseo_notices":[],"_links":{"self":[{"href":"https:\/\/eventos.scielo.org\/viiireuniaoscielo\/wp-json\/wp\/v2\/pages\/23","targetHints":{"allow":["GET"]}}],"collection":[{"href":"https:\/\/eventos.scielo.org\/viiireuniaoscielo\/wp-json\/wp\/v2\/pages"}],"about":[{"href":"https:\/\/eventos.scielo.org\/viiireuniaoscielo\/wp-json\/wp\/v2\/types\/page"}],"author":[{"embeddable":true,"href":"https:\/\/eventos.scielo.org\/viiireuniaoscielo\/wp-json\/wp\/v2\/users\/18"}],"replies":[{"embeddable":true,"href":"https:\/\/eventos.scielo.org\/viiireuniaoscielo\/wp-json\/wp\/v2\/comments?post=23"}],"version-history":[{"count":34,"href":"https:\/\/eventos.scielo.org\/viiireuniaoscielo\/wp-json\/wp\/v2\/pages\/23\/revisions"}],"predecessor-version":[{"id":64,"href":"https:\/\/eventos.scielo.org\/viiireuniaoscielo\/wp-json\/wp\/v2\/pages\/23\/revisions\/64"}],"wp:attachment":[{"href":"https:\/\/eventos.scielo.org\/viiireuniaoscielo\/wp-json\/wp\/v2\/media?parent=23"}],"curies":[{"name":"wp","href":"https:\/\/api.w.org\/{rel}","templated":true}]}}