{"id":17,"date":"2017-09-25T13:35:53","date_gmt":"2017-09-25T13:35:53","guid":{"rendered":"http:\/\/eventos.scielo.org\/viireuniaoscielo\/?page_id=17"},"modified":"2017-12-14T13:40:18","modified_gmt":"2017-12-14T13:40:18","slug":"apresentacao","status":"publish","type":"page","link":"https:\/\/eventos.scielo.org\/viireuniaoscielo\/","title":{"rendered":"Apresenta\u00e7\u00e3o"},"content":{"rendered":"<p>O programa da VII Reuni\u00e3o Anual do SciELO de 2017 analisar\u00e1 e debater\u00e1 os avan\u00e7os no impacto dos peri\u00f3dicos do SciELO Brasil e na ado\u00e7\u00e3o das inova\u00e7\u00f5es que v\u00eam ocorrendo na comunica\u00e7\u00e3o das pesquisas.<\/p>\n<p>A reuni\u00e3o est\u00e1 dirigida a editores e membros das equipes editoriais dos peri\u00f3dicos do Brasil, pesquisadores, bibliotec\u00e1rios, profissionais de informa\u00e7\u00e3o, autoridades na gest\u00e3o da ci\u00eancia e comunica\u00e7\u00e3o cient\u00edfica e demais interessados.<\/p>\n<h2><strong>Inscri\u00e7\u00f5es<\/strong><\/h2>\n<p>A participa\u00e7\u00e3o na Reuni\u00e3o\u00a0\u00e9 gratuita,\u00a0por\u00e9m as vagas s\u00e3o limitadas.<br \/>\nEstes dados tamb\u00e9m ser\u00e3o utilizados para gerar o certificado de participa\u00e7\u00e3o no evento.<\/p>\n<h2>Local<\/h2>\n<p>Audit\u00f3rio Governador Carlos Alberto de Carvalho Pinto<br \/>\nFAPESP<br \/>\nRua Pio XI, 1500<br \/>\nAlto da Lapa<br \/>\n05468-140 S\u00e3o Paulo-SP<\/p>\n<h2>Hot\u00e9is e estacionamentos<\/h2>\n<p>Sugest\u00f5es de hot\u00e9is e estacionamentos pr\u00f3ximos ao local do evento podem ser encontradas\u00a0<a href=\"http:\/\/www.fapesp.br\/5661\" target=\"_blank\">aqui<\/a>.<\/p>\n<h2>Apoio<\/h2>\n<p><a href=\"https:\/\/clarivate.com\/\"><img decoding=\"async\" src=\"http:\/\/eventos.scielo.org\/viireuniaoscielo\/files\/2017\/11\/crv_logo_rgb.png\" alt=\"Clarivate Analytics\" height=\"42\" \/><\/a>&nbsp;&nbsp;&nbsp;<a href=\"http:\/\/gn1.com.br\/\"><img decoding=\"async\" src=\"http:\/\/eventos.scielo.org\/viireuniaoscielo\/files\/2017\/11\/Logo-GN1.png\" alt=\"GN1\" height=\"40\" \/><\/a><\/p>\n","protected":false},"excerpt":{"rendered":"<p>O programa da VII Reuni\u00e3o Anual do SciELO de 2017 analisar\u00e1 e debater\u00e1 os avan\u00e7os no impacto dos peri\u00f3dicos do SciELO Brasil e na ado\u00e7\u00e3o das inova\u00e7\u00f5es que v\u00eam ocorrendo na comunica\u00e7\u00e3o das pesquisas. A reuni\u00e3o est\u00e1 dirigida a editores &hellip; <a href=\"https:\/\/eventos.scielo.org\/viireuniaoscielo\/\">Continue reading <span class=\"meta-nav\">&rarr;<\/span><\/a><\/p>\n","protected":false},"author":3,"featured_media":0,"parent":0,"menu_order":0,"comment_status":"closed","ping_status":"closed","template":"","meta":{"footnotes":""},"class_list":["post-17","page","type-page","status-publish","hentry"],"aioseo_notices":[],"_links":{"self":[{"href":"https:\/\/eventos.scielo.org\/viireuniaoscielo\/wp-json\/wp\/v2\/pages\/17","targetHints":{"allow":["GET"]}}],"collection":[{"href":"https:\/\/eventos.scielo.org\/viireuniaoscielo\/wp-json\/wp\/v2\/pages"}],"about":[{"href":"https:\/\/eventos.scielo.org\/viireuniaoscielo\/wp-json\/wp\/v2\/types\/page"}],"author":[{"embeddable":true,"href":"https:\/\/eventos.scielo.org\/viireuniaoscielo\/wp-json\/wp\/v2\/users\/3"}],"replies":[{"embeddable":true,"href":"https:\/\/eventos.scielo.org\/viireuniaoscielo\/wp-json\/wp\/v2\/comments?post=17"}],"version-history":[{"count":8,"href":"https:\/\/eventos.scielo.org\/viireuniaoscielo\/wp-json\/wp\/v2\/pages\/17\/revisions"}],"predecessor-version":[{"id":47,"href":"https:\/\/eventos.scielo.org\/viireuniaoscielo\/wp-json\/wp\/v2\/pages\/17\/revisions\/47"}],"wp:attachment":[{"href":"https:\/\/eventos.scielo.org\/viireuniaoscielo\/wp-json\/wp\/v2\/media?parent=17"}],"curies":[{"name":"wp","href":"https:\/\/api.w.org\/{rel}","templated":true}]}}

Apresentação

<p>O programa da VII Reunião Anual do SciELO de 2017 analisará e debaterá os avanços no impacto dos periódicos do SciELO Brasil e na adoção das inovações que vêm ocorrendo na comunicação das pesquisas.</p>
<p>A reunião está dirigida a editores e membros das equipes editoriais dos periódicos do Brasil, pesquisadores, bibliotecários, profissionais de informação, autoridades na gestão da ciência e comunicação científica e demais interessados.</p>
<h2><strong>Inscrições</strong></h2>
<p>A participação na Reunião é gratuita, porém as vagas são limitadas.<br />
Estes dados também serão utilizados para gerar o certificado de participação no evento.</p>
<h2>Local</h2>
<p>Auditório Governador Carlos Alberto de Carvalho Pinto<br />
FAPESP<br />
Rua Pio XI, 1500<br />
Alto da Lapa<br />
05468-140 São Paulo-SP</p>
<h2>Hotéis e estacionamentos</h2>
<p>Sugestões de hotéis e estacionamentos próximos ao local do evento podem ser encontradas <a href="http://www.fapesp.br/5661" target="_blank">aqui</a>.</p>
<h2>Apoio</h2>
<p><a href="https://clarivate.com/"><img decoding="async" src="http://eventos.scielo.org/viireuniaoscielo/files/2017/11/crv_logo_rgb.png" alt="Clarivate Analytics" height="42" /></a>&nbsp;&nbsp;&nbsp;<a href="http://gn1.com.br/"><img decoding="async" src="http://eventos.scielo.org/viireuniaoscielo/files/2017/11/Logo-GN1.png" alt="GN1" height="40" /></a></p>

<p>O programa da VII Reunião Anual do SciELO de 2017 analisará e debaterá os avanços no impacto dos periódicos do SciELO Brasil e na adoção das inovações que vêm ocorrendo na comunicação das pesquisas. A reunião está dirigida a editores &hellip; <a href="https://eventos.scielo.org/viireuniaoscielo/">Continue reading <span class="meta-nav">&rarr;</span></a></p>
