{"id":9,"date":"2015-10-20T10:00:37","date_gmt":"2015-10-20T10:00:37","guid":{"rendered":"http:\/\/eventos.scielo.org\/vreuniaoscielo\/?page_id=9"},"modified":"2015-12-15T11:41:34","modified_gmt":"2015-12-15T11:41:34","slug":"programa","status":"publish","type":"page","link":"https:\/\/eventos.scielo.org\/vreuniaoscielo\/programa\/","title":{"rendered":"Programa"},"content":{"rendered":"<div style=\"border-bottom: 1px dashed #800000;\"><span style=\"color: #800000;\">09:00 \u2013 10:30<\/span><\/div>\n<p style=\"padding-left: 30px; padding-top: 3%; font-size: 18px; color: #4d4f50;\"><strong>SciELO Brasil \u2013 Presente e futuro<\/strong><\/p>\n<p style=\"padding-left: 60px;\"><strong><span style=\"color: #222222;\">Estado de avan\u00e7o das linhas de a\u00e7\u00e3o de Profissionaliza\u00e7\u00e3o, Internacionaliza\u00e7\u00e3o e Sustentabilidade Financeira <a href=\"http:\/\/pt.slideshare.net\/scielo\/estado-de-avano-das-linhas-de-ao-de-profissionalizao-internacionalizao-e-sustentabilidade-financeira-abel-l-packer\" target=\"_blank\"><img loading=\"lazy\" decoding=\"async\" style=\"text-alignment: bottom;\" src=\"http:\/\/eventos.scielo.org\/ivreuniaoscielo\/files\/2014\/12\/download.png\" alt=\"download\" width=\"15\" height=\"16\" \/><\/a><\/span><\/strong><\/p>\n<p style=\"padding-left: 90px;\">Abel L Packer,\u00a0<span style=\"color: #222222;\">Coordenador do Programa SciELO \/ FAPESP<\/span>\u00a0[<a href=\"http:\/\/buscatextual.cnpq.br\/buscatextual\/cv?id=6603329734556632\" target=\"_blank\">Lattes<\/a>, <a href=\"http:\/\/scholar.google.com\/citations?user=l1BPPUUAAAAJ&amp;hl=en\" target=\"_blank\">Google profile<\/a>]<\/p>\n<p style=\"padding-left: 60px;\"><b>A evolu\u00e7\u00e3o do impacto dos peri\u00f3dicos SciELO na produ\u00e7\u00e3o cient\u00edfica nacional. Os criterios\u00a0<\/b><b>Qualis<\/b><b>\u00a0reconhecem este impacto? O que o Fator de impacto n\u00e3o revela sobre a contribui\u00e7\u00e3o dos peri\u00f3dicos do Brasil? <a href=\"http:\/\/pt.slideshare.net\/scielo\/a-evoluo-do-impacto-dos-peridicos-scielo-na-produo-cientfica-nacional-os-criterios-qualis-reconhecem-este-impacto-o-que-o-fator-de-impacto-no-revela-sobre-a-contribuio-dos-peridicos-do-brasil-rogerio-mugnaini\" target=\"_blank\"><img loading=\"lazy\" decoding=\"async\" style=\"text-alignment: bottom;\" src=\"http:\/\/eventos.scielo.org\/ivreuniaoscielo\/files\/2014\/12\/download.png\" alt=\"download\" width=\"15\" height=\"16\" \/><\/a><\/b><\/p>\n<p style=\"padding-left: 90px;\">Rog\u00e9rio Mugnaini, <span style=\"color: #222222;\">Professor ECA\/USP<\/span>\u00a0[<a href=\"http:\/\/lattes.cnpq.br\/6156509933307243\" target=\"_blank\">Lattes<\/a>, <a href=\"http:\/\/scholar.google.com\/citations?user=yg0B5VUAAAAJ&amp;hl=en\" target=\"_blank\">Google profile<\/a>]<\/p>\n<p style=\"padding-left: 60px;\"><strong><span style=\"color: #222222;\">As fun\u00e7\u00f5es das m\u00eddias sociais na comunica\u00e7\u00e3o cient\u00edfica. Como os peri\u00f3dicos podem explorar os sistemas de redes sociais para ampliar a dissemina\u00e7\u00e3o das pesquisas que publicam <a href=\"http:\/\/pt.slideshare.net\/scielo\/as-funes-das-mdias-sociais-na-comunicao-cientfica-como-os-peridicos-podem-explorar-os-sistemas-de-redes-sociais-para-ampliar-a-disseminao-das-pesquisas-que-publicam-atila-iamarino\" target=\"_blank\"><img loading=\"lazy\" decoding=\"async\" style=\"text-alignment: bottom;\" src=\"http:\/\/eventos.scielo.org\/ivreuniaoscielo\/files\/2014\/12\/download.png\" alt=\"download\" width=\"15\" height=\"16\" \/><\/a><\/span><\/strong><\/p>\n<p style=\"padding-left: 90px;\">Atila Iamarino, <span style=\"color: #222222;\">Bi\u00f3logo, P\u00f3s-doutorando pela Universidade de S\u00e3o Paulo<\/span>\u00a0[<a href=\"http:\/\/lattes.cnpq.br\/4978322672579487\" target=\"_blank\">Lattes<\/a>, <a href=\"https:\/\/scholar.google.com\/citations?user=C__3jFEAAAAJ&amp;hl=en\" target=\"_blank\">Google profile<\/a>]<\/p>\n<p style=\"padding-left: 120px;\"><strong><span style=\"color: #222222;\">Comentador:<\/span><\/strong><\/p>\n<p style=\"padding-left: 120px;\">Andr\u00e9 Felipe C\u00e2ndido da Silva, <span style=\"color: #222222;\">Hist\u00f3ria, Sa\u00fade, Ci\u00eancia \u2013 Manguinhos<\/span>\u00a0[<a href=\"http:\/\/lattes.cnpq.br\/8869377938798660\" target=\"_blank\">Lattes<\/a>]<\/p>\n<p style=\"padding-left: 60px;\"><strong>Leitura da Carta Aberta da Associa\u00e7\u00e3o Brasileira de P\u00f3s-Gradua\u00e7\u00f5es e Pesquisa em Ci\u00eancias Sociais (ANPOCS) ao SciELO sobre os crit\u00e9rios de admiss\u00e3o e perman\u00eancia de peri\u00f3dicos cient\u00edficos na Cole\u00e7\u00e3o SciELO [<a href=\"http:\/\/eventos.scielo.org\/vreuniaoscielo\/files\/2015\/12\/Carta-Aberta-da-ANPOCS-ao-SciELO-Dezembro-2015.pdf\" target=\"_blank\">Carta<\/a>]<\/strong><\/p>\n<p style=\"padding-left: 90px;\">Adrian G. Lavalle, <em>Revista Brasileira de Ci\u00eancias Sociais<\/em> [<a href=\"http:\/\/buscatextual.cnpq.br\/buscatextual\/visualizacv.do?id=K4768536T9\" target=\"_blank\">Lattes<\/a>, <a href=\"http:\/\/scholar.google.com\/citations?user=7Kvw5toAAAAJ&amp;hl=en\" target=\"_blank\">Google profile<\/a>]<\/p>\n<div style=\"border-bottom: 1px dashed #800000;\"><span style=\"color: #800000;\">10:30 \u2013 11:00<\/span><\/div>\n<p style=\"padding-left: 30px; padding-top: 3%; font-size: 18px; color: #4d4f50;\"><strong>Intervalo<\/strong><\/p>\n<div style=\"border-bottom: 1px dashed #800000;\"><span style=\"color: #800000;\">11:00 \u2013 11:30<\/span><\/div>\n<p style=\"padding-left: 30px; padding-top: 3%; font-size: 18px; color: #4d4f50;\"><strong>As armadilhas que restringem o impacto dos peri\u00f3dicos do Brasil<\/strong><\/p>\n<p style=\"padding-left: 60px;\"><strong><span style=\"color: #222222;\">Porque o impacto dos peri\u00f3dicos do Brasil n\u00e3o cresce? O Brasil precisa de peri\u00f3dicos de alto impacto? O que fazer para ter peri\u00f3dicos com impacto acima da mediana ou no primeiro quartil das \u00e1reas tem\u00e1ticas? <a href=\"http:\/\/pt.slideshare.net\/scielo\/as-armadilhas-que-restringem-o-impacto-dos-peridicos-do-brasil-flix-de-moya\" target=\"_blank\"><img loading=\"lazy\" decoding=\"async\" style=\"text-alignment: bottom;\" src=\"http:\/\/eventos.scielo.org\/ivreuniaoscielo\/files\/2014\/12\/download.png\" alt=\"download\" width=\"15\" height=\"16\" \/><\/a><\/span><\/strong><\/p>\n<p style=\"padding-left: 90px;\">F\u00e9lix de Moya Aneg\u00f3n, <span style=\"color: #222222;\">Diretor do Grupo SCImago, Instituto de Pol\u00edticas y Bienes P\u00fablicos \/ Consejo Superior de Investigaciones Cient\u00edficas da Espanha<\/span>\u00a0[<a href=\"http:\/\/www.ipp.csic.es\/personal\/felix.demoya\" target=\"_blank\">IPP<\/a>, <a href=\"http:\/\/orcid.org\/0000-0002-0255-8628\" target=\"_blank\">ORCID<\/a>, <a href=\"http:\/\/scholar.google.com\/citations?user=IvruGDUAAAAJ&amp;hl=en\">Google profile<\/a>]<\/p>\n<div style=\"border-bottom: 1px dashed #800000;\"><span style=\"color: #800000;\">11:30 \u2013 12:30<\/span><\/div>\n<p style=\"padding-left: 30px; padding-top: 3%; font-size: 18px; color: #4d4f50;\"><strong>As armadilhas que restringem o impacto dos peri\u00f3dicos do Brasil &#8211; Debate<\/strong><\/p>\n<ul style=\"padding-left: 30px;\">\n<li>Adrian G. Lavalle, <em>Revista Brasileira de Ci\u00eancias Sociais<\/em> [<a href=\"http:\/\/buscatextual.cnpq.br\/buscatextual\/visualizacv.do?id=K4768536T9\" target=\"_blank\">Lattes<\/a>, <a href=\"http:\/\/scholar.google.com\/citations?user=7Kvw5toAAAAJ&amp;hl=en\" target=\"_blank\">Google profile<\/a>]<\/li>\n<li>Carla Pavanelli, Editora-Chefe do <em>Neotropical Ichthyology<\/em> [<a href=\"http:\/\/buscatextual.cnpq.br\/buscatextual\/visualizacv.do?id=K4798076H6\" target=\"_blank\">Lattes<\/a>, <a href=\"http:\/\/scholar.google.com\/citations?user=Wy6KhVIAAAAJ&amp;hl=en\" target=\"_blank\">Google profile<\/a>]<\/li>\n<li>Marc\u00edlio Alves, Editor-Chefe do <em>Latin American Journal of Solids Structures<\/em> [<a href=\"http:\/\/buscatextual.cnpq.br\/buscatextual\/visualizacv.do?id=K4793587J6\" target=\"_blank\">Lattes<\/a>, <a href=\"http:\/\/scholar.google.com\/citations?user=NQmH1LoAAAAJ&amp;hl=en\" target=\"_blank\">Google profile<\/a>]<\/li>\n<li>Rog\u00e9rio Meneghini, Coordenador Cient\u00edfico do Programa SciELO [<a href=\"http:\/\/lattes.cnpq.br\/4760273612238540\" target=\"_blank\">Lattes<\/a>, <a href=\"http:\/\/scholar.google.com\/citations?user=q8vky2oAAAAJ&amp;hl=en\" target=\"_blank\">Google profile<\/a>]<\/li>\n<li>Solange Cadore, Editora Associada do\u00a0<em>Journal of the Brazilian Chemical Society<\/em>\u00a0[<a href=\"http:\/\/buscatextual.cnpq.br\/buscatextual\/visualizacv.do?id=K4789125P7\" target=\"_blank\">Lattes<\/a>]<\/li>\n<\/ul>\n<div style=\"border-bottom: 1px dashed #800000;\"><span style=\"color: #800000;\">12:30<\/span><\/div>\n<p style=\"padding-left: 30px; padding-top: 3%; font-size: 18px; color: #4d4f50;\"><strong>Encerramento<\/strong><\/p>\n","protected":false},"excerpt":{"rendered":"<p>09:00 \u2013 10:30 SciELO Brasil \u2013 Presente e futuro Estado de avan\u00e7o das linhas de a\u00e7\u00e3o de Profissionaliza\u00e7\u00e3o, Internacionaliza\u00e7\u00e3o e Sustentabilidade Financeira Abel L Packer,\u00a0Coordenador do Programa SciELO \/ FAPESP\u00a0[Lattes, Google profile] A evolu\u00e7\u00e3o do impacto dos peri\u00f3dicos SciELO na &hellip; <a href=\"https:\/\/eventos.scielo.org\/vreuniaoscielo\/programa\/\">Continue reading <span class=\"meta-nav\">&rarr;<\/span><\/a><\/p>\n","protected":false},"author":3,"featured_media":0,"parent":0,"menu_order":0,"comment_status":"closed","ping_status":"closed","template":"","meta":{"footnotes":""},"class_list":["post-9","page","type-page","status-publish","hentry"],"aioseo_notices":[],"_links":{"self":[{"href":"https:\/\/eventos.scielo.org\/vreuniaoscielo\/wp-json\/wp\/v2\/pages\/9","targetHints":{"allow":["GET"]}}],"collection":[{"href":"https:\/\/eventos.scielo.org\/vreuniaoscielo\/wp-json\/wp\/v2\/pages"}],"about":[{"href":"https:\/\/eventos.scielo.org\/vreuniaoscielo\/wp-json\/wp\/v2\/types\/page"}],"author":[{"embeddable":true,"href":"https:\/\/eventos.scielo.org\/vreuniaoscielo\/wp-json\/wp\/v2\/users\/3"}],"replies":[{"embeddable":true,"href":"https:\/\/eventos.scielo.org\/vreuniaoscielo\/wp-json\/wp\/v2\/comments?post=9"}],"version-history":[{"count":25,"href":"https:\/\/eventos.scielo.org\/vreuniaoscielo\/wp-json\/wp\/v2\/pages\/9\/revisions"}],"predecessor-version":[{"id":60,"href":"https:\/\/eventos.scielo.org\/vreuniaoscielo\/wp-json\/wp\/v2\/pages\/9\/revisions\/60"}],"wp:attachment":[{"href":"https:\/\/eventos.scielo.org\/vreuniaoscielo\/wp-json\/wp\/v2\/media?parent=9"}],"curies":[{"name":"wp","href":"https:\/\/api.w.org\/{rel}","templated":true}]}}