{"id":16,"date":"2013-01-08T13:36:17","date_gmt":"2013-01-08T13:36:17","guid":{"rendered":"http:\/\/eventos.scielo.org\/xcgscielolivros\/?page_id=16"},"modified":"2013-01-08T13:43:54","modified_gmt":"2013-01-08T13:43:54","slug":"participantes","status":"publish","type":"page","link":"https:\/\/eventos.scielo.org\/xcgscielolivros\/participantes\/","title":{"rendered":"Participantes"},"content":{"rendered":"<p><strong>Abel L. Packer<\/strong><\/p>\n<p>Comit\u00ea Gestor do Projeto SciELO Livros, Coordena\u00e7\u00e3o, Assessor de Informa\u00e7\u00e3o e Comunica\u00e7\u00e3o em Ci\u00eancia, Funda\u00e7\u00e3o de Apoio \u00e0 UNIFESP &#8211; FAP\/UNIFESP<\/p>\n<p><strong>Adriana Luccisano<\/strong><\/p>\n<p>Secretaria T\u00e9cnica do Projeto SciELO Livros, Colegiado Projeto SciELO, Coordena\u00e7\u00e3o do Projeto SciELO Livros, Funda\u00e7\u00e3o de Apoio \u00e0 UNIFESP &#8211; FAP\/UNIFESP<\/p>\n<p><strong>Amanda Ramalho<\/strong><\/p>\n<p>Bibliotec\u00e1ria do Projeto SciELO Livros, Funda\u00e7\u00e3o de Apoio \u00e0 UNIFESP &#8211; FAP\/UNIFESP<\/p>\n<p><strong>Fl\u00e1via Goulart Rosa<\/strong><\/p>\n<p>Comit\u00ea Gestor do Projeto SciELO Livros, Diretora, Editora da Universidade Federal da Bahia \u2013 UFBA<\/p>\n<p><strong>J\u00e9zio Hernani Bomfim Gutierre<\/strong><\/p>\n<p>Comit\u00ea Gestor do Projeto SciELO Livros, Editor Executivo, Editora da Universidade Estadual Paulista J\u00falio Mesquita Filho \u2013 UNESP<\/p>\n<p><strong>Jo\u00e3o Canossa Mendes<\/strong><\/p>\n<p>Comit\u00ea Gestor do Projeto SciELO Livros, Editor Executivo, Editora da Funda\u00e7\u00e3o Oswaldo Cruz &#8211; FIOCRUZ<\/p>\n","protected":false},"excerpt":{"rendered":"<p>Abel L. Packer Comit\u00ea Gestor do Projeto SciELO Livros, Coordena\u00e7\u00e3o, Assessor de Informa\u00e7\u00e3o e Comunica\u00e7\u00e3o em Ci\u00eancia, Funda\u00e7\u00e3o de Apoio \u00e0 UNIFESP &#8211; FAP\/UNIFESP Adriana Luccisano Secretaria T\u00e9cnica do Projeto SciELO Livros, Colegiado Projeto SciELO, Coordena\u00e7\u00e3o do Projeto SciELO Livros, &hellip; <a href=\"https:\/\/eventos.scielo.org\/xcgscielolivros\/participantes\/\">Continue reading <span class=\"meta-nav\">&rarr;<\/span><\/a><\/p>\n","protected":false},"author":3,"featured_media":0,"parent":0,"menu_order":0,"comment_status":"closed","ping_status":"closed","template":"","meta":{"footnotes":""},"class_list":["post-16","page","type-page","status-publish","hentry"],"aioseo_notices":[],"_links":{"self":[{"href":"https:\/\/eventos.scielo.org\/xcgscielolivros\/wp-json\/wp\/v2\/pages\/16","targetHints":{"allow":["GET"]}}],"collection":[{"href":"https:\/\/eventos.scielo.org\/xcgscielolivros\/wp-json\/wp\/v2\/pages"}],"about":[{"href":"https:\/\/eventos.scielo.org\/xcgscielolivros\/wp-json\/wp\/v2\/types\/page"}],"author":[{"embeddable":true,"href":"https:\/\/eventos.scielo.org\/xcgscielolivros\/wp-json\/wp\/v2\/users\/3"}],"replies":[{"embeddable":true,"href":"https:\/\/eventos.scielo.org\/xcgscielolivros\/wp-json\/wp\/v2\/comments?post=16"}],"version-history":[{"count":4,"href":"https:\/\/eventos.scielo.org\/xcgscielolivros\/wp-json\/wp\/v2\/pages\/16\/revisions"}],"predecessor-version":[{"id":23,"href":"https:\/\/eventos.scielo.org\/xcgscielolivros\/wp-json\/wp\/v2\/pages\/16\/revisions\/23"}],"wp:attachment":[{"href":"https:\/\/eventos.scielo.org\/xcgscielolivros\/wp-json\/wp\/v2\/media?parent=16"}],"curies":[{"name":"wp","href":"https:\/\/api.w.org\/{rel}","templated":true}]}}

<p><strong>Abel L. Packer</strong></p>
<p>Comitê Gestor do Projeto SciELO Livros, Coordenação, Assessor de Informação e Comunicação em Ciência, Fundação de Apoio à UNIFESP &#8211; FAP/UNIFESP</p>
<p><strong>Adriana Luccisano</strong></p>
<p>Secretaria Técnica do Projeto SciELO Livros, Colegiado Projeto SciELO, Coordenação do Projeto SciELO Livros, Fundação de Apoio à UNIFESP &#8211; FAP/UNIFESP</p>
<p><strong>Amanda Ramalho</strong></p>
<p>Bibliotecária do Projeto SciELO Livros, Fundação de Apoio à UNIFESP &#8211; FAP/UNIFESP</p>
<p><strong>Flávia Goulart Rosa</strong></p>
<p>Comitê Gestor do Projeto SciELO Livros, Diretora, Editora da Universidade Federal da Bahia – UFBA</p>
<p><strong>Jézio Hernani Bomfim Gutierre</strong></p>
<p>Comitê Gestor do Projeto SciELO Livros, Editor Executivo, Editora da Universidade Estadual Paulista Júlio Mesquita Filho – UNESP</p>
<p><strong>João Canossa Mendes</strong></p>
<p>Comitê Gestor do Projeto SciELO Livros, Editor Executivo, Editora da Fundação Oswaldo Cruz &#8211; FIOCRUZ</p>

<p>Abel L. Packer Comitê Gestor do Projeto SciELO Livros, Coordenação, Assessor de Informação e Comunicação em Ciência, Fundação de Apoio à UNIFESP &#8211; FAP/UNIFESP Adriana Luccisano Secretaria Técnica do Projeto SciELO Livros, Colegiado Projeto SciELO, Coordenação do Projeto SciELO Livros, &hellip; <a href="https://eventos.scielo.org/xcgscielolivros/participantes/">Continue reading <span class="meta-nav">&rarr;</span></a></p>
