{"id":11,"date":"2014-02-17T17:31:23","date_gmt":"2014-02-17T17:31:23","guid":{"rendered":"http:\/\/eventos.scielo.org\/xicgscielolivros\/?page_id=11"},"modified":"2014-02-17T18:53:37","modified_gmt":"2014-02-17T18:53:37","slug":"programacao","status":"publish","type":"page","link":"https:\/\/eventos.scielo.org\/xicgscielolivros\/","title":{"rendered":"Programa\u00e7\u00e3o"},"content":{"rendered":"<p><strong>Termos de refer\u00eancia:\u00a0<\/strong>Esta reuni\u00e3o tem como objetivo a apresenta\u00e7\u00e3o dos resultados alcan\u00e7ados em 2013 e discuss\u00e3o de assuntos relacionados ao desenvolvimento do projeto.<\/p>\n<p><strong>10:00 &#8211; 11:00<\/strong> &#8211; Resultados alcan\u00e7ados 2013 &#8211; Situa\u00e7\u00e3o atual<\/p>\n<p><strong>11:00 &#8211; 12:30<\/strong> &#8211; Plano de A\u00e7\u00e3o para 2014<\/p>\n<p><strong>12:30 &#8211; 13:30<\/strong> &#8211; Almo\u00e7o<\/p>\n<p><strong>13:30 &#8211; 14:30<\/strong> &#8211;\u00a0Projetos Inovadores<\/p>\n<p><strong>14:00 &#8211; 15:00<\/strong> &#8211;\u00a0Conclus\u00f5es e recomenda\u00e7\u00f5es<\/p>\n","protected":false},"excerpt":{"rendered":"<p>Termos de refer\u00eancia:\u00a0Esta reuni\u00e3o tem como objetivo a apresenta\u00e7\u00e3o dos resultados alcan\u00e7ados em 2013 e discuss\u00e3o de assuntos relacionados ao desenvolvimento do projeto. 10:00 &#8211; 11:00 &#8211; Resultados alcan\u00e7ados 2013 &#8211; Situa\u00e7\u00e3o atual 11:00 &#8211; 12:30 &#8211; Plano de A\u00e7\u00e3o &hellip; <a href=\"https:\/\/eventos.scielo.org\/xicgscielolivros\/\">Continue reading <span class=\"meta-nav\">&rarr;<\/span><\/a><\/p>\n","protected":false},"author":16,"featured_media":0,"parent":0,"menu_order":0,"comment_status":"closed","ping_status":"closed","template":"","meta":{"footnotes":""},"class_list":["post-11","page","type-page","status-publish","hentry"],"aioseo_notices":[],"_links":{"self":[{"href":"https:\/\/eventos.scielo.org\/xicgscielolivros\/wp-json\/wp\/v2\/pages\/11","targetHints":{"allow":["GET"]}}],"collection":[{"href":"https:\/\/eventos.scielo.org\/xicgscielolivros\/wp-json\/wp\/v2\/pages"}],"about":[{"href":"https:\/\/eventos.scielo.org\/xicgscielolivros\/wp-json\/wp\/v2\/types\/page"}],"author":[{"embeddable":true,"href":"https:\/\/eventos.scielo.org\/xicgscielolivros\/wp-json\/wp\/v2\/users\/16"}],"replies":[{"embeddable":true,"href":"https:\/\/eventos.scielo.org\/xicgscielolivros\/wp-json\/wp\/v2\/comments?post=11"}],"version-history":[{"count":4,"href":"https:\/\/eventos.scielo.org\/xicgscielolivros\/wp-json\/wp\/v2\/pages\/11\/revisions"}],"predecessor-version":[{"id":22,"href":"https:\/\/eventos.scielo.org\/xicgscielolivros\/wp-json\/wp\/v2\/pages\/11\/revisions\/22"}],"wp:attachment":[{"href":"https:\/\/eventos.scielo.org\/xicgscielolivros\/wp-json\/wp\/v2\/media?parent=11"}],"curies":[{"name":"wp","href":"https:\/\/api.w.org\/{rel}","templated":true}]}}