{"id":6,"date":"2015-01-05T18:24:24","date_gmt":"2015-01-05T18:24:24","guid":{"rendered":"http:\/\/eventos.scielo.org\/xiicgscielolivros\/?page_id=6"},"modified":"2015-01-16T17:11:34","modified_gmt":"2015-01-16T17:11:34","slug":"programacao","status":"publish","type":"page","link":"https:\/\/eventos.scielo.org\/xiicgscielolivros\/","title":{"rendered":"Programa\u00e7\u00e3o"},"content":{"rendered":"<p><strong>Termos de refer\u00eancia:\u00a0<\/strong>Esta reuni\u00e3o tem como objetivo a apresenta\u00e7\u00e3o dos resultados alcan\u00e7ados em 2014 e discuss\u00e3o de assuntos relacionados ao desenvolvimento do projeto.<\/p>\n<p><strong>10:00 &#8211; 10:15<\/strong>\u00a0&#8211;\u00a0Abertura<\/p>\n<p><strong>10:15 &#8211; 11:30<\/strong>\u00a0&#8211;\u00a0Resultados alcan\u00e7ados 2014 &#8211; Situa\u00e7\u00e3o atual<\/p>\n<p><strong>11:30 &#8211; 12:30<\/strong> &#8211;\u00a0Renova\u00e7\u00e3o das contribui\u00e7\u00f5es das editoras FIOCRUZ, UNESP e EDUFBA<\/p>\n<p><strong>12:30 &#8211; 13:30<\/strong>\u00a0&#8211; Almo\u00e7o<\/p>\n<p><strong>13:30 &#8211; 14:45<\/strong>\u00a0&#8211;\u00a0Plano de A\u00e7\u00e3o para 2015 e projetos de inova\u00e7\u00e3o<\/p>\n<p><strong>14:45 &#8211; 15:00<\/strong> &#8211;\u00a0Conclus\u00f5es e recomenda\u00e7\u00f5es<\/p>\n","protected":false},"excerpt":{"rendered":"<p>Termos de refer\u00eancia:\u00a0Esta reuni\u00e3o tem como objetivo a apresenta\u00e7\u00e3o dos resultados alcan\u00e7ados em 2014 e discuss\u00e3o de assuntos relacionados ao desenvolvimento do projeto. 10:00 &#8211; 10:15\u00a0&#8211;\u00a0Abertura 10:15 &#8211; 11:30\u00a0&#8211;\u00a0Resultados alcan\u00e7ados 2014 &#8211; Situa\u00e7\u00e3o atual 11:30 &#8211; 12:30 &#8211;\u00a0Renova\u00e7\u00e3o das contribui\u00e7\u00f5es &hellip; <a href=\"https:\/\/eventos.scielo.org\/xiicgscielolivros\/\">Continue reading <span class=\"meta-nav\">&rarr;<\/span><\/a><\/p>\n","protected":false},"author":16,"featured_media":0,"parent":0,"menu_order":0,"comment_status":"closed","ping_status":"closed","template":"","meta":{"footnotes":""},"class_list":["post-6","page","type-page","status-publish","hentry"],"aioseo_notices":[],"_links":{"self":[{"href":"https:\/\/eventos.scielo.org\/xiicgscielolivros\/wp-json\/wp\/v2\/pages\/6","targetHints":{"allow":["GET"]}}],"collection":[{"href":"https:\/\/eventos.scielo.org\/xiicgscielolivros\/wp-json\/wp\/v2\/pages"}],"about":[{"href":"https:\/\/eventos.scielo.org\/xiicgscielolivros\/wp-json\/wp\/v2\/types\/page"}],"author":[{"embeddable":true,"href":"https:\/\/eventos.scielo.org\/xiicgscielolivros\/wp-json\/wp\/v2\/users\/16"}],"replies":[{"embeddable":true,"href":"https:\/\/eventos.scielo.org\/xiicgscielolivros\/wp-json\/wp\/v2\/comments?post=6"}],"version-history":[{"count":6,"href":"https:\/\/eventos.scielo.org\/xiicgscielolivros\/wp-json\/wp\/v2\/pages\/6\/revisions"}],"predecessor-version":[{"id":25,"href":"https:\/\/eventos.scielo.org\/xiicgscielolivros\/wp-json\/wp\/v2\/pages\/6\/revisions\/25"}],"wp:attachment":[{"href":"https:\/\/eventos.scielo.org\/xiicgscielolivros\/wp-json\/wp\/v2\/media?parent=6"}],"curies":[{"name":"wp","href":"https:\/\/api.w.org\/{rel}","templated":true}]}}