{"id":8,"date":"2015-01-05T18:24:34","date_gmt":"2015-01-05T18:24:34","guid":{"rendered":"http:\/\/eventos.scielo.org\/xiicgscielolivros\/?page_id=8"},"modified":"2015-01-08T18:50:18","modified_gmt":"2015-01-08T18:50:18","slug":"participantes","status":"publish","type":"page","link":"https:\/\/eventos.scielo.org\/xiicgscielolivros\/participantes\/","title":{"rendered":"Participantes"},"content":{"rendered":"<p><strong>Comit\u00ea Gestor<\/strong><\/p>\n<p style=\"padding-left: 30px;\"><strong>Abel L. Packer<\/strong><\/p>\n<p style=\"padding-left: 30px;\">Comit\u00ea Gestor do Projeto SciELO Livros, Coordena\u00e7\u00e3o, Assessor de Informa\u00e7\u00e3o e Comunica\u00e7\u00e3o em Ci\u00eancia, Funda\u00e7\u00e3o de Apoio \u00e0 UNIFESP &#8211; FAP\/UNIFESP<\/p>\n<p style=\"padding-left: 30px;\"><strong>Fl\u00e1via Goulart Rosa<\/strong><\/p>\n<p style=\"padding-left: 30px;\">Comit\u00ea Gestor do Projeto SciELO Livros, Diretora, Editora da Universidade Federal da Bahia \u2013 UFBA<\/p>\n<p style=\"padding-left: 30px;\"><strong>J\u00e9zio Hernani Bomfim Gutierre<\/strong><\/p>\n<p style=\"padding-left: 30px;\">Comit\u00ea Gestor do Projeto SciELO Livros, Editor Executivo, Editora da Universidade Estadual Paulista J\u00falio Mesquita Filho \u2013 UNESP<\/p>\n<p style=\"padding-left: 30px;\"><strong>Jo\u00e3o Canossa Mendes<\/strong><\/p>\n<p style=\"padding-left: 30px;\">Comit\u00ea Gestor do Projeto SciELO Livros, Editor Executivo, Editora da Funda\u00e7\u00e3o Oswaldo Cruz &#8211; FIOCRUZ<\/p>\n<p><strong>Programa SciELO<\/strong><\/p>\n<p style=\"padding-left: 30px;\"><strong>Amanda Ramalho<\/strong><\/p>\n<p style=\"padding-left: 30px;\">Coordenadora operacional\u00a0do Projeto SciELO Livros, Funda\u00e7\u00e3o de Apoio \u00e0 UNIFESP &#8211; FapUNIFESP<\/p>\n","protected":false},"excerpt":{"rendered":"<p>Comit\u00ea Gestor Abel L. Packer Comit\u00ea Gestor do Projeto SciELO Livros, Coordena\u00e7\u00e3o, Assessor de Informa\u00e7\u00e3o e Comunica\u00e7\u00e3o em Ci\u00eancia, Funda\u00e7\u00e3o de Apoio \u00e0 UNIFESP &#8211; FAP\/UNIFESP Fl\u00e1via Goulart Rosa Comit\u00ea Gestor do Projeto SciELO Livros, Diretora, Editora da Universidade Federal &hellip; <a href=\"https:\/\/eventos.scielo.org\/xiicgscielolivros\/participantes\/\">Continue reading <span class=\"meta-nav\">&rarr;<\/span><\/a><\/p>\n","protected":false},"author":16,"featured_media":0,"parent":0,"menu_order":0,"comment_status":"closed","ping_status":"closed","template":"","meta":{"footnotes":""},"class_list":["post-8","page","type-page","status-publish","hentry"],"aioseo_notices":[],"_links":{"self":[{"href":"https:\/\/eventos.scielo.org\/xiicgscielolivros\/wp-json\/wp\/v2\/pages\/8","targetHints":{"allow":["GET"]}}],"collection":[{"href":"https:\/\/eventos.scielo.org\/xiicgscielolivros\/wp-json\/wp\/v2\/pages"}],"about":[{"href":"https:\/\/eventos.scielo.org\/xiicgscielolivros\/wp-json\/wp\/v2\/types\/page"}],"author":[{"embeddable":true,"href":"https:\/\/eventos.scielo.org\/xiicgscielolivros\/wp-json\/wp\/v2\/users\/16"}],"replies":[{"embeddable":true,"href":"https:\/\/eventos.scielo.org\/xiicgscielolivros\/wp-json\/wp\/v2\/comments?post=8"}],"version-history":[{"count":3,"href":"https:\/\/eventos.scielo.org\/xiicgscielolivros\/wp-json\/wp\/v2\/pages\/8\/revisions"}],"predecessor-version":[{"id":20,"href":"https:\/\/eventos.scielo.org\/xiicgscielolivros\/wp-json\/wp\/v2\/pages\/8\/revisions\/20"}],"wp:attachment":[{"href":"https:\/\/eventos.scielo.org\/xiicgscielolivros\/wp-json\/wp\/v2\/media?parent=8"}],"curies":[{"name":"wp","href":"https:\/\/api.w.org\/{rel}","templated":true}]}}

<p><strong>Comitê Gestor</strong></p>
<p style="padding-left: 30px;"><strong>Abel L. Packer</strong></p>
<p style="padding-left: 30px;">Comitê Gestor do Projeto SciELO Livros, Coordenação, Assessor de Informação e Comunicação em Ciência, Fundação de Apoio à UNIFESP &#8211; FAP/UNIFESP</p>
<p style="padding-left: 30px;"><strong>Flávia Goulart Rosa</strong></p>
<p style="padding-left: 30px;">Comitê Gestor do Projeto SciELO Livros, Diretora, Editora da Universidade Federal da Bahia – UFBA</p>
<p style="padding-left: 30px;"><strong>Jézio Hernani Bomfim Gutierre</strong></p>
<p style="padding-left: 30px;">Comitê Gestor do Projeto SciELO Livros, Editor Executivo, Editora da Universidade Estadual Paulista Júlio Mesquita Filho – UNESP</p>
<p style="padding-left: 30px;"><strong>João Canossa Mendes</strong></p>
<p style="padding-left: 30px;">Comitê Gestor do Projeto SciELO Livros, Editor Executivo, Editora da Fundação Oswaldo Cruz &#8211; FIOCRUZ</p>
<p><strong>Programa SciELO</strong></p>
<p style="padding-left: 30px;"><strong>Amanda Ramalho</strong></p>
<p style="padding-left: 30px;">Coordenadora operacional do Projeto SciELO Livros, Fundação de Apoio à UNIFESP &#8211; FapUNIFESP</p>

<p>Comitê Gestor Abel L. Packer Comitê Gestor do Projeto SciELO Livros, Coordenação, Assessor de Informação e Comunicação em Ciência, Fundação de Apoio à UNIFESP &#8211; FAP/UNIFESP Flávia Goulart Rosa Comitê Gestor do Projeto SciELO Livros, Diretora, Editora da Universidade Federal &hellip; <a href="https://eventos.scielo.org/xiicgscielolivros/participantes/">Continue reading <span class="meta-nav">&rarr;</span></a></p>
