{"id":15,"date":"2018-11-01T18:27:14","date_gmt":"2018-11-01T18:27:14","guid":{"rendered":"http:\/\/eventos.scielo.org\/xxcgscielolivros\/?page_id=15"},"modified":"2018-11-01T19:10:20","modified_gmt":"2018-11-01T19:10:20","slug":"participantes","status":"publish","type":"page","link":"https:\/\/eventos.scielo.org\/xvicgscielolivros\/participantes\/","title":{"rendered":"Participantes"},"content":{"rendered":"<p><strong>Comit\u00ea Gestor<\/strong><\/p>\n<p style=\"padding-left: 30px;\"><strong>Abel L. Packer<\/strong><\/p>\n<p style=\"padding-left: 30px;\">Comit\u00ea Gestor do Projeto SciELO Livros, Coordena\u00e7\u00e3o, Assessor de Informa\u00e7\u00e3o e Comunica\u00e7\u00e3o em Ci\u00eancia, Funda\u00e7\u00e3o de Apoio \u00e0 UNIFESP &#8211; FAP\/UNIFESP<\/p>\n<p style=\"padding-left: 30px;\"><strong>Fl\u00e1via Goulart Mota Garcia Rosa<\/strong><\/p>\n<p style=\"padding-left: 30px;\">Comit\u00ea Gestor do Projeto SciELO Livros, Diretora, Editora da Universidade Federal da Bahia \u2013 UFBA<\/p>\n<p style=\"padding-left: 30px;\"><strong>J\u00e9zio Hernani Bomfim Gutierre<\/strong><\/p>\n<p style=\"padding-left: 30px;\">Comit\u00ea Gestor do Projeto SciELO Livros, Presidente, Editora da Universidade Estadual Paulista J\u00falio Mesquita Filho \u2013 UNESP<\/p>\n<p style=\"padding-left: 30px;\"><strong>Jo\u00e3o Canossa Mendes<\/strong><\/p>\n<p style=\"padding-left: 30px;\">Comit\u00ea Gestor do Projeto SciELO Livros, Editor Executivo, Editora da Funda\u00e7\u00e3o Oswaldo Cruz &#8211; FIOCRUZ<\/p>\n<p style=\"padding-left: 30px;\"><strong>Rita Virginia Alves Santos Argollo<\/strong><\/p>\n<p style=\"padding-left: 30px;\">Comit\u00ea Gestor do Projeto SciELO Livros, Diretora, Editus \u2013 Editora da UESC<\/p>\n<p style=\"padding-left: 30px;\"><strong>Juan Felipe C\u00f3rdoba-Restrepo<\/strong><\/p>\n<p style=\"padding-left: 30px;\">Comit\u00ea Gestor do Projeto SciELO Livros,\u00a0Diretor, Editorial Universidad del Rosario<\/p>\n<p><strong>Programa SciELO<\/strong><\/p>\n<p style=\"padding-left: 30px;\"><strong>Amanda Ramalho<\/strong><\/p>\n<p style=\"padding-left: 30px;\">Coordenadora operacional\u00a0do Projeto SciELO Livros, Funda\u00e7\u00e3o de Apoio \u00e0 UNIFESP &#8211; FapUNIFESP<\/p>\n","protected":false},"excerpt":{"rendered":"<p>Comit\u00ea Gestor Abel L. Packer Comit\u00ea Gestor do Projeto SciELO Livros, Coordena\u00e7\u00e3o, Assessor de Informa\u00e7\u00e3o e Comunica\u00e7\u00e3o em Ci\u00eancia, Funda\u00e7\u00e3o de Apoio \u00e0 UNIFESP &#8211; FAP\/UNIFESP Fl\u00e1via Goulart Mota Garcia Rosa Comit\u00ea Gestor do Projeto SciELO Livros, Diretora, Editora da &hellip; <a href=\"https:\/\/eventos.scielo.org\/xvicgscielolivros\/participantes\/\">Continue reading <span class=\"meta-nav\">&rarr;<\/span><\/a><\/p>\n","protected":false},"author":16,"featured_media":0,"parent":0,"menu_order":0,"comment_status":"closed","ping_status":"closed","template":"","meta":{"footnotes":""},"class_list":["post-15","page","type-page","status-publish","hentry"],"aioseo_notices":[],"_links":{"self":[{"href":"https:\/\/eventos.scielo.org\/xvicgscielolivros\/wp-json\/wp\/v2\/pages\/15","targetHints":{"allow":["GET"]}}],"collection":[{"href":"https:\/\/eventos.scielo.org\/xvicgscielolivros\/wp-json\/wp\/v2\/pages"}],"about":[{"href":"https:\/\/eventos.scielo.org\/xvicgscielolivros\/wp-json\/wp\/v2\/types\/page"}],"author":[{"embeddable":true,"href":"https:\/\/eventos.scielo.org\/xvicgscielolivros\/wp-json\/wp\/v2\/users\/16"}],"replies":[{"embeddable":true,"href":"https:\/\/eventos.scielo.org\/xvicgscielolivros\/wp-json\/wp\/v2\/comments?post=15"}],"version-history":[{"count":3,"href":"https:\/\/eventos.scielo.org\/xvicgscielolivros\/wp-json\/wp\/v2\/pages\/15\/revisions"}],"predecessor-version":[{"id":20,"href":"https:\/\/eventos.scielo.org\/xvicgscielolivros\/wp-json\/wp\/v2\/pages\/15\/revisions\/20"}],"wp:attachment":[{"href":"https:\/\/eventos.scielo.org\/xvicgscielolivros\/wp-json\/wp\/v2\/media?parent=15"}],"curies":[{"name":"wp","href":"https:\/\/api.w.org\/{rel}","templated":true}]}}

<p><strong>Comitê Gestor</strong></p>
<p style="padding-left: 30px;"><strong>Abel L. Packer</strong></p>
<p style="padding-left: 30px;">Comitê Gestor do Projeto SciELO Livros, Coordenação, Assessor de Informação e Comunicação em Ciência, Fundação de Apoio à UNIFESP &#8211; FAP/UNIFESP</p>
<p style="padding-left: 30px;"><strong>Flávia Goulart Mota Garcia Rosa</strong></p>
<p style="padding-left: 30px;">Comitê Gestor do Projeto SciELO Livros, Diretora, Editora da Universidade Federal da Bahia – UFBA</p>
<p style="padding-left: 30px;"><strong>Jézio Hernani Bomfim Gutierre</strong></p>
<p style="padding-left: 30px;">Comitê Gestor do Projeto SciELO Livros, Presidente, Editora da Universidade Estadual Paulista Júlio Mesquita Filho – UNESP</p>
<p style="padding-left: 30px;"><strong>João Canossa Mendes</strong></p>
<p style="padding-left: 30px;">Comitê Gestor do Projeto SciELO Livros, Editor Executivo, Editora da Fundação Oswaldo Cruz &#8211; FIOCRUZ</p>
<p style="padding-left: 30px;"><strong>Rita Virginia Alves Santos Argollo</strong></p>
<p style="padding-left: 30px;">Comitê Gestor do Projeto SciELO Livros, Diretora, Editus – Editora da UESC</p>
<p style="padding-left: 30px;"><strong>Juan Felipe Córdoba-Restrepo</strong></p>
<p style="padding-left: 30px;">Comitê Gestor do Projeto SciELO Livros, Diretor, Editorial Universidad del Rosario</p>
<p><strong>Programa SciELO</strong></p>
<p style="padding-left: 30px;"><strong>Amanda Ramalho</strong></p>
<p style="padding-left: 30px;">Coordenadora operacional do Projeto SciELO Livros, Fundação de Apoio à UNIFESP &#8211; FapUNIFESP</p>

<p>Comitê Gestor Abel L. Packer Comitê Gestor do Projeto SciELO Livros, Coordenação, Assessor de Informação e Comunicação em Ciência, Fundação de Apoio à UNIFESP &#8211; FAP/UNIFESP Flávia Goulart Mota Garcia Rosa Comitê Gestor do Projeto SciELO Livros, Diretora, Editora da &hellip; <a href="https://eventos.scielo.org/xvicgscielolivros/participantes/">Continue reading <span class="meta-nav">&rarr;</span></a></p>
